{"id":913,"date":"2013-03-31T19:24:36","date_gmt":"2013-03-31T17:24:36","guid":{"rendered":"http:\/\/www.vivonsbachy.fr\/?page_id=913"},"modified":"2013-11-10T20:26:52","modified_gmt":"2013-11-10T18:26:52","slug":"8-forum-des-associations","status":"publish","type":"page","link":"https:\/\/www.vivonsbachy.fr\/?page_id=913","title":{"rendered":"8 &#8211; Forum des associations"},"content":{"rendered":"<p>Le 15 septembre, Vivons Bachy \u00e9tait pr\u00e9sent avec le g\u00e9ant au forum des associations organis\u00e9 par la municipalit\u00e9, malheureusement tr\u00e8s peu de monde s\u2019est d\u00e9plac\u00e9.<\/p>\n<p align=\"center\"><a href=\"http:\/\/www.vivonsbachy.fr\/wp-content\/uploads\/2013\/11\/IMG_0973-Copier.jpg\" class=\"gallery_colorbox\"><img loading=\"lazy\" decoding=\"async\" title=\"IMG_0973 (Copier)\" style=\"border-top: 0px; border-right: 0px; background-image: none; border-bottom: 0px; padding-top: 0px; padding-left: 0px; border-left: 0px; display: inline; padding-right: 0px\" border=\"0\" alt=\"IMG_0973 (Copier)\" src=\"http:\/\/www.vivonsbachy.fr\/wp-content\/uploads\/2013\/11\/IMG_0973-Copier_thumb.jpg\"  width=\"277\" height=\"209\"><\/a><a href=\"http:\/\/www.vivonsbachy.fr\/wp-content\/uploads\/2013\/11\/IMG_0974-Copier.jpg\" class=\"gallery_colorbox\"><img loading=\"lazy\" decoding=\"async\" title=\"IMG_0974 (Copier)\" style=\"border-top: 0px; border-right: 0px; background-image: none; border-bottom: 0px; padding-top: 0px; padding-left: 0px; border-left: 0px; display: inline; padding-right: 0px\" border=\"0\" alt=\"IMG_0974 (Copier)\" src=\"http:\/\/www.vivonsbachy.fr\/wp-content\/uploads\/2013\/11\/IMG_0974-Copier_thumb.jpg\"  width=\"276\" height=\"208\"><\/a><a href=\"http:\/\/www.vivonsbachy.fr\/wp-content\/uploads\/2013\/11\/IMG_0975-Copier.jpg\" class=\"gallery_colorbox\"><img loading=\"lazy\" decoding=\"async\" title=\"IMG_0975 (Copier)\" style=\"border-top: 0px; border-right: 0px; background-image: none; border-bottom: 0px; padding-top: 0px; padding-left: 0px; margin: 0px; border-left: 0px; display: inline; padding-right: 0px\" border=\"0\" alt=\"IMG_0975 (Copier)\" src=\"http:\/\/www.vivonsbachy.fr\/wp-content\/uploads\/2013\/11\/IMG_0975-Copier_thumb.jpg\"  width=\"184\" height=\"244\"><\/a><a href=\"http:\/\/www.vivonsbachy.fr\/wp-content\/uploads\/2013\/11\/IMG_0976-Copier.jpg\" class=\"gallery_colorbox\"><img loading=\"lazy\" decoding=\"async\" title=\"IMG_0976 (Copier)\" style=\"border-top: 0px; border-right: 0px; background-image: none; border-bottom: 0px; padding-top: 0px; padding-left: 0px; margin: 0px; border-left: 0px; display: inline; padding-right: 0px\" border=\"0\" alt=\"IMG_0976 (Copier)\" src=\"http:\/\/www.vivonsbachy.fr\/wp-content\/uploads\/2013\/11\/IMG_0976-Copier_thumb.jpg\"  width=\"184\" height=\"244\"><\/a><a href=\"http:\/\/www.vivonsbachy.fr\/wp-content\/uploads\/2013\/11\/IMG_0988-Copier.jpg\" class=\"gallery_colorbox\"><img loading=\"lazy\" decoding=\"async\" title=\"IMG_0988 (Copier)\" style=\"border-top: 0px; border-right: 0px; background-image: none; border-bottom: 0px; padding-top: 0px; padding-left: 0px; margin: 0px; border-left: 0px; display: inline; padding-right: 0px\" border=\"0\" alt=\"IMG_0988 (Copier)\" src=\"http:\/\/www.vivonsbachy.fr\/wp-content\/uploads\/2013\/11\/IMG_0988-Copier_thumb.jpg\"  width=\"184\" height=\"244\"><\/a><a href=\"http:\/\/www.vivonsbachy.fr\/wp-content\/uploads\/2013\/11\/IMG_0991-Copier.jpg\" class=\"gallery_colorbox\"><img loading=\"lazy\" decoding=\"async\" title=\"IMG_0991 (Copier)\" style=\"border-top: 0px; border-right: 0px; background-image: none; border-bottom: 0px; padding-top: 0px; padding-left: 0px; border-left: 0px; display: inline; padding-right: 0px\" border=\"0\" alt=\"IMG_0991 (Copier)\" src=\"http:\/\/www.vivonsbachy.fr\/wp-content\/uploads\/2013\/11\/IMG_0991-Copier_thumb.jpg\"  width=\"261\" height=\"197\"><\/a><\/p>\n","protected":false},"excerpt":{"rendered":"<p>Le 15 septembre, Vivons Bachy \u00e9tait pr\u00e9sent avec le g\u00e9ant au forum des associations organis\u00e9 par la municipalit\u00e9, malheureusement tr\u00e8s peu de monde s\u2019est d\u00e9plac\u00e9.<\/p>\n","protected":false},"author":1,"featured_media":0,"parent":442,"menu_order":0,"comment_status":"open","ping_status":"open","template":"","meta":{"footnotes":""},"_links":{"self":[{"href":"https:\/\/www.vivonsbachy.fr\/index.php?rest_route=\/wp\/v2\/pages\/913"}],"collection":[{"href":"https:\/\/www.vivonsbachy.fr\/index.php?rest_route=\/wp\/v2\/pages"}],"about":[{"href":"https:\/\/www.vivonsbachy.fr\/index.php?rest_route=\/wp\/v2\/types\/page"}],"author":[{"embeddable":true,"href":"https:\/\/www.vivonsbachy.fr\/index.php?rest_route=\/wp\/v2\/users\/1"}],"replies":[{"embeddable":true,"href":"https:\/\/www.vivonsbachy.fr\/index.php?rest_route=%2Fwp%2Fv2%2Fcomments&post=913"}],"version-history":[{"count":2,"href":"https:\/\/www.vivonsbachy.fr\/index.php?rest_route=\/wp\/v2\/pages\/913\/revisions"}],"predecessor-version":[{"id":1652,"href":"https:\/\/www.vivonsbachy.fr\/index.php?rest_route=\/wp\/v2\/pages\/913\/revisions\/1652"}],"up":[{"embeddable":true,"href":"https:\/\/www.vivonsbachy.fr\/index.php?rest_route=\/wp\/v2\/pages\/442"}],"wp:attachment":[{"href":"https:\/\/www.vivonsbachy.fr\/index.php?rest_route=%2Fwp%2Fv2%2Fmedia&parent=913"}],"curies":[{"name":"wp","href":"https:\/\/api.w.org\/{rel}","templated":true}]}}