{"id":6365,"date":"2026-05-02T20:19:58","date_gmt":"2026-05-02T18:19:58","guid":{"rendered":"https:\/\/www.vivonsbachy.fr\/?page_id=6365"},"modified":"2026-05-02T20:23:13","modified_gmt":"2026-05-02T18:23:13","slug":"28-avril-2026-marche-a-hesdin","status":"publish","type":"page","link":"https:\/\/www.vivonsbachy.fr\/?page_id=6365","title":{"rendered":"28 avril 2026 &#8211; Marche \u00e0 Hesdin"},"content":{"rendered":"\n<p>Organis\u00e9e par Jacques, une marche de 10 km environ a \u00e9t\u00e9 faite \u00e0 c\u00f4t\u00e9 d&rsquo;Hesdin, apr\u00e8s l&rsquo;effort, le r\u00e9confort avec un repas au restaurant de \u00ab\u00a0l&rsquo;\u00e9tang de Rollancourt\u00a0\u00bb o\u00f9 nous nous sommes retrouv\u00e9s \u00e0 50 personnes. Temps mitig\u00e9, mais pas de pluie, sortie tr\u00e8s agr\u00e9able<\/p>\n\n\n\n<figure class=\"wp-block-gallery has-nested-images columns-default is-cropped wp-block-gallery-1 is-layout-flex wp-block-gallery-is-layout-flex\">\n<figure class=\"wp-block-image size-large\"><a href=\"https:\/\/www.vivonsbachy.fr\/wp-content\/uploads\/2026\/05\/Sortie-marche-Hesdin-28-avril-2026-5J3A4606.jpg\" class=\"gallery_colorbox\"><img loading=\"lazy\" decoding=\"async\" width=\"1024\" height=\"683\" data-id=\"6366\" src=\"https:\/\/www.vivonsbachy.fr\/wp-content\/uploads\/2026\/05\/Sortie-marche-Hesdin-28-avril-2026-5J3A4606-1024x683.jpg\"  alt=\"\" class=\"wp-image-6366\" srcset=\"https:\/\/www.vivonsbachy.fr\/wp-content\/uploads\/2026\/05\/Sortie-marche-Hesdin-28-avril-2026-5J3A4606-1024x683.jpg 1024w, https:\/\/www.vivonsbachy.fr\/wp-content\/uploads\/2026\/05\/Sortie-marche-Hesdin-28-avril-2026-5J3A4606-300x200.jpg 300w, https:\/\/www.vivonsbachy.fr\/wp-content\/uploads\/2026\/05\/Sortie-marche-Hesdin-28-avril-2026-5J3A4606-768x512.jpg 768w, https:\/\/www.vivonsbachy.fr\/wp-content\/uploads\/2026\/05\/Sortie-marche-Hesdin-28-avril-2026-5J3A4606-1536x1024.jpg 1536w, https:\/\/www.vivonsbachy.fr\/wp-content\/uploads\/2026\/05\/Sortie-marche-Hesdin-28-avril-2026-5J3A4606-2048x1365.jpg 2048w\" sizes=\"(max-width: 1024px) 100vw, 1024px\" \/><\/a><\/figure>\n\n\n\n<figure class=\"wp-block-image size-large\"><a href=\"https:\/\/www.vivonsbachy.fr\/wp-content\/uploads\/2026\/05\/Sortie-marche-Hesdin-28-avril-2026-5J3A4608.jpg\" class=\"gallery_colorbox\"><img loading=\"lazy\" decoding=\"async\" width=\"1024\" height=\"683\" data-id=\"6370\" src=\"https:\/\/www.vivonsbachy.fr\/wp-content\/uploads\/2026\/05\/Sortie-marche-Hesdin-28-avril-2026-5J3A4608-1024x683.jpg\"  alt=\"\" class=\"wp-image-6370\" srcset=\"https:\/\/www.vivonsbachy.fr\/wp-content\/uploads\/2026\/05\/Sortie-marche-Hesdin-28-avril-2026-5J3A4608-1024x683.jpg 1024w, https:\/\/www.vivonsbachy.fr\/wp-content\/uploads\/2026\/05\/Sortie-marche-Hesdin-28-avril-2026-5J3A4608-300x200.jpg 300w, https:\/\/www.vivonsbachy.fr\/wp-content\/uploads\/2026\/05\/Sortie-marche-Hesdin-28-avril-2026-5J3A4608-768x512.jpg 768w, https:\/\/www.vivonsbachy.fr\/wp-content\/uploads\/2026\/05\/Sortie-marche-Hesdin-28-avril-2026-5J3A4608-1536x1024.jpg 1536w, https:\/\/www.vivonsbachy.fr\/wp-content\/uploads\/2026\/05\/Sortie-marche-Hesdin-28-avril-2026-5J3A4608-2048x1365.jpg 2048w\" sizes=\"(max-width: 1024px) 100vw, 1024px\" \/><\/a><\/figure>\n\n\n\n<figure class=\"wp-block-image size-large\"><a href=\"https:\/\/www.vivonsbachy.fr\/wp-content\/uploads\/2026\/05\/Sortie-marche-Hesdin-28-avril-2026-5J3A4610.jpg\" class=\"gallery_colorbox\"><img loading=\"lazy\" decoding=\"async\" width=\"1024\" height=\"683\" data-id=\"6368\" src=\"https:\/\/www.vivonsbachy.fr\/wp-content\/uploads\/2026\/05\/Sortie-marche-Hesdin-28-avril-2026-5J3A4610-1024x683.jpg\"  alt=\"\" class=\"wp-image-6368\" srcset=\"https:\/\/www.vivonsbachy.fr\/wp-content\/uploads\/2026\/05\/Sortie-marche-Hesdin-28-avril-2026-5J3A4610-1024x683.jpg 1024w, https:\/\/www.vivonsbachy.fr\/wp-content\/uploads\/2026\/05\/Sortie-marche-Hesdin-28-avril-2026-5J3A4610-300x200.jpg 300w, https:\/\/www.vivonsbachy.fr\/wp-content\/uploads\/2026\/05\/Sortie-marche-Hesdin-28-avril-2026-5J3A4610-768x512.jpg 768w, https:\/\/www.vivonsbachy.fr\/wp-content\/uploads\/2026\/05\/Sortie-marche-Hesdin-28-avril-2026-5J3A4610-1536x1024.jpg 1536w, https:\/\/www.vivonsbachy.fr\/wp-content\/uploads\/2026\/05\/Sortie-marche-Hesdin-28-avril-2026-5J3A4610-2048x1365.jpg 2048w\" sizes=\"(max-width: 1024px) 100vw, 1024px\" \/><\/a><\/figure>\n\n\n\n<figure class=\"wp-block-image size-large\"><a href=\"https:\/\/www.vivonsbachy.fr\/wp-content\/uploads\/2026\/05\/Sortie-marche-Hesdin-28-avril-2026-5J3A4612.jpg\" class=\"gallery_colorbox\"><img loading=\"lazy\" decoding=\"async\" width=\"1024\" height=\"683\" data-id=\"6371\" src=\"https:\/\/www.vivonsbachy.fr\/wp-content\/uploads\/2026\/05\/Sortie-marche-Hesdin-28-avril-2026-5J3A4612-1024x683.jpg\"  alt=\"\" class=\"wp-image-6371\" srcset=\"https:\/\/www.vivonsbachy.fr\/wp-content\/uploads\/2026\/05\/Sortie-marche-Hesdin-28-avril-2026-5J3A4612-1024x683.jpg 1024w, https:\/\/www.vivonsbachy.fr\/wp-content\/uploads\/2026\/05\/Sortie-marche-Hesdin-28-avril-2026-5J3A4612-300x200.jpg 300w, https:\/\/www.vivonsbachy.fr\/wp-content\/uploads\/2026\/05\/Sortie-marche-Hesdin-28-avril-2026-5J3A4612-768x512.jpg 768w, https:\/\/www.vivonsbachy.fr\/wp-content\/uploads\/2026\/05\/Sortie-marche-Hesdin-28-avril-2026-5J3A4612-1536x1024.jpg 1536w, https:\/\/www.vivonsbachy.fr\/wp-content\/uploads\/2026\/05\/Sortie-marche-Hesdin-28-avril-2026-5J3A4612-2048x1365.jpg 2048w\" sizes=\"(max-width: 1024px) 100vw, 1024px\" \/><\/a><\/figure>\n\n\n\n<figure class=\"wp-block-image size-large\"><a href=\"https:\/\/www.vivonsbachy.fr\/wp-content\/uploads\/2026\/05\/Sortie-marche-Hesdin-28-avril-2026-5J3A4618.jpg\" class=\"gallery_colorbox\"><img loading=\"lazy\" decoding=\"async\" width=\"1024\" height=\"683\" data-id=\"6369\" src=\"https:\/\/www.vivonsbachy.fr\/wp-content\/uploads\/2026\/05\/Sortie-marche-Hesdin-28-avril-2026-5J3A4618-1024x683.jpg\"  alt=\"\" class=\"wp-image-6369\" srcset=\"https:\/\/www.vivonsbachy.fr\/wp-content\/uploads\/2026\/05\/Sortie-marche-Hesdin-28-avril-2026-5J3A4618-1024x683.jpg 1024w, https:\/\/www.vivonsbachy.fr\/wp-content\/uploads\/2026\/05\/Sortie-marche-Hesdin-28-avril-2026-5J3A4618-300x200.jpg 300w, https:\/\/www.vivonsbachy.fr\/wp-content\/uploads\/2026\/05\/Sortie-marche-Hesdin-28-avril-2026-5J3A4618-768x512.jpg 768w, https:\/\/www.vivonsbachy.fr\/wp-content\/uploads\/2026\/05\/Sortie-marche-Hesdin-28-avril-2026-5J3A4618-1536x1024.jpg 1536w, https:\/\/www.vivonsbachy.fr\/wp-content\/uploads\/2026\/05\/Sortie-marche-Hesdin-28-avril-2026-5J3A4618-2048x1365.jpg 2048w\" sizes=\"(max-width: 1024px) 100vw, 1024px\" \/><\/a><\/figure>\n\n\n\n<figure class=\"wp-block-image size-large\"><a href=\"https:\/\/www.vivonsbachy.fr\/wp-content\/uploads\/2026\/05\/Sortie-marche-Hesdin-28-avril-2026-5J3A4619.jpg\" class=\"gallery_colorbox\"><img loading=\"lazy\" decoding=\"async\" width=\"683\" height=\"1024\" data-id=\"6372\" src=\"https:\/\/www.vivonsbachy.fr\/wp-content\/uploads\/2026\/05\/Sortie-marche-Hesdin-28-avril-2026-5J3A4619-683x1024.jpg\"  alt=\"\" class=\"wp-image-6372\" srcset=\"https:\/\/www.vivonsbachy.fr\/wp-content\/uploads\/2026\/05\/Sortie-marche-Hesdin-28-avril-2026-5J3A4619-683x1024.jpg 683w, https:\/\/www.vivonsbachy.fr\/wp-content\/uploads\/2026\/05\/Sortie-marche-Hesdin-28-avril-2026-5J3A4619-200x300.jpg 200w, https:\/\/www.vivonsbachy.fr\/wp-content\/uploads\/2026\/05\/Sortie-marche-Hesdin-28-avril-2026-5J3A4619-768x1152.jpg 768w, https:\/\/www.vivonsbachy.fr\/wp-content\/uploads\/2026\/05\/Sortie-marche-Hesdin-28-avril-2026-5J3A4619-1024x1536.jpg 1024w, https:\/\/www.vivonsbachy.fr\/wp-content\/uploads\/2026\/05\/Sortie-marche-Hesdin-28-avril-2026-5J3A4619-1365x2048.jpg 1365w, https:\/\/www.vivonsbachy.fr\/wp-content\/uploads\/2026\/05\/Sortie-marche-Hesdin-28-avril-2026-5J3A4619.jpg 1600w\" sizes=\"(max-width: 683px) 100vw, 683px\" \/><\/a><\/figure>\n\n\n\n<figure class=\"wp-block-image size-large\"><a href=\"https:\/\/www.vivonsbachy.fr\/wp-content\/uploads\/2026\/05\/Sortie-marche-Hesdin-28-avril-2026-5J3A4620.jpg\" class=\"gallery_colorbox\"><img loading=\"lazy\" decoding=\"async\" width=\"1024\" height=\"683\" data-id=\"6373\" src=\"https:\/\/www.vivonsbachy.fr\/wp-content\/uploads\/2026\/05\/Sortie-marche-Hesdin-28-avril-2026-5J3A4620-1024x683.jpg\"  alt=\"\" class=\"wp-image-6373\" srcset=\"https:\/\/www.vivonsbachy.fr\/wp-content\/uploads\/2026\/05\/Sortie-marche-Hesdin-28-avril-2026-5J3A4620-1024x683.jpg 1024w, https:\/\/www.vivonsbachy.fr\/wp-content\/uploads\/2026\/05\/Sortie-marche-Hesdin-28-avril-2026-5J3A4620-300x200.jpg 300w, https:\/\/www.vivonsbachy.fr\/wp-content\/uploads\/2026\/05\/Sortie-marche-Hesdin-28-avril-2026-5J3A4620-768x512.jpg 768w, https:\/\/www.vivonsbachy.fr\/wp-content\/uploads\/2026\/05\/Sortie-marche-Hesdin-28-avril-2026-5J3A4620-1536x1024.jpg 1536w, https:\/\/www.vivonsbachy.fr\/wp-content\/uploads\/2026\/05\/Sortie-marche-Hesdin-28-avril-2026-5J3A4620-2048x1365.jpg 2048w\" sizes=\"(max-width: 1024px) 100vw, 1024px\" \/><\/a><\/figure>\n\n\n\n<figure class=\"wp-block-image size-large\"><a href=\"https:\/\/www.vivonsbachy.fr\/wp-content\/uploads\/2026\/05\/Sortie-marche-Hesdin-28-avril-2026-5J3A4628.jpg\" class=\"gallery_colorbox\"><img loading=\"lazy\" decoding=\"async\" width=\"1024\" height=\"683\" data-id=\"6367\" src=\"https:\/\/www.vivonsbachy.fr\/wp-content\/uploads\/2026\/05\/Sortie-marche-Hesdin-28-avril-2026-5J3A4628-1024x683.jpg\"  alt=\"\" class=\"wp-image-6367\" srcset=\"https:\/\/www.vivonsbachy.fr\/wp-content\/uploads\/2026\/05\/Sortie-marche-Hesdin-28-avril-2026-5J3A4628-1024x683.jpg 1024w, https:\/\/www.vivonsbachy.fr\/wp-content\/uploads\/2026\/05\/Sortie-marche-Hesdin-28-avril-2026-5J3A4628-300x200.jpg 300w, https:\/\/www.vivonsbachy.fr\/wp-content\/uploads\/2026\/05\/Sortie-marche-Hesdin-28-avril-2026-5J3A4628-768x512.jpg 768w, https:\/\/www.vivonsbachy.fr\/wp-content\/uploads\/2026\/05\/Sortie-marche-Hesdin-28-avril-2026-5J3A4628-1536x1024.jpg 1536w, https:\/\/www.vivonsbachy.fr\/wp-content\/uploads\/2026\/05\/Sortie-marche-Hesdin-28-avril-2026-5J3A4628-2048x1365.jpg 2048w\" sizes=\"(max-width: 1024px) 100vw, 1024px\" \/><\/a><\/figure>\n<\/figure>\n","protected":false},"excerpt":{"rendered":"<p>Organis\u00e9e par Jacques, une marche de 10 km environ a \u00e9t\u00e9 faite \u00e0 c\u00f4t\u00e9 d&rsquo;Hesdin, apr\u00e8s l&rsquo;effort, le r\u00e9confort avec un repas au restaurant de \u00ab\u00a0l&rsquo;\u00e9tang de Rollancourt\u00a0\u00bb o\u00f9 nous nous sommes retrouv\u00e9s \u00e0 50 personnes. Temps mitig\u00e9, mais pas &hellip; <a href=\"https:\/\/www.vivonsbachy.fr\/?page_id=6365\">Continuer la lecture <span class=\"meta-nav\">&rarr;<\/span><\/a><\/p>\n","protected":false},"author":1,"featured_media":0,"parent":6363,"menu_order":0,"comment_status":"closed","ping_status":"closed","template":"","meta":{"footnotes":""},"_links":{"self":[{"href":"https:\/\/www.vivonsbachy.fr\/index.php?rest_route=\/wp\/v2\/pages\/6365"}],"collection":[{"href":"https:\/\/www.vivonsbachy.fr\/index.php?rest_route=\/wp\/v2\/pages"}],"about":[{"href":"https:\/\/www.vivonsbachy.fr\/index.php?rest_route=\/wp\/v2\/types\/page"}],"author":[{"embeddable":true,"href":"https:\/\/www.vivonsbachy.fr\/index.php?rest_route=\/wp\/v2\/users\/1"}],"replies":[{"embeddable":true,"href":"https:\/\/www.vivonsbachy.fr\/index.php?rest_route=%2Fwp%2Fv2%2Fcomments&post=6365"}],"version-history":[{"count":1,"href":"https:\/\/www.vivonsbachy.fr\/index.php?rest_route=\/wp\/v2\/pages\/6365\/revisions"}],"predecessor-version":[{"id":6374,"href":"https:\/\/www.vivonsbachy.fr\/index.php?rest_route=\/wp\/v2\/pages\/6365\/revisions\/6374"}],"up":[{"embeddable":true,"href":"https:\/\/www.vivonsbachy.fr\/index.php?rest_route=\/wp\/v2\/pages\/6363"}],"wp:attachment":[{"href":"https:\/\/www.vivonsbachy.fr\/index.php?rest_route=%2Fwp%2Fv2%2Fmedia&parent=6365"}],"curies":[{"name":"wp","href":"https:\/\/api.w.org\/{rel}","templated":true}]}}

28 avril 2026 &#8211; Marche à Hesdin

<p>Organisée par Jacques, une marche de 10 km environ a été faite à côté d&rsquo;Hesdin, après l&rsquo;effort, le réconfort avec un repas au restaurant de « l&rsquo;étang de Rollancourt » où nous nous sommes retrouvés à 50 personnes. Temps mitigé, mais pas de pluie, sortie très agréable</p>



<figure class="wp-block-gallery has-nested-images columns-default is-cropped wp-block-gallery-1 is-layout-flex wp-block-gallery-is-layout-flex">
<figure class="wp-block-image size-large"><a href="https://www.vivonsbachy.fr/wp-content/uploads/2026/05/Sortie-marche-Hesdin-28-avril-2026-5J3A4606.jpg" class="gallery_colorbox"><img loading="lazy" decoding="async" width="1024" height="683" data-id="6366" src="https://www.vivonsbachy.fr/wp-content/uploads/2026/05/Sortie-marche-Hesdin-28-avril-2026-5J3A4606-1024x683.jpg"  alt="" class="wp-image-6366" srcset="https://www.vivonsbachy.fr/wp-content/uploads/2026/05/Sortie-marche-Hesdin-28-avril-2026-5J3A4606-1024x683.jpg 1024w, https://www.vivonsbachy.fr/wp-content/uploads/2026/05/Sortie-marche-Hesdin-28-avril-2026-5J3A4606-300x200.jpg 300w, https://www.vivonsbachy.fr/wp-content/uploads/2026/05/Sortie-marche-Hesdin-28-avril-2026-5J3A4606-768x512.jpg 768w, https://www.vivonsbachy.fr/wp-content/uploads/2026/05/Sortie-marche-Hesdin-28-avril-2026-5J3A4606-1536x1024.jpg 1536w, https://www.vivonsbachy.fr/wp-content/uploads/2026/05/Sortie-marche-Hesdin-28-avril-2026-5J3A4606-2048x1365.jpg 2048w" sizes="(max-width: 1024px) 100vw, 1024px" /></a></figure>



<figure class="wp-block-image size-large"><a href="https://www.vivonsbachy.fr/wp-content/uploads/2026/05/Sortie-marche-Hesdin-28-avril-2026-5J3A4608.jpg" class="gallery_colorbox"><img loading="lazy" decoding="async" width="1024" height="683" data-id="6370" src="https://www.vivonsbachy.fr/wp-content/uploads/2026/05/Sortie-marche-Hesdin-28-avril-2026-5J3A4608-1024x683.jpg"  alt="" class="wp-image-6370" srcset="https://www.vivonsbachy.fr/wp-content/uploads/2026/05/Sortie-marche-Hesdin-28-avril-2026-5J3A4608-1024x683.jpg 1024w, https://www.vivonsbachy.fr/wp-content/uploads/2026/05/Sortie-marche-Hesdin-28-avril-2026-5J3A4608-300x200.jpg 300w, https://www.vivonsbachy.fr/wp-content/uploads/2026/05/Sortie-marche-Hesdin-28-avril-2026-5J3A4608-768x512.jpg 768w, https://www.vivonsbachy.fr/wp-content/uploads/2026/05/Sortie-marche-Hesdin-28-avril-2026-5J3A4608-1536x1024.jpg 1536w, https://www.vivonsbachy.fr/wp-content/uploads/2026/05/Sortie-marche-Hesdin-28-avril-2026-5J3A4608-2048x1365.jpg 2048w" sizes="(max-width: 1024px) 100vw, 1024px" /></a></figure>



<figure class="wp-block-image size-large"><a href="https://www.vivonsbachy.fr/wp-content/uploads/2026/05/Sortie-marche-Hesdin-28-avril-2026-5J3A4610.jpg" class="gallery_colorbox"><img loading="lazy" decoding="async" width="1024" height="683" data-id="6368" src="https://www.vivonsbachy.fr/wp-content/uploads/2026/05/Sortie-marche-Hesdin-28-avril-2026-5J3A4610-1024x683.jpg"  alt="" class="wp-image-6368" srcset="https://www.vivonsbachy.fr/wp-content/uploads/2026/05/Sortie-marche-Hesdin-28-avril-2026-5J3A4610-1024x683.jpg 1024w, https://www.vivonsbachy.fr/wp-content/uploads/2026/05/Sortie-marche-Hesdin-28-avril-2026-5J3A4610-300x200.jpg 300w, https://www.vivonsbachy.fr/wp-content/uploads/2026/05/Sortie-marche-Hesdin-28-avril-2026-5J3A4610-768x512.jpg 768w, https://www.vivonsbachy.fr/wp-content/uploads/2026/05/Sortie-marche-Hesdin-28-avril-2026-5J3A4610-1536x1024.jpg 1536w, https://www.vivonsbachy.fr/wp-content/uploads/2026/05/Sortie-marche-Hesdin-28-avril-2026-5J3A4610-2048x1365.jpg 2048w" sizes="(max-width: 1024px) 100vw, 1024px" /></a></figure>



<figure class="wp-block-image size-large"><a href="https://www.vivonsbachy.fr/wp-content/uploads/2026/05/Sortie-marche-Hesdin-28-avril-2026-5J3A4612.jpg" class="gallery_colorbox"><img loading="lazy" decoding="async" width="1024" height="683" data-id="6371" src="https://www.vivonsbachy.fr/wp-content/uploads/2026/05/Sortie-marche-Hesdin-28-avril-2026-5J3A4612-1024x683.jpg"  alt="" class="wp-image-6371" srcset="https://www.vivonsbachy.fr/wp-content/uploads/2026/05/Sortie-marche-Hesdin-28-avril-2026-5J3A4612-1024x683.jpg 1024w, https://www.vivonsbachy.fr/wp-content/uploads/2026/05/Sortie-marche-Hesdin-28-avril-2026-5J3A4612-300x200.jpg 300w, https://www.vivonsbachy.fr/wp-content/uploads/2026/05/Sortie-marche-Hesdin-28-avril-2026-5J3A4612-768x512.jpg 768w, https://www.vivonsbachy.fr/wp-content/uploads/2026/05/Sortie-marche-Hesdin-28-avril-2026-5J3A4612-1536x1024.jpg 1536w, https://www.vivonsbachy.fr/wp-content/uploads/2026/05/Sortie-marche-Hesdin-28-avril-2026-5J3A4612-2048x1365.jpg 2048w" sizes="(max-width: 1024px) 100vw, 1024px" /></a></figure>



<figure class="wp-block-image size-large"><a href="https://www.vivonsbachy.fr/wp-content/uploads/2026/05/Sortie-marche-Hesdin-28-avril-2026-5J3A4618.jpg" class="gallery_colorbox"><img loading="lazy" decoding="async" width="1024" height="683" data-id="6369" src="https://www.vivonsbachy.fr/wp-content/uploads/2026/05/Sortie-marche-Hesdin-28-avril-2026-5J3A4618-1024x683.jpg"  alt="" class="wp-image-6369" srcset="https://www.vivonsbachy.fr/wp-content/uploads/2026/05/Sortie-marche-Hesdin-28-avril-2026-5J3A4618-1024x683.jpg 1024w, https://www.vivonsbachy.fr/wp-content/uploads/2026/05/Sortie-marche-Hesdin-28-avril-2026-5J3A4618-300x200.jpg 300w, https://www.vivonsbachy.fr/wp-content/uploads/2026/05/Sortie-marche-Hesdin-28-avril-2026-5J3A4618-768x512.jpg 768w, https://www.vivonsbachy.fr/wp-content/uploads/2026/05/Sortie-marche-Hesdin-28-avril-2026-5J3A4618-1536x1024.jpg 1536w, https://www.vivonsbachy.fr/wp-content/uploads/2026/05/Sortie-marche-Hesdin-28-avril-2026-5J3A4618-2048x1365.jpg 2048w" sizes="(max-width: 1024px) 100vw, 1024px" /></a></figure>



<figure class="wp-block-image size-large"><a href="https://www.vivonsbachy.fr/wp-content/uploads/2026/05/Sortie-marche-Hesdin-28-avril-2026-5J3A4619.jpg" class="gallery_colorbox"><img loading="lazy" decoding="async" width="683" height="1024" data-id="6372" src="https://www.vivonsbachy.fr/wp-content/uploads/2026/05/Sortie-marche-Hesdin-28-avril-2026-5J3A4619-683x1024.jpg"  alt="" class="wp-image-6372" srcset="https://www.vivonsbachy.fr/wp-content/uploads/2026/05/Sortie-marche-Hesdin-28-avril-2026-5J3A4619-683x1024.jpg 683w, https://www.vivonsbachy.fr/wp-content/uploads/2026/05/Sortie-marche-Hesdin-28-avril-2026-5J3A4619-200x300.jpg 200w, https://www.vivonsbachy.fr/wp-content/uploads/2026/05/Sortie-marche-Hesdin-28-avril-2026-5J3A4619-768x1152.jpg 768w, https://www.vivonsbachy.fr/wp-content/uploads/2026/05/Sortie-marche-Hesdin-28-avril-2026-5J3A4619-1024x1536.jpg 1024w, https://www.vivonsbachy.fr/wp-content/uploads/2026/05/Sortie-marche-Hesdin-28-avril-2026-5J3A4619-1365x2048.jpg 1365w, https://www.vivonsbachy.fr/wp-content/uploads/2026/05/Sortie-marche-Hesdin-28-avril-2026-5J3A4619.jpg 1600w" sizes="(max-width: 683px) 100vw, 683px" /></a></figure>



<figure class="wp-block-image size-large"><a href="https://www.vivonsbachy.fr/wp-content/uploads/2026/05/Sortie-marche-Hesdin-28-avril-2026-5J3A4620.jpg" class="gallery_colorbox"><img loading="lazy" decoding="async" width="1024" height="683" data-id="6373" src="https://www.vivonsbachy.fr/wp-content/uploads/2026/05/Sortie-marche-Hesdin-28-avril-2026-5J3A4620-1024x683.jpg"  alt="" class="wp-image-6373" srcset="https://www.vivonsbachy.fr/wp-content/uploads/2026/05/Sortie-marche-Hesdin-28-avril-2026-5J3A4620-1024x683.jpg 1024w, https://www.vivonsbachy.fr/wp-content/uploads/2026/05/Sortie-marche-Hesdin-28-avril-2026-5J3A4620-300x200.jpg 300w, https://www.vivonsbachy.fr/wp-content/uploads/2026/05/Sortie-marche-Hesdin-28-avril-2026-5J3A4620-768x512.jpg 768w, https://www.vivonsbachy.fr/wp-content/uploads/2026/05/Sortie-marche-Hesdin-28-avril-2026-5J3A4620-1536x1024.jpg 1536w, https://www.vivonsbachy.fr/wp-content/uploads/2026/05/Sortie-marche-Hesdin-28-avril-2026-5J3A4620-2048x1365.jpg 2048w" sizes="(max-width: 1024px) 100vw, 1024px" /></a></figure>



<figure class="wp-block-image size-large"><a href="https://www.vivonsbachy.fr/wp-content/uploads/2026/05/Sortie-marche-Hesdin-28-avril-2026-5J3A4628.jpg" class="gallery_colorbox"><img loading="lazy" decoding="async" width="1024" height="683" data-id="6367" src="https://www.vivonsbachy.fr/wp-content/uploads/2026/05/Sortie-marche-Hesdin-28-avril-2026-5J3A4628-1024x683.jpg"  alt="" class="wp-image-6367" srcset="https://www.vivonsbachy.fr/wp-content/uploads/2026/05/Sortie-marche-Hesdin-28-avril-2026-5J3A4628-1024x683.jpg 1024w, https://www.vivonsbachy.fr/wp-content/uploads/2026/05/Sortie-marche-Hesdin-28-avril-2026-5J3A4628-300x200.jpg 300w, https://www.vivonsbachy.fr/wp-content/uploads/2026/05/Sortie-marche-Hesdin-28-avril-2026-5J3A4628-768x512.jpg 768w, https://www.vivonsbachy.fr/wp-content/uploads/2026/05/Sortie-marche-Hesdin-28-avril-2026-5J3A4628-1536x1024.jpg 1536w, https://www.vivonsbachy.fr/wp-content/uploads/2026/05/Sortie-marche-Hesdin-28-avril-2026-5J3A4628-2048x1365.jpg 2048w" sizes="(max-width: 1024px) 100vw, 1024px" /></a></figure>
</figure>

<p>Organisée par Jacques, une marche de 10 km environ a été faite à côté d&rsquo;Hesdin, après l&rsquo;effort, le réconfort avec un repas au restaurant de « l&rsquo;étang de Rollancourt » où nous nous sommes retrouvés à 50 personnes. Temps mitigé, mais pas &hellip; <a href="https://www.vivonsbachy.fr/?page_id=6365">Continuer la lecture <span class="meta-nav">&rarr;</span></a></p>
