{"id":6208,"date":"2022-06-30T18:14:28","date_gmt":"2022-06-30T16:14:28","guid":{"rendered":"https:\/\/www.vivonsbachy.fr\/?page_id=6208"},"modified":"2022-06-30T18:17:24","modified_gmt":"2022-06-30T16:17:24","slug":"2-marche-du-muguet-1er-mai-2022","status":"publish","type":"page","link":"https:\/\/www.vivonsbachy.fr\/?page_id=6208","title":{"rendered":"02 &#8211; Marche du Muguet 1er mai 2022"},"content":{"rendered":"\n<p>Gros succ\u00e8s pour cette 7\u00e8me marche du muguet apr\u00e8s 2 ann\u00e9es d&rsquo;abstinence pour cause de crise sanitaire. 2 parcours ont \u00e9t\u00e9 propos\u00e9s aux 150 personnes qui ont particip\u00e9 \u00e0 cette journ\u00e9e conviviale.<\/p>\n\n\n\n<figure class=\"wp-block-gallery columns-3 is-cropped wp-block-gallery-1 is-layout-flex wp-block-gallery-is-layout-flex\"><ul class=\"blocks-gallery-grid\"><li class=\"blocks-gallery-item\"><figure><a href=\"https:\/\/www.vivonsbachy.fr\/wp-content\/uploads\/2022\/06\/7e\u0301me-marche-du-muguet-253A1529-HDR-01-mai-2022.jpg\" class=\"gallery_colorbox\"><img loading=\"lazy\" decoding=\"async\" width=\"1024\" height=\"683\" src=\"https:\/\/www.vivonsbachy.fr\/wp-content\/uploads\/2022\/06\/7e\u0301me-marche-du-muguet-253A1529-HDR-01-mai-2022-1024x683.jpg\"  alt=\"\" data-id=\"6209\" data-full-url=\"https:\/\/www.vivonsbachy.fr\/wp-content\/uploads\/2022\/06\/7e\u0301me-marche-du-muguet-253A1529-HDR-01-mai-2022.jpg\" data-link=\"https:\/\/www.vivonsbachy.fr\/?attachment_id=6209\" class=\"wp-image-6209\" srcset=\"https:\/\/www.vivonsbachy.fr\/wp-content\/uploads\/2022\/06\/7e\u0301me-marche-du-muguet-253A1529-HDR-01-mai-2022-1024x683.jpg 1024w, https:\/\/www.vivonsbachy.fr\/wp-content\/uploads\/2022\/06\/7e\u0301me-marche-du-muguet-253A1529-HDR-01-mai-2022-300x200.jpg 300w, https:\/\/www.vivonsbachy.fr\/wp-content\/uploads\/2022\/06\/7e\u0301me-marche-du-muguet-253A1529-HDR-01-mai-2022-768x512.jpg 768w, https:\/\/www.vivonsbachy.fr\/wp-content\/uploads\/2022\/06\/7e\u0301me-marche-du-muguet-253A1529-HDR-01-mai-2022-1536x1024.jpg 1536w, https:\/\/www.vivonsbachy.fr\/wp-content\/uploads\/2022\/06\/7e\u0301me-marche-du-muguet-253A1529-HDR-01-mai-2022.jpg 1800w\" sizes=\"(max-width: 1024px) 100vw, 1024px\" \/><\/a><\/figure><\/li><li class=\"blocks-gallery-item\"><figure><a href=\"https:\/\/www.vivonsbachy.fr\/wp-content\/uploads\/2022\/06\/7e\u0301me-marche-du-muguet-253A1536-01-mai-2022.jpg\" class=\"gallery_colorbox\"><img loading=\"lazy\" decoding=\"async\" width=\"1024\" height=\"683\" src=\"https:\/\/www.vivonsbachy.fr\/wp-content\/uploads\/2022\/06\/7e\u0301me-marche-du-muguet-253A1536-01-mai-2022-1024x683.jpg\"  alt=\"\" data-id=\"6210\" data-full-url=\"https:\/\/www.vivonsbachy.fr\/wp-content\/uploads\/2022\/06\/7e\u0301me-marche-du-muguet-253A1536-01-mai-2022.jpg\" data-link=\"https:\/\/www.vivonsbachy.fr\/?attachment_id=6210\" class=\"wp-image-6210\" srcset=\"https:\/\/www.vivonsbachy.fr\/wp-content\/uploads\/2022\/06\/7e\u0301me-marche-du-muguet-253A1536-01-mai-2022-1024x683.jpg 1024w, https:\/\/www.vivonsbachy.fr\/wp-content\/uploads\/2022\/06\/7e\u0301me-marche-du-muguet-253A1536-01-mai-2022-300x200.jpg 300w, https:\/\/www.vivonsbachy.fr\/wp-content\/uploads\/2022\/06\/7e\u0301me-marche-du-muguet-253A1536-01-mai-2022-768x512.jpg 768w, https:\/\/www.vivonsbachy.fr\/wp-content\/uploads\/2022\/06\/7e\u0301me-marche-du-muguet-253A1536-01-mai-2022-1536x1024.jpg 1536w, https:\/\/www.vivonsbachy.fr\/wp-content\/uploads\/2022\/06\/7e\u0301me-marche-du-muguet-253A1536-01-mai-2022.jpg 1800w\" sizes=\"(max-width: 1024px) 100vw, 1024px\" \/><\/a><\/figure><\/li><li class=\"blocks-gallery-item\"><figure><a href=\"https:\/\/www.vivonsbachy.fr\/wp-content\/uploads\/2022\/06\/7e\u0301me-marche-du-muguet-253A1547-01-mai-2022.jpg\" class=\"gallery_colorbox\"><img loading=\"lazy\" decoding=\"async\" width=\"1024\" height=\"683\" src=\"https:\/\/www.vivonsbachy.fr\/wp-content\/uploads\/2022\/06\/7e\u0301me-marche-du-muguet-253A1547-01-mai-2022-1024x683.jpg\"  alt=\"\" data-id=\"6211\" data-full-url=\"https:\/\/www.vivonsbachy.fr\/wp-content\/uploads\/2022\/06\/7e\u0301me-marche-du-muguet-253A1547-01-mai-2022.jpg\" data-link=\"https:\/\/www.vivonsbachy.fr\/?attachment_id=6211\" class=\"wp-image-6211\" srcset=\"https:\/\/www.vivonsbachy.fr\/wp-content\/uploads\/2022\/06\/7e\u0301me-marche-du-muguet-253A1547-01-mai-2022-1024x683.jpg 1024w, https:\/\/www.vivonsbachy.fr\/wp-content\/uploads\/2022\/06\/7e\u0301me-marche-du-muguet-253A1547-01-mai-2022-300x200.jpg 300w, https:\/\/www.vivonsbachy.fr\/wp-content\/uploads\/2022\/06\/7e\u0301me-marche-du-muguet-253A1547-01-mai-2022-768x512.jpg 768w, https:\/\/www.vivonsbachy.fr\/wp-content\/uploads\/2022\/06\/7e\u0301me-marche-du-muguet-253A1547-01-mai-2022-1536x1024.jpg 1536w, https:\/\/www.vivonsbachy.fr\/wp-content\/uploads\/2022\/06\/7e\u0301me-marche-du-muguet-253A1547-01-mai-2022.jpg 1800w\" sizes=\"(max-width: 1024px) 100vw, 1024px\" \/><\/a><\/figure><\/li><li class=\"blocks-gallery-item\"><figure><a href=\"https:\/\/www.vivonsbachy.fr\/wp-content\/uploads\/2022\/06\/7e\u0301me-marche-du-muguet-253A1563-01-mai-2022.jpg\" class=\"gallery_colorbox\"><img loading=\"lazy\" decoding=\"async\" width=\"1024\" height=\"683\" src=\"https:\/\/www.vivonsbachy.fr\/wp-content\/uploads\/2022\/06\/7e\u0301me-marche-du-muguet-253A1563-01-mai-2022-1024x683.jpg\"  alt=\"\" data-id=\"6212\" data-full-url=\"https:\/\/www.vivonsbachy.fr\/wp-content\/uploads\/2022\/06\/7e\u0301me-marche-du-muguet-253A1563-01-mai-2022.jpg\" data-link=\"https:\/\/www.vivonsbachy.fr\/?attachment_id=6212\" class=\"wp-image-6212\" srcset=\"https:\/\/www.vivonsbachy.fr\/wp-content\/uploads\/2022\/06\/7e\u0301me-marche-du-muguet-253A1563-01-mai-2022-1024x683.jpg 1024w, https:\/\/www.vivonsbachy.fr\/wp-content\/uploads\/2022\/06\/7e\u0301me-marche-du-muguet-253A1563-01-mai-2022-300x200.jpg 300w, https:\/\/www.vivonsbachy.fr\/wp-content\/uploads\/2022\/06\/7e\u0301me-marche-du-muguet-253A1563-01-mai-2022-768x512.jpg 768w, https:\/\/www.vivonsbachy.fr\/wp-content\/uploads\/2022\/06\/7e\u0301me-marche-du-muguet-253A1563-01-mai-2022-1536x1024.jpg 1536w, https:\/\/www.vivonsbachy.fr\/wp-content\/uploads\/2022\/06\/7e\u0301me-marche-du-muguet-253A1563-01-mai-2022.jpg 1800w\" sizes=\"(max-width: 1024px) 100vw, 1024px\" \/><\/a><\/figure><\/li><li class=\"blocks-gallery-item\"><figure><a href=\"https:\/\/www.vivonsbachy.fr\/wp-content\/uploads\/2022\/06\/7e\u0301me-marche-du-muguet-253A1565-01-mai-2022.jpg\" class=\"gallery_colorbox\"><img loading=\"lazy\" decoding=\"async\" width=\"1024\" height=\"683\" src=\"https:\/\/www.vivonsbachy.fr\/wp-content\/uploads\/2022\/06\/7e\u0301me-marche-du-muguet-253A1565-01-mai-2022-1024x683.jpg\"  alt=\"\" data-id=\"6213\" data-full-url=\"https:\/\/www.vivonsbachy.fr\/wp-content\/uploads\/2022\/06\/7e\u0301me-marche-du-muguet-253A1565-01-mai-2022.jpg\" data-link=\"https:\/\/www.vivonsbachy.fr\/?attachment_id=6213\" class=\"wp-image-6213\" srcset=\"https:\/\/www.vivonsbachy.fr\/wp-content\/uploads\/2022\/06\/7e\u0301me-marche-du-muguet-253A1565-01-mai-2022-1024x683.jpg 1024w, https:\/\/www.vivonsbachy.fr\/wp-content\/uploads\/2022\/06\/7e\u0301me-marche-du-muguet-253A1565-01-mai-2022-300x200.jpg 300w, https:\/\/www.vivonsbachy.fr\/wp-content\/uploads\/2022\/06\/7e\u0301me-marche-du-muguet-253A1565-01-mai-2022-768x512.jpg 768w, https:\/\/www.vivonsbachy.fr\/wp-content\/uploads\/2022\/06\/7e\u0301me-marche-du-muguet-253A1565-01-mai-2022-1536x1024.jpg 1536w, https:\/\/www.vivonsbachy.fr\/wp-content\/uploads\/2022\/06\/7e\u0301me-marche-du-muguet-253A1565-01-mai-2022.jpg 1800w\" sizes=\"(max-width: 1024px) 100vw, 1024px\" \/><\/a><\/figure><\/li><li class=\"blocks-gallery-item\"><figure><a href=\"https:\/\/www.vivonsbachy.fr\/wp-content\/uploads\/2022\/06\/7e\u0301me-marche-du-muguet-253A1571-01-mai-2022.jpg\" class=\"gallery_colorbox\"><img loading=\"lazy\" decoding=\"async\" width=\"1024\" height=\"683\" src=\"https:\/\/www.vivonsbachy.fr\/wp-content\/uploads\/2022\/06\/7e\u0301me-marche-du-muguet-253A1571-01-mai-2022-1024x683.jpg\"  alt=\"\" data-id=\"6214\" data-full-url=\"https:\/\/www.vivonsbachy.fr\/wp-content\/uploads\/2022\/06\/7e\u0301me-marche-du-muguet-253A1571-01-mai-2022.jpg\" data-link=\"https:\/\/www.vivonsbachy.fr\/?attachment_id=6214\" class=\"wp-image-6214\" srcset=\"https:\/\/www.vivonsbachy.fr\/wp-content\/uploads\/2022\/06\/7e\u0301me-marche-du-muguet-253A1571-01-mai-2022-1024x683.jpg 1024w, https:\/\/www.vivonsbachy.fr\/wp-content\/uploads\/2022\/06\/7e\u0301me-marche-du-muguet-253A1571-01-mai-2022-300x200.jpg 300w, https:\/\/www.vivonsbachy.fr\/wp-content\/uploads\/2022\/06\/7e\u0301me-marche-du-muguet-253A1571-01-mai-2022-768x512.jpg 768w, https:\/\/www.vivonsbachy.fr\/wp-content\/uploads\/2022\/06\/7e\u0301me-marche-du-muguet-253A1571-01-mai-2022-1536x1024.jpg 1536w, https:\/\/www.vivonsbachy.fr\/wp-content\/uploads\/2022\/06\/7e\u0301me-marche-du-muguet-253A1571-01-mai-2022.jpg 1800w\" sizes=\"(max-width: 1024px) 100vw, 1024px\" \/><\/a><\/figure><\/li><li class=\"blocks-gallery-item\"><figure><a href=\"https:\/\/www.vivonsbachy.fr\/wp-content\/uploads\/2022\/06\/7e\u0301me-marche-du-muguet-IMG_0024-01-mai-2022.jpg\" class=\"gallery_colorbox\"><img loading=\"lazy\" decoding=\"async\" width=\"1024\" height=\"683\" src=\"https:\/\/www.vivonsbachy.fr\/wp-content\/uploads\/2022\/06\/7e\u0301me-marche-du-muguet-IMG_0024-01-mai-2022-1024x683.jpg\"  alt=\"\" data-id=\"6215\" data-full-url=\"https:\/\/www.vivonsbachy.fr\/wp-content\/uploads\/2022\/06\/7e\u0301me-marche-du-muguet-IMG_0024-01-mai-2022.jpg\" data-link=\"https:\/\/www.vivonsbachy.fr\/?attachment_id=6215\" class=\"wp-image-6215\" srcset=\"https:\/\/www.vivonsbachy.fr\/wp-content\/uploads\/2022\/06\/7e\u0301me-marche-du-muguet-IMG_0024-01-mai-2022-1024x683.jpg 1024w, https:\/\/www.vivonsbachy.fr\/wp-content\/uploads\/2022\/06\/7e\u0301me-marche-du-muguet-IMG_0024-01-mai-2022-300x200.jpg 300w, https:\/\/www.vivonsbachy.fr\/wp-content\/uploads\/2022\/06\/7e\u0301me-marche-du-muguet-IMG_0024-01-mai-2022-768x512.jpg 768w, https:\/\/www.vivonsbachy.fr\/wp-content\/uploads\/2022\/06\/7e\u0301me-marche-du-muguet-IMG_0024-01-mai-2022-1536x1024.jpg 1536w, https:\/\/www.vivonsbachy.fr\/wp-content\/uploads\/2022\/06\/7e\u0301me-marche-du-muguet-IMG_0024-01-mai-2022.jpg 1800w\" sizes=\"(max-width: 1024px) 100vw, 1024px\" \/><\/a><\/figure><\/li><li class=\"blocks-gallery-item\"><figure><a href=\"https:\/\/www.vivonsbachy.fr\/wp-content\/uploads\/2022\/06\/7e\u0301me-marche-du-muguet-IMG_0027-01-mai-2022.jpg\" class=\"gallery_colorbox\"><img loading=\"lazy\" decoding=\"async\" width=\"1024\" height=\"683\" src=\"https:\/\/www.vivonsbachy.fr\/wp-content\/uploads\/2022\/06\/7e\u0301me-marche-du-muguet-IMG_0027-01-mai-2022-1024x683.jpg\"  alt=\"\" data-id=\"6216\" data-full-url=\"https:\/\/www.vivonsbachy.fr\/wp-content\/uploads\/2022\/06\/7e\u0301me-marche-du-muguet-IMG_0027-01-mai-2022.jpg\" data-link=\"https:\/\/www.vivonsbachy.fr\/?attachment_id=6216\" class=\"wp-image-6216\" srcset=\"https:\/\/www.vivonsbachy.fr\/wp-content\/uploads\/2022\/06\/7e\u0301me-marche-du-muguet-IMG_0027-01-mai-2022-1024x683.jpg 1024w, https:\/\/www.vivonsbachy.fr\/wp-content\/uploads\/2022\/06\/7e\u0301me-marche-du-muguet-IMG_0027-01-mai-2022-300x200.jpg 300w, https:\/\/www.vivonsbachy.fr\/wp-content\/uploads\/2022\/06\/7e\u0301me-marche-du-muguet-IMG_0027-01-mai-2022-768x512.jpg 768w, https:\/\/www.vivonsbachy.fr\/wp-content\/uploads\/2022\/06\/7e\u0301me-marche-du-muguet-IMG_0027-01-mai-2022-1536x1024.jpg 1536w, https:\/\/www.vivonsbachy.fr\/wp-content\/uploads\/2022\/06\/7e\u0301me-marche-du-muguet-IMG_0027-01-mai-2022.jpg 1800w\" sizes=\"(max-width: 1024px) 100vw, 1024px\" \/><\/a><\/figure><\/li><li class=\"blocks-gallery-item\"><figure><a href=\"https:\/\/www.vivonsbachy.fr\/wp-content\/uploads\/2022\/06\/7e\u0301me-marche-du-muguet-IMG_0032-01-mai-2022.jpg\" class=\"gallery_colorbox\"><img loading=\"lazy\" decoding=\"async\" width=\"1024\" height=\"683\" src=\"https:\/\/www.vivonsbachy.fr\/wp-content\/uploads\/2022\/06\/7e\u0301me-marche-du-muguet-IMG_0032-01-mai-2022-1024x683.jpg\"  alt=\"\" data-id=\"6217\" data-full-url=\"https:\/\/www.vivonsbachy.fr\/wp-content\/uploads\/2022\/06\/7e\u0301me-marche-du-muguet-IMG_0032-01-mai-2022.jpg\" data-link=\"https:\/\/www.vivonsbachy.fr\/?attachment_id=6217\" class=\"wp-image-6217\" srcset=\"https:\/\/www.vivonsbachy.fr\/wp-content\/uploads\/2022\/06\/7e\u0301me-marche-du-muguet-IMG_0032-01-mai-2022-1024x683.jpg 1024w, https:\/\/www.vivonsbachy.fr\/wp-content\/uploads\/2022\/06\/7e\u0301me-marche-du-muguet-IMG_0032-01-mai-2022-300x200.jpg 300w, https:\/\/www.vivonsbachy.fr\/wp-content\/uploads\/2022\/06\/7e\u0301me-marche-du-muguet-IMG_0032-01-mai-2022-768x512.jpg 768w, https:\/\/www.vivonsbachy.fr\/wp-content\/uploads\/2022\/06\/7e\u0301me-marche-du-muguet-IMG_0032-01-mai-2022-1536x1024.jpg 1536w, https:\/\/www.vivonsbachy.fr\/wp-content\/uploads\/2022\/06\/7e\u0301me-marche-du-muguet-IMG_0032-01-mai-2022.jpg 1800w\" sizes=\"(max-width: 1024px) 100vw, 1024px\" \/><\/a><\/figure><\/li><\/ul><\/figure>\n","protected":false},"excerpt":{"rendered":"<p>Gros succ\u00e8s pour cette 7\u00e8me marche du muguet apr\u00e8s 2 ann\u00e9es d&rsquo;abstinence pour cause de crise sanitaire. 2 parcours ont \u00e9t\u00e9 propos\u00e9s aux 150 personnes qui ont particip\u00e9 \u00e0 cette journ\u00e9e conviviale.<\/p>\n","protected":false},"author":1,"featured_media":0,"parent":6197,"menu_order":0,"comment_status":"closed","ping_status":"closed","template":"","meta":{"footnotes":""},"_links":{"self":[{"href":"https:\/\/www.vivonsbachy.fr\/index.php?rest_route=\/wp\/v2\/pages\/6208"}],"collection":[{"href":"https:\/\/www.vivonsbachy.fr\/index.php?rest_route=\/wp\/v2\/pages"}],"about":[{"href":"https:\/\/www.vivonsbachy.fr\/index.php?rest_route=\/wp\/v2\/types\/page"}],"author":[{"embeddable":true,"href":"https:\/\/www.vivonsbachy.fr\/index.php?rest_route=\/wp\/v2\/users\/1"}],"replies":[{"embeddable":true,"href":"https:\/\/www.vivonsbachy.fr\/index.php?rest_route=%2Fwp%2Fv2%2Fcomments&post=6208"}],"version-history":[{"count":2,"href":"https:\/\/www.vivonsbachy.fr\/index.php?rest_route=\/wp\/v2\/pages\/6208\/revisions"}],"predecessor-version":[{"id":6219,"href":"https:\/\/www.vivonsbachy.fr\/index.php?rest_route=\/wp\/v2\/pages\/6208\/revisions\/6219"}],"up":[{"embeddable":true,"href":"https:\/\/www.vivonsbachy.fr\/index.php?rest_route=\/wp\/v2\/pages\/6197"}],"wp:attachment":[{"href":"https:\/\/www.vivonsbachy.fr\/index.php?rest_route=%2Fwp%2Fv2%2Fmedia&parent=6208"}],"curies":[{"name":"wp","href":"https:\/\/api.w.org\/{rel}","templated":true}]}}