{"id":5509,"date":"2018-05-02T18:35:04","date_gmt":"2018-05-02T16:35:04","guid":{"rendered":"http:\/\/www.vivonsbachy.fr\/?page_id=5509"},"modified":"2018-10-13T11:06:11","modified_gmt":"2018-10-13T09:06:11","slug":"2-fete-du-poireau-a-moncheaux","status":"publish","type":"page","link":"https:\/\/www.vivonsbachy.fr\/?page_id=5509","title":{"rendered":"02 &#8211; F&ecirc;te du poireau &agrave; Moncheaux 8 avril"},"content":{"rendered":"<p align=\"justify\"><span style=\"font-family: Arial; font-size: large;\">6 membres de Vivons Bachy se sont d\u00e9plac\u00e9s avec Antoine de Baissy aux festivit\u00e9s de Moncheaux. Apr\u00e8s un d\u00e9but de matin\u00e9e pluvieux, le beau temps a fait son apparition et c\u2019est une f\u00eate r\u00e9ussie qui s\u2019est d\u00e9roul\u00e9e avec comme d\u2019habitude \u00e0 Moncheaux, un repas et un spectacle de qualit\u00e9<\/span><\/p>\n<p align=\"center\"><a href=\"http:\/\/www.vivonsbachy.fr\/wp-content\/uploads\/2018\/05\/IMG_4320.jpg\" class=\"gallery_colorbox\"><img loading=\"lazy\" decoding=\"async\" style=\"margin: 0px; display: inline; background-image: none;\" title=\"\" src=\"http:\/\/www.vivonsbachy.fr\/wp-content\/uploads\/2018\/05\/IMG_4320_thumb.jpg\"  alt=\"\" width=\"244\" height=\"164\" border=\"0\"><\/a>&nbsp;<a href=\"http:\/\/www.vivonsbachy.fr\/wp-content\/uploads\/2018\/05\/IMG_4321.jpg\" class=\"gallery_colorbox\"><img loading=\"lazy\" decoding=\"async\" style=\"margin: 0px; display: inline; background-image: none;\" title=\"\" src=\"http:\/\/www.vivonsbachy.fr\/wp-content\/uploads\/2018\/05\/IMG_4321_thumb.jpg\"  alt=\"\" width=\"244\" height=\"164\" border=\"0\"><\/a><a href=\"http:\/\/www.vivonsbachy.fr\/wp-content\/uploads\/2018\/05\/IMG_4323.jpg\" class=\"gallery_colorbox\"><img loading=\"lazy\" decoding=\"async\" style=\"margin: 0px; display: inline; background-image: none;\" title=\"\" src=\"http:\/\/www.vivonsbachy.fr\/wp-content\/uploads\/2018\/05\/IMG_4323_thumb.jpg\"  alt=\"\" width=\"164\" height=\"244\" border=\"0\"><\/a>&nbsp;<a href=\"http:\/\/www.vivonsbachy.fr\/wp-content\/uploads\/2018\/05\/IMG_4324.jpg\" class=\"gallery_colorbox\"><img loading=\"lazy\" decoding=\"async\" style=\"margin: 0px; display: inline; background-image: none;\" title=\"\" src=\"http:\/\/www.vivonsbachy.fr\/wp-content\/uploads\/2018\/05\/IMG_4324_thumb.jpg\"  alt=\"\" width=\"164\" height=\"244\" border=\"0\"><\/a>&nbsp;<a href=\"http:\/\/www.vivonsbachy.fr\/wp-content\/uploads\/2018\/05\/IMG_4327.jpg\" class=\"gallery_colorbox\"><img loading=\"lazy\" decoding=\"async\" style=\"margin: 0px; display: inline; background-image: none;\" title=\"\" src=\"http:\/\/www.vivonsbachy.fr\/wp-content\/uploads\/2018\/05\/IMG_4327_thumb.jpg\"  alt=\"\" width=\"244\" height=\"171\" border=\"0\"><\/a>&nbsp;<a href=\"http:\/\/www.vivonsbachy.fr\/wp-content\/uploads\/2018\/05\/IMG_4333.jpg\" class=\"gallery_colorbox\"><img loading=\"lazy\" decoding=\"async\" style=\"display: inline; background-image: none;\" title=\"\" src=\"http:\/\/www.vivonsbachy.fr\/wp-content\/uploads\/2018\/05\/IMG_4333_thumb.jpg\"  alt=\"\" width=\"164\" height=\"244\" border=\"0\"><\/a>&nbsp;<a href=\"http:\/\/www.vivonsbachy.fr\/wp-content\/uploads\/2018\/05\/IMG_4329.jpg\" class=\"gallery_colorbox\"><img loading=\"lazy\" decoding=\"async\" style=\"margin: 0px; display: inline; background-image: none;\" title=\"\" src=\"http:\/\/www.vivonsbachy.fr\/wp-content\/uploads\/2018\/05\/IMG_4329_thumb.jpg\"  alt=\"\" width=\"244\" height=\"164\" border=\"0\"><\/a><a href=\"http:\/\/www.vivonsbachy.fr\/wp-content\/uploads\/2018\/05\/IMG_4331.jpg\" class=\"gallery_colorbox\"><img loading=\"lazy\" decoding=\"async\" style=\"margin: 0px; display: inline; background-image: none;\" title=\"\" src=\"http:\/\/www.vivonsbachy.fr\/wp-content\/uploads\/2018\/05\/IMG_4331_thumb.jpg\"  alt=\"\" width=\"244\" height=\"164\" border=\"0\"><\/a>&nbsp; <a href=\"http:\/\/www.vivonsbachy.fr\/wp-content\/uploads\/2018\/05\/IMG_4334.jpg\" class=\"gallery_colorbox\"><img loading=\"lazy\" decoding=\"async\" style=\"margin: 0px; display: inline; background-image: none;\" title=\"\" src=\"http:\/\/www.vivonsbachy.fr\/wp-content\/uploads\/2018\/05\/IMG_4334_thumb.jpg\"  alt=\"\" width=\"244\" height=\"164\" border=\"0\"><\/a><a href=\"http:\/\/www.vivonsbachy.fr\/wp-content\/uploads\/2018\/05\/IMG_4338.jpg\" class=\"gallery_colorbox\"><img loading=\"lazy\" decoding=\"async\" style=\"margin: 0px; display: inline; background-image: none;\" title=\"\" src=\"http:\/\/www.vivonsbachy.fr\/wp-content\/uploads\/2018\/05\/IMG_4338_thumb.jpg\"  alt=\"\" width=\"244\" height=\"164\" border=\"0\"><\/a>&nbsp; <a href=\"http:\/\/www.vivonsbachy.fr\/wp-content\/uploads\/2018\/05\/IMG_4341.jpg\" class=\"gallery_colorbox\"><img loading=\"lazy\" decoding=\"async\" style=\"margin: 0px; display: inline; background-image: none;\" title=\"\" src=\"http:\/\/www.vivonsbachy.fr\/wp-content\/uploads\/2018\/05\/IMG_4341_thumb.jpg\"  alt=\"\" width=\"244\" height=\"164\" border=\"0\"><\/a><a href=\"http:\/\/www.vivonsbachy.fr\/wp-content\/uploads\/2018\/05\/IMG_4342.jpg\" class=\"gallery_colorbox\"><img loading=\"lazy\" decoding=\"async\" style=\"margin: 0px; display: inline; background-image: none;\" title=\"\" src=\"http:\/\/www.vivonsbachy.fr\/wp-content\/uploads\/2018\/05\/IMG_4342_thumb.jpg\"  alt=\"\" width=\"164\" height=\"244\" border=\"0\"><\/a>&nbsp;<a href=\"http:\/\/www.vivonsbachy.fr\/wp-content\/uploads\/2018\/05\/IMG_4343.jpg\" class=\"gallery_colorbox\"><img loading=\"lazy\" decoding=\"async\" style=\"margin: 0px; display: inline; background-image: none;\" title=\"\" src=\"http:\/\/www.vivonsbachy.fr\/wp-content\/uploads\/2018\/05\/IMG_4343_thumb.jpg\"  alt=\"\" width=\"164\" height=\"244\" border=\"0\"><\/a>&nbsp;<a href=\"http:\/\/www.vivonsbachy.fr\/wp-content\/uploads\/2018\/05\/IMG_4347.jpg\" class=\"gallery_colorbox\"><img loading=\"lazy\" decoding=\"async\" style=\"margin: 0px; display: inline; background-image: none;\" title=\"\" src=\"http:\/\/www.vivonsbachy.fr\/wp-content\/uploads\/2018\/05\/IMG_4347_thumb.jpg\"  alt=\"\" width=\"164\" height=\"244\" border=\"0\"><\/a><a href=\"http:\/\/www.vivonsbachy.fr\/wp-content\/uploads\/2018\/05\/IMG_4349.jpg\" class=\"gallery_colorbox\"><img loading=\"lazy\" decoding=\"async\" style=\"margin: 0px; display: inline; background-image: none;\" title=\"\" src=\"http:\/\/www.vivonsbachy.fr\/wp-content\/uploads\/2018\/05\/IMG_4349_thumb.jpg\"  alt=\"\" width=\"244\" height=\"164\" border=\"0\"><\/a>&nbsp;&nbsp; <a href=\"http:\/\/www.vivonsbachy.fr\/wp-content\/uploads\/2018\/05\/IMG_4352.jpg\" class=\"gallery_colorbox\"><img loading=\"lazy\" decoding=\"async\" style=\"margin: 0px; display: inline; background-image: none;\" title=\"\" src=\"http:\/\/www.vivonsbachy.fr\/wp-content\/uploads\/2018\/05\/IMG_4352_thumb.jpg\"  alt=\"\" width=\"244\" height=\"164\" border=\"0\"><\/a><a href=\"http:\/\/www.vivonsbachy.fr\/wp-content\/uploads\/2018\/05\/IMG_4354.jpg\" class=\"gallery_colorbox\"><img loading=\"lazy\" decoding=\"async\" style=\"display: inline; background-image: none;\" title=\"\" src=\"http:\/\/www.vivonsbachy.fr\/wp-content\/uploads\/2018\/05\/IMG_4354_thumb.jpg\"  alt=\"\" width=\"244\" height=\"164\" border=\"0\"><\/a><\/p>\n","protected":false},"excerpt":{"rendered":"<p>6 membres de Vivons Bachy se sont d\u00e9plac\u00e9s avec Antoine de Baissy aux festivit\u00e9s de Moncheaux. Apr\u00e8s un d\u00e9but de matin\u00e9e pluvieux, le beau temps a fait son apparition et c\u2019est une f\u00eate r\u00e9ussie qui s\u2019est d\u00e9roul\u00e9e avec comme d\u2019habitude &hellip; <a href=\"https:\/\/www.vivonsbachy.fr\/?page_id=5509\">Continuer la lecture <span class=\"meta-nav\">&rarr;<\/span><\/a><\/p>\n","protected":false},"author":1,"featured_media":0,"parent":5505,"menu_order":0,"comment_status":"closed","ping_status":"closed","template":"","meta":{"footnotes":""},"_links":{"self":[{"href":"https:\/\/www.vivonsbachy.fr\/index.php?rest_route=\/wp\/v2\/pages\/5509"}],"collection":[{"href":"https:\/\/www.vivonsbachy.fr\/index.php?rest_route=\/wp\/v2\/pages"}],"about":[{"href":"https:\/\/www.vivonsbachy.fr\/index.php?rest_route=\/wp\/v2\/types\/page"}],"author":[{"embeddable":true,"href":"https:\/\/www.vivonsbachy.fr\/index.php?rest_route=\/wp\/v2\/users\/1"}],"replies":[{"embeddable":true,"href":"https:\/\/www.vivonsbachy.fr\/index.php?rest_route=%2Fwp%2Fv2%2Fcomments&post=5509"}],"version-history":[{"count":4,"href":"https:\/\/www.vivonsbachy.fr\/index.php?rest_route=\/wp\/v2\/pages\/5509\/revisions"}],"predecessor-version":[{"id":5932,"href":"https:\/\/www.vivonsbachy.fr\/index.php?rest_route=\/wp\/v2\/pages\/5509\/revisions\/5932"}],"up":[{"embeddable":true,"href":"https:\/\/www.vivonsbachy.fr\/index.php?rest_route=\/wp\/v2\/pages\/5505"}],"wp:attachment":[{"href":"https:\/\/www.vivonsbachy.fr\/index.php?rest_route=%2Fwp%2Fv2%2Fmedia&parent=5509"}],"curies":[{"name":"wp","href":"https:\/\/api.w.org\/{rel}","templated":true}]}}