{"id":4015,"date":"2016-07-10T18:58:54","date_gmt":"2016-07-10T16:58:54","guid":{"rendered":"http:\/\/www.vivonsbachy.fr\/?page_id=4015"},"modified":"2016-07-10T19:14:10","modified_gmt":"2016-07-10T17:14:10","slug":"3-1er-mai-3eme-marche-du-muguet","status":"publish","type":"page","link":"https:\/\/www.vivonsbachy.fr\/?page_id=4015","title":{"rendered":"3 &#8211; 1er mai &#8211; 3&egrave;me Marche du muguet"},"content":{"rendered":"<p>Pr\u00e8s de 80 personnes ont particip\u00e9 \u00e0 cette 3\u00e8me marche du muguet. Le beau temps \u00e9tait au rendez vous pour une promenade conviviale.<\/p>\n<p> 3 circuits ont \u00e9t\u00e9 propos\u00e9s : 4, 6 et 11 km. la marche a suivi le circuit \u201csur les pas de Monique\u201d. Un quiz relatif \u00e0 Henriette Hannote (Monique) a permis aux participants d\u2019essayer de gagner un panier garni de produit locaux<\/p>\n<p align=\"center\">&nbsp;<a href=\"http:\/\/www.vivonsbachy.fr\/wp-content\/uploads\/2016\/07\/Marche-du-Muguet-253A0762-01-mai-2016.jpg\" class=\"gallery_colorbox\"><img loading=\"lazy\" decoding=\"async\" title=\"Marche du Muguet  - 253A0762 - 01 mai 2016\" style=\"border-top: 0px; border-right: 0px; background-image: none; border-bottom: 0px; padding-top: 0px; padding-left: 0px; border-left: 0px; margin: 0px; display: inline; padding-right: 0px\" border=\"0\" alt=\"Marche du Muguet  - 253A0762 - 01 mai 2016\" src=\"http:\/\/www.vivonsbachy.fr\/wp-content\/uploads\/2016\/07\/Marche-du-Muguet-253A0762-01-mai-2016_thumb.jpg\"  width=\"244\" height=\"164\"><\/a><a href=\"http:\/\/www.vivonsbachy.fr\/wp-content\/uploads\/2016\/07\/Marche-du-Muguet-253A0763-01-mai-2016.jpg\" class=\"gallery_colorbox\"><img loading=\"lazy\" decoding=\"async\" title=\"Marche du Muguet  - 253A0763 - 01 mai 2016\" style=\"border-top: 0px; border-right: 0px; background-image: none; border-bottom: 0px; padding-top: 0px; padding-left: 0px; border-left: 0px; margin: 0px; display: inline; padding-right: 0px\" border=\"0\" alt=\"Marche du Muguet  - 253A0763 - 01 mai 2016\" src=\"http:\/\/www.vivonsbachy.fr\/wp-content\/uploads\/2016\/07\/Marche-du-Muguet-253A0763-01-mai-2016_thumb.jpg\"  width=\"244\" height=\"164\"><\/a><a href=\"http:\/\/www.vivonsbachy.fr\/wp-content\/uploads\/2016\/07\/Marche-du-Muguet-253A0765-01-mai-2016.jpg\" class=\"gallery_colorbox\"><img loading=\"lazy\" decoding=\"async\" title=\"Marche du Muguet  - 253A0765 - 01 mai 2016\" style=\"border-top: 0px; border-right: 0px; background-image: none; border-bottom: 0px; padding-top: 0px; padding-left: 0px; border-left: 0px; margin: 0px; display: inline; padding-right: 0px\" border=\"0\" alt=\"Marche du Muguet  - 253A0765 - 01 mai 2016\" src=\"http:\/\/www.vivonsbachy.fr\/wp-content\/uploads\/2016\/07\/Marche-du-Muguet-253A0765-01-mai-2016_thumb.jpg\"  width=\"244\" height=\"164\"><\/a><a href=\"http:\/\/www.vivonsbachy.fr\/wp-content\/uploads\/2016\/07\/Marche-du-Muguet-253A0766-01-mai-2016.jpg\" class=\"gallery_colorbox\"><img loading=\"lazy\" decoding=\"async\" title=\"Marche du Muguet  - 253A0766 - 01 mai 2016\" style=\"border-top: 0px; border-right: 0px; background-image: none; border-bottom: 0px; padding-top: 0px; padding-left: 0px; border-left: 0px; margin: 0px; display: inline; padding-right: 0px\" border=\"0\" alt=\"Marche du Muguet  - 253A0766 - 01 mai 2016\" src=\"http:\/\/www.vivonsbachy.fr\/wp-content\/uploads\/2016\/07\/Marche-du-Muguet-253A0766-01-mai-2016_thumb.jpg\"  width=\"244\" height=\"164\"><\/a><a href=\"http:\/\/www.vivonsbachy.fr\/wp-content\/uploads\/2016\/07\/Marche-du-Muguet-253A0772-01-mai-2016.jpg\" class=\"gallery_colorbox\"><img loading=\"lazy\" decoding=\"async\" title=\"Marche du Muguet  - 253A0772 - 01 mai 2016\" style=\"border-top: 0px; border-right: 0px; background-image: none; border-bottom: 0px; padding-top: 0px; padding-left: 0px; border-left: 0px; margin: 0px; display: inline; padding-right: 0px\" border=\"0\" alt=\"Marche du Muguet  - 253A0772 - 01 mai 2016\" src=\"http:\/\/www.vivonsbachy.fr\/wp-content\/uploads\/2016\/07\/Marche-du-Muguet-253A0772-01-mai-2016_thumb.jpg\"  width=\"244\" height=\"133\"><\/a><a href=\"http:\/\/www.vivonsbachy.fr\/wp-content\/uploads\/2016\/07\/Marche-du-Muguet-253A0775-01-mai-2016.jpg\" class=\"gallery_colorbox\"><img loading=\"lazy\" decoding=\"async\" title=\"Marche du Muguet  - 253A0775 - 01 mai 2016\" style=\"border-top: 0px; border-right: 0px; background-image: none; border-bottom: 0px; padding-top: 0px; padding-left: 0px; border-left: 0px; margin: 0px; display: inline; padding-right: 0px\" border=\"0\" alt=\"Marche du Muguet  - 253A0775 - 01 mai 2016\" src=\"http:\/\/www.vivonsbachy.fr\/wp-content\/uploads\/2016\/07\/Marche-du-Muguet-253A0775-01-mai-2016_thumb.jpg\"  width=\"244\" height=\"164\"><\/a><a href=\"http:\/\/www.vivonsbachy.fr\/wp-content\/uploads\/2016\/07\/Marche-du-muguet-IMG_1587-01-mai-2016.jpg\" class=\"gallery_colorbox\"><img loading=\"lazy\" decoding=\"async\" title=\"Marche du muguet - IMG_1587 - 01 mai 2016\" style=\"border-top: 0px; border-right: 0px; background-image: none; border-bottom: 0px; padding-top: 0px; padding-left: 0px; border-left: 0px; margin: 0px; display: inline; padding-right: 0px\" border=\"0\" alt=\"Marche du muguet - IMG_1587 - 01 mai 2016\" src=\"http:\/\/www.vivonsbachy.fr\/wp-content\/uploads\/2016\/07\/Marche-du-muguet-IMG_1587-01-mai-2016_thumb.jpg\"  width=\"214\" height=\"244\"><\/a><a href=\"http:\/\/www.vivonsbachy.fr\/wp-content\/uploads\/2016\/07\/Marche-du-muguet-IMG_1589-01-mai-2016.jpg\" class=\"gallery_colorbox\"><img loading=\"lazy\" decoding=\"async\" title=\"Marche du muguet - IMG_1589 - 01 mai 2016\" style=\"border-top: 0px; border-right: 0px; background-image: none; border-bottom: 0px; padding-top: 0px; padding-left: 0px; border-left: 0px; margin: 0px; display: inline; padding-right: 0px\" border=\"0\" alt=\"Marche du muguet - IMG_1589 - 01 mai 2016\" src=\"http:\/\/www.vivonsbachy.fr\/wp-content\/uploads\/2016\/07\/Marche-du-muguet-IMG_1589-01-mai-2016_thumb.jpg\"  width=\"164\" height=\"244\"><\/a><\/p>\n<p align=\"center\"><a href=\"http:\/\/www.vivonsbachy.fr\/wp-content\/uploads\/2016\/07\/Marche-du-muguet-IMG_1577-01-mai-2016.jpg\" class=\"gallery_colorbox\"><img loading=\"lazy\" decoding=\"async\" title=\"Marche du muguet - IMG_1577 - 01 mai 2016\" style=\"border-top: 0px; border-right: 0px; background-image: none; border-bottom: 0px; padding-top: 0px; padding-left: 0px; border-left: 0px; display: inline; padding-right: 0px\" border=\"0\" alt=\"Marche du muguet - IMG_1577 - 01 mai 2016\" src=\"http:\/\/www.vivonsbachy.fr\/wp-content\/uploads\/2016\/07\/Marche-du-muguet-IMG_1577-01-mai-2016_thumb.jpg\"  width=\"244\" height=\"164\"><\/a><a href=\"http:\/\/www.vivonsbachy.fr\/wp-content\/uploads\/2016\/07\/Marche-du-muguet-IMG_1591-01-mai-2016.jpg\" class=\"gallery_colorbox\"><img loading=\"lazy\" decoding=\"async\" title=\"Marche du muguet - IMG_1591 - 01 mai 2016\" style=\"border-top: 0px; border-right: 0px; background-image: none; border-bottom: 0px; padding-top: 0px; padding-left: 0px; border-left: 0px; margin: 0px; display: inline; padding-right: 0px\" border=\"0\" alt=\"Marche du muguet - IMG_1591 - 01 mai 2016\" src=\"http:\/\/www.vivonsbachy.fr\/wp-content\/uploads\/2016\/07\/Marche-du-muguet-IMG_1591-01-mai-2016_thumb.jpg\"  width=\"244\" height=\"164\"><\/a><a href=\"http:\/\/www.vivonsbachy.fr\/wp-content\/uploads\/2016\/07\/Marche-du-muguet-IMG_1592-01-mai-2016.jpg\" class=\"gallery_colorbox\"><img loading=\"lazy\" decoding=\"async\" title=\"Marche du muguet - IMG_1592 - 01 mai 2016\" style=\"border-top: 0px; border-right: 0px; background-image: none; border-bottom: 0px; padding-top: 0px; padding-left: 0px; border-left: 0px; margin: 0px; display: inline; padding-right: 0px\" border=\"0\" alt=\"Marche du muguet - IMG_1592 - 01 mai 2016\" src=\"http:\/\/www.vivonsbachy.fr\/wp-content\/uploads\/2016\/07\/Marche-du-muguet-IMG_1592-01-mai-2016_thumb.jpg\"  width=\"244\" height=\"162\"><\/a><a href=\"http:\/\/www.vivonsbachy.fr\/wp-content\/uploads\/2016\/07\/Marche-du-muguet-IMG_1593-01-mai-2016.jpg\" class=\"gallery_colorbox\"><img loading=\"lazy\" decoding=\"async\" title=\"Marche du muguet - IMG_1593 - 01 mai 2016\" style=\"border-top: 0px; border-right: 0px; background-image: none; border-bottom: 0px; padding-top: 0px; padding-left: 0px; border-left: 0px; margin: 0px; display: inline; padding-right: 0px\" border=\"0\" alt=\"Marche du muguet - IMG_1593 - 01 mai 2016\" src=\"http:\/\/www.vivonsbachy.fr\/wp-content\/uploads\/2016\/07\/Marche-du-muguet-IMG_1593-01-mai-2016_thumb.jpg\"  width=\"244\" height=\"225\"><\/a><a href=\"http:\/\/www.vivonsbachy.fr\/wp-content\/uploads\/2016\/07\/Marche-du-muguet-IMG_1594-01-mai-2016.jpg\" class=\"gallery_colorbox\"><img loading=\"lazy\" decoding=\"async\" title=\"Marche du muguet - IMG_1594 - 01 mai 2016\" style=\"border-top: 0px; border-right: 0px; background-image: none; border-bottom: 0px; padding-top: 0px; padding-left: 0px; border-left: 0px; margin: 0px; display: inline; padding-right: 0px\" border=\"0\" alt=\"Marche du muguet - IMG_1594 - 01 mai 2016\" src=\"http:\/\/www.vivonsbachy.fr\/wp-content\/uploads\/2016\/07\/Marche-du-muguet-IMG_1594-01-mai-2016_thumb.jpg\"  width=\"244\" height=\"158\"><\/a><a href=\"http:\/\/www.vivonsbachy.fr\/wp-content\/uploads\/2016\/07\/Marche-du-muguet-IMG_1595-01-mai-2016.jpg\" class=\"gallery_colorbox\"><img loading=\"lazy\" decoding=\"async\" title=\"Marche du muguet - IMG_1595 - 01 mai 2016\" style=\"border-top: 0px; border-right: 0px; background-image: none; border-bottom: 0px; padding-top: 0px; padding-left: 0px; border-left: 0px; margin: 0px; display: inline; padding-right: 0px\" border=\"0\" alt=\"Marche du muguet - IMG_1595 - 01 mai 2016\" src=\"http:\/\/www.vivonsbachy.fr\/wp-content\/uploads\/2016\/07\/Marche-du-muguet-IMG_1595-01-mai-2016_thumb.jpg\"  width=\"244\" height=\"229\"><\/a><a href=\"http:\/\/www.vivonsbachy.fr\/wp-content\/uploads\/2016\/07\/Marche-du-muguet-IMG_1596-01-mai-2016.jpg\" class=\"gallery_colorbox\"><img loading=\"lazy\" decoding=\"async\" title=\"Marche du muguet - IMG_1596 - 01 mai 2016\" style=\"border-top: 0px; border-right: 0px; background-image: none; border-bottom: 0px; padding-top: 0px; padding-left: 0px; border-left: 0px; margin: 0px; display: inline; padding-right: 0px\" border=\"0\" alt=\"Marche du muguet - IMG_1596 - 01 mai 2016\" src=\"http:\/\/www.vivonsbachy.fr\/wp-content\/uploads\/2016\/07\/Marche-du-muguet-IMG_1596-01-mai-2016_thumb.jpg\"  width=\"244\" height=\"172\"><\/a><a href=\"http:\/\/www.vivonsbachy.fr\/wp-content\/uploads\/2016\/07\/Marche-du-muguet-IMG_1597-01-mai-2016.jpg\" class=\"gallery_colorbox\"><img loading=\"lazy\" decoding=\"async\" title=\"Marche du muguet - IMG_1597 - 01 mai 2016\" style=\"border-top: 0px; border-right: 0px; background-image: none; border-bottom: 0px; padding-top: 0px; padding-left: 0px; border-left: 0px; margin: 0px; display: inline; padding-right: 0px\" border=\"0\" alt=\"Marche du muguet - IMG_1597 - 01 mai 2016\" src=\"http:\/\/www.vivonsbachy.fr\/wp-content\/uploads\/2016\/07\/Marche-du-muguet-IMG_1597-01-mai-2016_thumb.jpg\"  width=\"244\" height=\"164\"><\/a><a href=\"http:\/\/www.vivonsbachy.fr\/wp-content\/uploads\/2016\/07\/Marche-du-muguet-IMG_1598-01-mai-2016.jpg\" class=\"gallery_colorbox\"><img loading=\"lazy\" decoding=\"async\" title=\"Marche du muguet - IMG_1598 - 01 mai 2016\" style=\"border-top: 0px; border-right: 0px; background-image: none; border-bottom: 0px; padding-top: 0px; padding-left: 0px; border-left: 0px; margin: 0px; display: inline; padding-right: 0px\" border=\"0\" alt=\"Marche du muguet - IMG_1598 - 01 mai 2016\" src=\"http:\/\/www.vivonsbachy.fr\/wp-content\/uploads\/2016\/07\/Marche-du-muguet-IMG_1598-01-mai-2016_thumb.jpg\"  width=\"244\" height=\"154\"><\/a><a href=\"http:\/\/www.vivonsbachy.fr\/wp-content\/uploads\/2016\/07\/Marche-du-muguet-IMG_1600-01-mai-2016.jpg\" class=\"gallery_colorbox\"><img loading=\"lazy\" decoding=\"async\" title=\"Marche du muguet - IMG_1600 - 01 mai 2016\" style=\"border-top: 0px; border-right: 0px; background-image: none; border-bottom: 0px; padding-top: 0px; padding-left: 0px; border-left: 0px; margin: 0px; display: inline; padding-right: 0px\" border=\"0\" alt=\"Marche du muguet - IMG_1600 - 01 mai 2016\" src=\"http:\/\/www.vivonsbachy.fr\/wp-content\/uploads\/2016\/07\/Marche-du-muguet-IMG_1600-01-mai-2016_thumb.jpg\"  width=\"244\" height=\"179\"><\/a><a href=\"http:\/\/www.vivonsbachy.fr\/wp-content\/uploads\/2016\/07\/Marche-du-muguet-IMG_1601-01-mai-2016.jpg\" class=\"gallery_colorbox\"><img loading=\"lazy\" decoding=\"async\" title=\"Marche du muguet - IMG_1601 - 01 mai 2016\" style=\"border-top: 0px; border-right: 0px; background-image: none; border-bottom: 0px; padding-top: 0px; padding-left: 0px; border-left: 0px; margin: 0px; display: inline; padding-right: 0px\" border=\"0\" alt=\"Marche du muguet - IMG_1601 - 01 mai 2016\" src=\"http:\/\/www.vivonsbachy.fr\/wp-content\/uploads\/2016\/07\/Marche-du-muguet-IMG_1601-01-mai-2016_thumb.jpg\"  width=\"244\" height=\"164\"><\/a><a href=\"http:\/\/www.vivonsbachy.fr\/wp-content\/uploads\/2016\/07\/Marche-du-muguet-IMG_1604-01-mai-2016.jpg\" class=\"gallery_colorbox\"><img loading=\"lazy\" decoding=\"async\" title=\"Marche du muguet - IMG_1604 - 01 mai 2016\" style=\"border-top: 0px; border-right: 0px; background-image: none; border-bottom: 0px; padding-top: 0px; padding-left: 0px; border-left: 0px; margin: 0px; display: inline; padding-right: 0px\" border=\"0\" alt=\"Marche du muguet - IMG_1604 - 01 mai 2016\" src=\"http:\/\/www.vivonsbachy.fr\/wp-content\/uploads\/2016\/07\/Marche-du-muguet-IMG_1604-01-mai-2016_thumb.jpg\"  width=\"244\" height=\"190\"><\/a><a href=\"http:\/\/www.vivonsbachy.fr\/wp-content\/uploads\/2016\/07\/Marche-du-muguet-IMG_1605-01-mai-2016.jpg\" class=\"gallery_colorbox\"><img loading=\"lazy\" decoding=\"async\" title=\"Marche du muguet - IMG_1605 - 01 mai 2016\" style=\"border-top: 0px; border-right: 0px; background-image: none; border-bottom: 0px; padding-top: 0px; padding-left: 0px; border-left: 0px; margin: 0px; display: inline; padding-right: 0px\" border=\"0\" alt=\"Marche du muguet - IMG_1605 - 01 mai 2016\" src=\"http:\/\/www.vivonsbachy.fr\/wp-content\/uploads\/2016\/07\/Marche-du-muguet-IMG_1605-01-mai-2016_thumb.jpg\"  width=\"230\" height=\"244\"><\/a><a href=\"http:\/\/www.vivonsbachy.fr\/wp-content\/uploads\/2016\/07\/Marche-du-muguet-IMG_1606-01-mai-2016.jpg\" class=\"gallery_colorbox\"><img loading=\"lazy\" decoding=\"async\" title=\"Marche du muguet - IMG_1606 - 01 mai 2016\" style=\"border-top: 0px; border-right: 0px; background-image: none; border-bottom: 0px; padding-top: 0px; padding-left: 0px; border-left: 0px; display: inline; padding-right: 0px\" border=\"0\" alt=\"Marche du muguet - IMG_1606 - 01 mai 2016\" src=\"http:\/\/www.vivonsbachy.fr\/wp-content\/uploads\/2016\/07\/Marche-du-muguet-IMG_1606-01-mai-2016_thumb.jpg\"  width=\"244\" height=\"164\"><\/a><a href=\"http:\/\/www.vivonsbachy.fr\/wp-content\/uploads\/2016\/07\/Marche-du-muguet-IMG_1588-01-mai-2016.jpg\" class=\"gallery_colorbox\"><img loading=\"lazy\" decoding=\"async\" title=\"Marche du muguet - IMG_1588 - 01 mai 2016\" style=\"border-top: 0px; border-right: 0px; background-image: none; border-bottom: 0px; padding-top: 0px; padding-left: 0px; border-left: 0px; display: inline; padding-right: 0px\" border=\"0\" alt=\"Marche du muguet - IMG_1588 - 01 mai 2016\" src=\"http:\/\/www.vivonsbachy.fr\/wp-content\/uploads\/2016\/07\/Marche-du-muguet-IMG_1588-01-mai-2016_thumb.jpg\"  width=\"244\" height=\"164\"><\/a><\/p>\n","protected":false},"excerpt":{"rendered":"<p>Pr\u00e8s de 80 personnes ont particip\u00e9 \u00e0 cette 3\u00e8me marche du muguet. Le beau temps \u00e9tait au rendez vous pour une promenade conviviale. 3 circuits ont \u00e9t\u00e9 propos\u00e9s : 4, 6 et 11 km. la marche a suivi le circuit &hellip; <a href=\"https:\/\/www.vivonsbachy.fr\/?page_id=4015\">Continuer la lecture <span class=\"meta-nav\">&rarr;<\/span><\/a><\/p>\n","protected":false},"author":1,"featured_media":0,"parent":3911,"menu_order":0,"comment_status":"open","ping_status":"open","template":"","meta":{"footnotes":""},"_links":{"self":[{"href":"https:\/\/www.vivonsbachy.fr\/index.php?rest_route=\/wp\/v2\/pages\/4015"}],"collection":[{"href":"https:\/\/www.vivonsbachy.fr\/index.php?rest_route=\/wp\/v2\/pages"}],"about":[{"href":"https:\/\/www.vivonsbachy.fr\/index.php?rest_route=\/wp\/v2\/types\/page"}],"author":[{"embeddable":true,"href":"https:\/\/www.vivonsbachy.fr\/index.php?rest_route=\/wp\/v2\/users\/1"}],"replies":[{"embeddable":true,"href":"https:\/\/www.vivonsbachy.fr\/index.php?rest_route=%2Fwp%2Fv2%2Fcomments&post=4015"}],"version-history":[{"count":2,"href":"https:\/\/www.vivonsbachy.fr\/index.php?rest_route=\/wp\/v2\/pages\/4015\/revisions"}],"predecessor-version":[{"id":4067,"href":"https:\/\/www.vivonsbachy.fr\/index.php?rest_route=\/wp\/v2\/pages\/4015\/revisions\/4067"}],"up":[{"embeddable":true,"href":"https:\/\/www.vivonsbachy.fr\/index.php?rest_route=\/wp\/v2\/pages\/3911"}],"wp:attachment":[{"href":"https:\/\/www.vivonsbachy.fr\/index.php?rest_route=%2Fwp%2Fv2%2Fmedia&parent=4015"}],"curies":[{"name":"wp","href":"https:\/\/api.w.org\/{rel}","templated":true}]}}