{"id":2484,"date":"2015-03-25T16:23:15","date_gmt":"2015-03-25T14:23:15","guid":{"rendered":"http:\/\/www.vivonsbachy.fr\/?page_id=2484"},"modified":"2015-04-14T15:08:53","modified_gmt":"2015-04-14T13:08:53","slug":"2-fete-aux-poireaux-a-moncheaux","status":"publish","type":"page","link":"https:\/\/www.vivonsbachy.fr\/?page_id=2484","title":{"rendered":"2 &#8211; F&ecirc;te aux Poireaux &agrave; Moncheaux"},"content":{"rendered":"<p>Nous n\u2019\u00e9tions pas nombreux (7 personnes) pour le d\u00e9fil\u00e9 des g\u00e9ants organis\u00e9 par Moncheaux. Nous avons pass\u00e9 une tr\u00e8s agr\u00e9able journ\u00e9e sous un temps splendide, apr\u00e8s le d\u00e9fil\u00e9 nous avons pris le repas ensemble \u00e0 Moncheaux. Une journ\u00e9e que nous n\u2019oublierons pas!<\/p>\n<p><a href=\"http:\/\/www.vivonsbachy.fr\/wp-content\/uploads\/2015\/04\/MoncheauxIMG_829812avril2015Copier.jpg\" class=\"gallery_colorbox\"><img loading=\"lazy\" decoding=\"async\" title=\"Moncheaux -  IMG_8298-12 avril 2015 (Copier)\" style=\"border-left-width: 0px; border-right-width: 0px; border-bottom-width: 0px; display: inline; border-top-width: 0px\" border=\"0\" alt=\"Moncheaux -  IMG_8298-12 avril 2015 (Copier)\" src=\"http:\/\/www.vivonsbachy.fr\/wp-content\/uploads\/2015\/04\/MoncheauxIMG_829812avril2015Copier_thumb.jpg\"  width=\"304\" height=\"204\"><\/a> <a href=\"http:\/\/www.vivonsbachy.fr\/wp-content\/uploads\/2015\/04\/MoncheauxIMG_830112avril2015Copier.jpg\" class=\"gallery_colorbox\"><img loading=\"lazy\" decoding=\"async\" title=\"Moncheaux -  IMG_8301-12 avril 2015 (Copier)\" style=\"border-left-width: 0px; border-right-width: 0px; border-bottom-width: 0px; display: inline; border-top-width: 0px\" border=\"0\" alt=\"Moncheaux -  IMG_8301-12 avril 2015 (Copier)\" src=\"http:\/\/www.vivonsbachy.fr\/wp-content\/uploads\/2015\/04\/MoncheauxIMG_830112avril2015Copier_thumb.jpg\"  width=\"204\" height=\"304\"><\/a> <a href=\"http:\/\/www.vivonsbachy.fr\/wp-content\/uploads\/2015\/04\/MoncheauxIMG_830412avril2015Copier.jpg\" class=\"gallery_colorbox\"><img loading=\"lazy\" decoding=\"async\" title=\"Moncheaux -  IMG_8304-12 avril 2015 (Copier)\" style=\"border-left-width: 0px; border-right-width: 0px; border-bottom-width: 0px; display: inline; border-top-width: 0px\" border=\"0\" alt=\"Moncheaux -  IMG_8304-12 avril 2015 (Copier)\" src=\"http:\/\/www.vivonsbachy.fr\/wp-content\/uploads\/2015\/04\/MoncheauxIMG_830412avril2015Copier_thumb.jpg\"  width=\"204\" height=\"304\"><\/a> <a href=\"http:\/\/www.vivonsbachy.fr\/wp-content\/uploads\/2015\/04\/MoncheauxIMG_830512avril2015Copier.jpg\" class=\"gallery_colorbox\"><img loading=\"lazy\" decoding=\"async\" title=\"Moncheaux -  IMG_8305-12 avril 2015 (Copier)\" style=\"border-left-width: 0px; border-right-width: 0px; border-bottom-width: 0px; display: inline; border-top-width: 0px\" border=\"0\" alt=\"Moncheaux -  IMG_8305-12 avril 2015 (Copier)\" src=\"http:\/\/www.vivonsbachy.fr\/wp-content\/uploads\/2015\/04\/MoncheauxIMG_830512avril2015Copier_thumb.jpg\"  width=\"204\" height=\"304\"><\/a> <a href=\"http:\/\/www.vivonsbachy.fr\/wp-content\/uploads\/2015\/04\/MoncheauxIMG_830812avril2015Copier.jpg\" class=\"gallery_colorbox\"><img loading=\"lazy\" decoding=\"async\" title=\"Moncheaux -  IMG_8308-12 avril 2015 (Copier)\" style=\"border-left-width: 0px; border-right-width: 0px; border-bottom-width: 0px; display: inline; border-top-width: 0px\" border=\"0\" alt=\"Moncheaux -  IMG_8308-12 avril 2015 (Copier)\" src=\"http:\/\/www.vivonsbachy.fr\/wp-content\/uploads\/2015\/04\/MoncheauxIMG_830812avril2015Copier_thumb.jpg\"  width=\"204\" height=\"304\"><\/a> <a href=\"http:\/\/www.vivonsbachy.fr\/wp-content\/uploads\/2015\/04\/MoncheauxIMG_831212avril2015Copier.jpg\" class=\"gallery_colorbox\"><img loading=\"lazy\" decoding=\"async\" title=\"Moncheaux -  IMG_8312-12 avril 2015 (Copier)\" style=\"border-left-width: 0px; border-right-width: 0px; border-bottom-width: 0px; display: inline; border-top-width: 0px\" border=\"0\" alt=\"Moncheaux -  IMG_8312-12 avril 2015 (Copier)\" src=\"http:\/\/www.vivonsbachy.fr\/wp-content\/uploads\/2015\/04\/MoncheauxIMG_831212avril2015Copier_thumb.jpg\"  width=\"204\" height=\"304\"><\/a> <a href=\"http:\/\/www.vivonsbachy.fr\/wp-content\/uploads\/2015\/04\/MoncheauxIMG_831312avril2015Copier.jpg\" class=\"gallery_colorbox\"><img loading=\"lazy\" decoding=\"async\" title=\"Moncheaux -  IMG_8313-12 avril 2015 (Copier)\" style=\"border-left-width: 0px; border-right-width: 0px; border-bottom-width: 0px; display: inline; border-top-width: 0px\" border=\"0\" alt=\"Moncheaux -  IMG_8313-12 avril 2015 (Copier)\" src=\"http:\/\/www.vivonsbachy.fr\/wp-content\/uploads\/2015\/04\/MoncheauxIMG_831312avril2015Copier_thumb.jpg\"  width=\"304\" height=\"204\"><\/a> <a href=\"http:\/\/www.vivonsbachy.fr\/wp-content\/uploads\/2015\/04\/MoncheauxIMG_831412avril2015Copier.jpg\" class=\"gallery_colorbox\"><img loading=\"lazy\" decoding=\"async\" title=\"Moncheaux -  IMG_8314-12 avril 2015 (Copier)\" style=\"border-left-width: 0px; border-right-width: 0px; border-bottom-width: 0px; display: inline; border-top-width: 0px\" border=\"0\" alt=\"Moncheaux -  IMG_8314-12 avril 2015 (Copier)\" src=\"http:\/\/www.vivonsbachy.fr\/wp-content\/uploads\/2015\/04\/MoncheauxIMG_831412avril2015Copier_thumb.jpg\"  width=\"304\" height=\"204\"><\/a> <a href=\"http:\/\/www.vivonsbachy.fr\/wp-content\/uploads\/2015\/04\/MoncheauxIMG_831512avril2015Copier.jpg\" class=\"gallery_colorbox\"><img loading=\"lazy\" decoding=\"async\" title=\"Moncheaux -  IMG_8315-12 avril 2015 (Copier)\" style=\"border-left-width: 0px; border-right-width: 0px; border-bottom-width: 0px; display: inline; border-top-width: 0px\" border=\"0\" alt=\"Moncheaux -  IMG_8315-12 avril 2015 (Copier)\" src=\"http:\/\/www.vivonsbachy.fr\/wp-content\/uploads\/2015\/04\/MoncheauxIMG_831512avril2015Copier_thumb.jpg\"  width=\"204\" height=\"304\"><\/a> <a href=\"http:\/\/www.vivonsbachy.fr\/wp-content\/uploads\/2015\/04\/MoncheauxIMG_831612avril2015Copier.jpg\" class=\"gallery_colorbox\"><img loading=\"lazy\" decoding=\"async\" title=\"Moncheaux -  IMG_8316-12 avril 2015 (Copier)\" style=\"border-left-width: 0px; border-right-width: 0px; border-bottom-width: 0px; display: inline; border-top-width: 0px\" border=\"0\" alt=\"Moncheaux -  IMG_8316-12 avril 2015 (Copier)\" src=\"http:\/\/www.vivonsbachy.fr\/wp-content\/uploads\/2015\/04\/MoncheauxIMG_831612avril2015Copier_thumb.jpg\"  width=\"229\" height=\"304\"><\/a> <a href=\"http:\/\/www.vivonsbachy.fr\/wp-content\/uploads\/2015\/04\/MoncheauxIMG_831812avril2015Copier.jpg\" class=\"gallery_colorbox\"><img loading=\"lazy\" decoding=\"async\" title=\"Moncheaux -  IMG_8318-12 avril 2015 (Copier)\" style=\"border-left-width: 0px; border-right-width: 0px; border-bottom-width: 0px; display: inline; border-top-width: 0px\" border=\"0\" alt=\"Moncheaux -  IMG_8318-12 avril 2015 (Copier)\" src=\"http:\/\/www.vivonsbachy.fr\/wp-content\/uploads\/2015\/04\/MoncheauxIMG_831812avril2015Copier_thumb.jpg\"  width=\"204\" height=\"304\"><\/a> <a href=\"http:\/\/www.vivonsbachy.fr\/wp-content\/uploads\/2015\/04\/MoncheauxIMG_831912avril2015Copier.jpg\" class=\"gallery_colorbox\"><img loading=\"lazy\" decoding=\"async\" title=\"Moncheaux -  IMG_8319-12 avril 2015 (Copier)\" style=\"border-left-width: 0px; border-right-width: 0px; border-bottom-width: 0px; display: inline; border-top-width: 0px\" border=\"0\" alt=\"Moncheaux -  IMG_8319-12 avril 2015 (Copier)\" src=\"http:\/\/www.vivonsbachy.fr\/wp-content\/uploads\/2015\/04\/MoncheauxIMG_831912avril2015Copier_thumb.jpg\"  width=\"304\" height=\"204\"><\/a> <a href=\"http:\/\/www.vivonsbachy.fr\/wp-content\/uploads\/2015\/04\/MoncheauxIMG_832212avril2015Copier.jpg\" class=\"gallery_colorbox\"><img loading=\"lazy\" decoding=\"async\" title=\"Moncheaux -  IMG_8322-12 avril 2015 (Copier)\" style=\"border-left-width: 0px; border-right-width: 0px; border-bottom-width: 0px; display: inline; border-top-width: 0px\" border=\"0\" alt=\"Moncheaux -  IMG_8322-12 avril 2015 (Copier)\" src=\"http:\/\/www.vivonsbachy.fr\/wp-content\/uploads\/2015\/04\/MoncheauxIMG_832212avril2015Copier_thumb.jpg\"  width=\"204\" height=\"304\"><\/a> <a href=\"http:\/\/www.vivonsbachy.fr\/wp-content\/uploads\/2015\/04\/MoncheauxIMG_832412avril2015Copier.jpg\" class=\"gallery_colorbox\"><img loading=\"lazy\" decoding=\"async\" title=\"Moncheaux -  IMG_8324-12 avril 2015 (Copier)\" style=\"border-left-width: 0px; border-right-width: 0px; border-bottom-width: 0px; display: inline; border-top-width: 0px\" border=\"0\" alt=\"Moncheaux -  IMG_8324-12 avril 2015 (Copier)\" src=\"http:\/\/www.vivonsbachy.fr\/wp-content\/uploads\/2015\/04\/MoncheauxIMG_832412avril2015Copier_thumb.jpg\"  width=\"304\" height=\"204\"><\/a> <a href=\"http:\/\/www.vivonsbachy.fr\/wp-content\/uploads\/2015\/04\/MoncheauxIMG_832612avril2015Copier.jpg\" class=\"gallery_colorbox\"><img loading=\"lazy\" decoding=\"async\" title=\"Moncheaux -  IMG_8326-12 avril 2015 (Copier)\" style=\"border-left-width: 0px; border-right-width: 0px; border-bottom-width: 0px; display: inline; border-top-width: 0px\" border=\"0\" alt=\"Moncheaux -  IMG_8326-12 avril 2015 (Copier)\" src=\"http:\/\/www.vivonsbachy.fr\/wp-content\/uploads\/2015\/04\/MoncheauxIMG_832612avril2015Copier_thumb.jpg\"  width=\"304\" height=\"204\"><\/a> <a href=\"http:\/\/www.vivonsbachy.fr\/wp-content\/uploads\/2015\/04\/MoncheauxIMG_832712avril2015Copier.jpg\" class=\"gallery_colorbox\"><img loading=\"lazy\" decoding=\"async\" title=\"Moncheaux -  IMG_8327-12 avril 2015 (Copier)\" style=\"border-left-width: 0px; border-right-width: 0px; border-bottom-width: 0px; display: inline; border-top-width: 0px\" border=\"0\" alt=\"Moncheaux -  IMG_8327-12 avril 2015 (Copier)\" src=\"http:\/\/www.vivonsbachy.fr\/wp-content\/uploads\/2015\/04\/MoncheauxIMG_832712avril2015Copier_thumb.jpg\"  width=\"304\" height=\"204\"><\/a> <a href=\"http:\/\/www.vivonsbachy.fr\/wp-content\/uploads\/2015\/04\/MoncheauxIMG_832812avril2015Copier.jpg\" class=\"gallery_colorbox\"><img loading=\"lazy\" decoding=\"async\" title=\"Moncheaux -  IMG_8328-12 avril 2015 (Copier)\" style=\"border-left-width: 0px; border-right-width: 0px; border-bottom-width: 0px; display: inline; border-top-width: 0px\" border=\"0\" alt=\"Moncheaux -  IMG_8328-12 avril 2015 (Copier)\" src=\"http:\/\/www.vivonsbachy.fr\/wp-content\/uploads\/2015\/04\/MoncheauxIMG_832812avril2015Copier_thumb.jpg\"  width=\"304\" height=\"204\"><\/a> <a href=\"http:\/\/www.vivonsbachy.fr\/wp-content\/uploads\/2015\/04\/MoncheauxIMG_833112avril2015Copier.jpg\" class=\"gallery_colorbox\"><img loading=\"lazy\" decoding=\"async\" title=\"Moncheaux -  IMG_8331-12 avril 2015 (Copier)\" style=\"border-left-width: 0px; border-right-width: 0px; border-bottom-width: 0px; display: inline; border-top-width: 0px\" border=\"0\" alt=\"Moncheaux -  IMG_8331-12 avril 2015 (Copier)\" src=\"http:\/\/www.vivonsbachy.fr\/wp-content\/uploads\/2015\/04\/MoncheauxIMG_833112avril2015Copier_thumb.jpg\"  width=\"304\" height=\"204\"><\/a> <a href=\"http:\/\/www.vivonsbachy.fr\/wp-content\/uploads\/2015\/04\/MoncheauxIMG_833212avril2015Copier.jpg\" class=\"gallery_colorbox\"><img loading=\"lazy\" decoding=\"async\" title=\"Moncheaux -  IMG_8332-12 avril 2015 (Copier)\" style=\"border-left-width: 0px; border-right-width: 0px; border-bottom-width: 0px; display: inline; border-top-width: 0px\" border=\"0\" alt=\"Moncheaux -  IMG_8332-12 avril 2015 (Copier)\" src=\"http:\/\/www.vivonsbachy.fr\/wp-content\/uploads\/2015\/04\/MoncheauxIMG_833212avril2015Copier_thumb.jpg\"  width=\"204\" height=\"304\"><\/a> <a href=\"http:\/\/www.vivonsbachy.fr\/wp-content\/uploads\/2015\/04\/MoncheauxIMG_833312avril2015Copier.jpg\" class=\"gallery_colorbox\"><img loading=\"lazy\" decoding=\"async\" title=\"Moncheaux -  IMG_8333-12 avril 2015 (Copier)\" style=\"border-left-width: 0px; border-right-width: 0px; border-bottom-width: 0px; display: inline; border-top-width: 0px\" border=\"0\" alt=\"Moncheaux -  IMG_8333-12 avril 2015 (Copier)\" src=\"http:\/\/www.vivonsbachy.fr\/wp-content\/uploads\/2015\/04\/MoncheauxIMG_833312avril2015Copier_thumb.jpg\"  width=\"204\" height=\"304\"><\/a> <a href=\"http:\/\/www.vivonsbachy.fr\/wp-content\/uploads\/2015\/04\/MoncheauxIMG_833512avril2015Copier.jpg\" class=\"gallery_colorbox\"><img loading=\"lazy\" decoding=\"async\" title=\"Moncheaux -  IMG_8335-12 avril 2015 (Copier)\" style=\"border-left-width: 0px; border-right-width: 0px; border-bottom-width: 0px; display: inline; border-top-width: 0px\" border=\"0\" alt=\"Moncheaux -  IMG_8335-12 avril 2015 (Copier)\" src=\"http:\/\/www.vivonsbachy.fr\/wp-content\/uploads\/2015\/04\/MoncheauxIMG_833512avril2015Copier_thumb.jpg\"  width=\"274\" height=\"304\"><\/a> <a href=\"http:\/\/www.vivonsbachy.fr\/wp-content\/uploads\/2015\/04\/MoncheauxIMG_833912avril2015Copier.jpg\" class=\"gallery_colorbox\"><img loading=\"lazy\" decoding=\"async\" title=\"Moncheaux -  IMG_8339-12 avril 2015 (Copier)\" style=\"border-left-width: 0px; border-right-width: 0px; border-bottom-width: 0px; display: inline; border-top-width: 0px\" border=\"0\" alt=\"Moncheaux -  IMG_8339-12 avril 2015 (Copier)\" src=\"http:\/\/www.vivonsbachy.fr\/wp-content\/uploads\/2015\/04\/MoncheauxIMG_833912avril2015Copier_thumb.jpg\"  width=\"204\" height=\"304\"><\/a> <a href=\"http:\/\/www.vivonsbachy.fr\/wp-content\/uploads\/2015\/04\/MoncheauxIMG_834312avril2015Copier.jpg\" class=\"gallery_colorbox\"><img loading=\"lazy\" decoding=\"async\" title=\"Moncheaux -  IMG_8343-12 avril 2015 (Copier)\" style=\"border-left-width: 0px; border-right-width: 0px; border-bottom-width: 0px; display: inline; border-top-width: 0px\" border=\"0\" alt=\"Moncheaux -  IMG_8343-12 avril 2015 (Copier)\" src=\"http:\/\/www.vivonsbachy.fr\/wp-content\/uploads\/2015\/04\/MoncheauxIMG_834312avril2015Copier_thumb.jpg\"  width=\"204\" height=\"304\"><\/a> <a href=\"http:\/\/www.vivonsbachy.fr\/wp-content\/uploads\/2015\/04\/MoncheauxIMG_834612avril2015Copier.jpg\" class=\"gallery_colorbox\"><img loading=\"lazy\" decoding=\"async\" title=\"Moncheaux -  IMG_8346-12 avril 2015 (Copier)\" style=\"border-left-width: 0px; border-right-width: 0px; border-bottom-width: 0px; display: inline; border-top-width: 0px\" border=\"0\" alt=\"Moncheaux -  IMG_8346-12 avril 2015 (Copier)\" src=\"http:\/\/www.vivonsbachy.fr\/wp-content\/uploads\/2015\/04\/MoncheauxIMG_834612avril2015Copier_thumb.jpg\"  width=\"204\" height=\"304\"><\/a> <a href=\"http:\/\/www.vivonsbachy.fr\/wp-content\/uploads\/2015\/04\/MoncheauxIMG_834812avril2015Copier.jpg\" class=\"gallery_colorbox\"><img loading=\"lazy\" decoding=\"async\" title=\"Moncheaux -  IMG_8348-12 avril 2015 (Copier)\" style=\"border-left-width: 0px; border-right-width: 0px; border-bottom-width: 0px; display: inline; border-top-width: 0px\" border=\"0\" alt=\"Moncheaux -  IMG_8348-12 avril 2015 (Copier)\" src=\"http:\/\/www.vivonsbachy.fr\/wp-content\/uploads\/2015\/04\/MoncheauxIMG_834812avril2015Copier_thumb.jpg\"  width=\"204\" height=\"304\"><\/a> <a href=\"http:\/\/www.vivonsbachy.fr\/wp-content\/uploads\/2015\/04\/MoncheauxIMG_835512avril2015Copier.jpg\" class=\"gallery_colorbox\"><img loading=\"lazy\" decoding=\"async\" title=\"Moncheaux -  IMG_8355-12 avril 2015 (Copier)\" style=\"border-left-width: 0px; border-right-width: 0px; border-bottom-width: 0px; display: inline; border-top-width: 0px\" border=\"0\" alt=\"Moncheaux -  IMG_8355-12 avril 2015 (Copier)\" src=\"http:\/\/www.vivonsbachy.fr\/wp-content\/uploads\/2015\/04\/MoncheauxIMG_835512avril2015Copier_thumb.jpg\"  width=\"304\" height=\"204\"><\/a> <a href=\"http:\/\/www.vivonsbachy.fr\/wp-content\/uploads\/2015\/04\/MoncheauxIMG_836112avril2015Copier.jpg\" class=\"gallery_colorbox\"><img loading=\"lazy\" decoding=\"async\" title=\"Moncheaux -  IMG_8361-12 avril 2015 (Copier)\" style=\"border-left-width: 0px; border-right-width: 0px; border-bottom-width: 0px; display: inline; border-top-width: 0px\" border=\"0\" alt=\"Moncheaux -  IMG_8361-12 avril 2015 (Copier)\" src=\"http:\/\/www.vivonsbachy.fr\/wp-content\/uploads\/2015\/04\/MoncheauxIMG_836112avril2015Copier_thumb.jpg\"  width=\"304\" height=\"204\"><\/a> <a href=\"http:\/\/www.vivonsbachy.fr\/wp-content\/uploads\/2015\/04\/MoncheauxIMG_836312avril2015Copier.jpg\" class=\"gallery_colorbox\"><img loading=\"lazy\" decoding=\"async\" title=\"Moncheaux -  IMG_8363-12 avril 2015 (Copier)\" style=\"border-left-width: 0px; border-right-width: 0px; border-bottom-width: 0px; display: inline; border-top-width: 0px\" border=\"0\" alt=\"Moncheaux -  IMG_8363-12 avril 2015 (Copier)\" src=\"http:\/\/www.vivonsbachy.fr\/wp-content\/uploads\/2015\/04\/MoncheauxIMG_836312avril2015Copier_thumb.jpg\"  width=\"304\" height=\"155\"><\/a> <a href=\"http:\/\/www.vivonsbachy.fr\/wp-content\/uploads\/2015\/04\/MoncheauxIMG_836512avril2015Copier.jpg\" class=\"gallery_colorbox\"><img loading=\"lazy\" decoding=\"async\" title=\"Moncheaux -  IMG_8365-12 avril 2015 (Copier)\" style=\"border-left-width: 0px; border-right-width: 0px; border-bottom-width: 0px; display: inline; border-top-width: 0px\" border=\"0\" alt=\"Moncheaux -  IMG_8365-12 avril 2015 (Copier)\" src=\"http:\/\/www.vivonsbachy.fr\/wp-content\/uploads\/2015\/04\/MoncheauxIMG_836512avril2015Copier_thumb.jpg\"  width=\"304\" height=\"195\"><\/a> <a href=\"http:\/\/www.vivonsbachy.fr\/wp-content\/uploads\/2015\/04\/MoncheauxIMG_836712avril2015Copier.jpg\" class=\"gallery_colorbox\"><img loading=\"lazy\" decoding=\"async\" title=\"Moncheaux -  IMG_8367-12 avril 2015 (Copier)\" style=\"border-left-width: 0px; border-right-width: 0px; border-bottom-width: 0px; display: inline; border-top-width: 0px\" border=\"0\" alt=\"Moncheaux -  IMG_8367-12 avril 2015 (Copier)\" src=\"http:\/\/www.vivonsbachy.fr\/wp-content\/uploads\/2015\/04\/MoncheauxIMG_836712avril2015Copier_thumb.jpg\"  width=\"204\" height=\"304\"><\/a> <a href=\"http:\/\/www.vivonsbachy.fr\/wp-content\/uploads\/2015\/04\/MoncheauxIMG_837212avril2015Copier.jpg\" class=\"gallery_colorbox\"><img loading=\"lazy\" decoding=\"async\" title=\"Moncheaux -  IMG_8372-12 avril 2015 (Copier)\" style=\"border-left-width: 0px; border-right-width: 0px; border-bottom-width: 0px; display: inline; border-top-width: 0px\" border=\"0\" alt=\"Moncheaux -  IMG_8372-12 avril 2015 (Copier)\" src=\"http:\/\/www.vivonsbachy.fr\/wp-content\/uploads\/2015\/04\/MoncheauxIMG_837212avril2015Copier_thumb.jpg\"  width=\"304\" height=\"204\"><\/a> <a href=\"http:\/\/www.vivonsbachy.fr\/wp-content\/uploads\/2015\/04\/MoncheauxIMG_837712avril2015Copier.jpg\" class=\"gallery_colorbox\"><img loading=\"lazy\" decoding=\"async\" title=\"Moncheaux -  IMG_8377-12 avril 2015 (Copier)\" style=\"border-left-width: 0px; border-right-width: 0px; border-bottom-width: 0px; display: inline; border-top-width: 0px\" border=\"0\" alt=\"Moncheaux -  IMG_8377-12 avril 2015 (Copier)\" src=\"http:\/\/www.vivonsbachy.fr\/wp-content\/uploads\/2015\/04\/MoncheauxIMG_837712avril2015Copier_thumb.jpg\"  width=\"204\" height=\"304\"><\/a><a href=\"http:\/\/www.vivonsbachy.fr\/wp-content\/uploads\/2015\/04\/IMG_2388Copier.jpg\" class=\"gallery_colorbox\"><img loading=\"lazy\" decoding=\"async\" title=\"IMG_2388 (Copier)\" style=\"border-top: 0px; border-right: 0px; border-bottom: 0px; border-left: 0px; display: inline\" border=\"0\" alt=\"IMG_2388 (Copier)\" src=\"http:\/\/www.vivonsbachy.fr\/wp-content\/uploads\/2015\/04\/IMG_2388Copier_thumb.jpg\"  width=\"304\" height=\"229\"><\/a> <a href=\"http:\/\/www.vivonsbachy.fr\/wp-content\/uploads\/2015\/04\/IMG_2389Copier.jpg\" class=\"gallery_colorbox\"><img loading=\"lazy\" decoding=\"async\" title=\"IMG_2389 (Copier)\" style=\"border-top: 0px; border-right: 0px; border-bottom: 0px; border-left: 0px; display: inline\" border=\"0\" alt=\"IMG_2389 (Copier)\" src=\"http:\/\/www.vivonsbachy.fr\/wp-content\/uploads\/2015\/04\/IMG_2389Copier_thumb.jpg\"  width=\"229\" height=\"304\"><\/a> <a href=\"http:\/\/www.vivonsbachy.fr\/wp-content\/uploads\/2015\/04\/IMG_2391Copier.jpg\" class=\"gallery_colorbox\"><img loading=\"lazy\" decoding=\"async\" title=\"IMG_2391 (Copier)\" style=\"border-top: 0px; border-right: 0px; border-bottom: 0px; border-left: 0px; display: inline\" border=\"0\" alt=\"IMG_2391 (Copier)\" src=\"http:\/\/www.vivonsbachy.fr\/wp-content\/uploads\/2015\/04\/IMG_2391Copier_thumb.jpg\"  width=\"229\" height=\"304\"><\/a> <a href=\"http:\/\/www.vivonsbachy.fr\/wp-content\/uploads\/2015\/04\/IMG_2392Copier.jpg\" class=\"gallery_colorbox\"><img loading=\"lazy\" decoding=\"async\" title=\"IMG_2392 (Copier)\" style=\"border-top: 0px; border-right: 0px; border-bottom: 0px; border-left: 0px; display: inline\" border=\"0\" alt=\"IMG_2392 (Copier)\" src=\"http:\/\/www.vivonsbachy.fr\/wp-content\/uploads\/2015\/04\/IMG_2392Copier_thumb.jpg\"  width=\"229\" height=\"304\"><\/a> <a href=\"http:\/\/www.vivonsbachy.fr\/wp-content\/uploads\/2015\/04\/IMG_2393Copier.jpg\" class=\"gallery_colorbox\"><img loading=\"lazy\" decoding=\"async\" title=\"IMG_2393 (Copier)\" style=\"border-top: 0px; border-right: 0px; border-bottom: 0px; border-left: 0px; display: inline\" border=\"0\" alt=\"IMG_2393 (Copier)\" src=\"http:\/\/www.vivonsbachy.fr\/wp-content\/uploads\/2015\/04\/IMG_2393Copier_thumb.jpg\"  width=\"304\" height=\"229\"><\/a> <\/p>\n<p>Photos Gilbert Vanbiervliet \u2013 Annick Blondelle<\/p>\n","protected":false},"excerpt":{"rendered":"<p>Nous n\u2019\u00e9tions pas nombreux (7 personnes) pour le d\u00e9fil\u00e9 des g\u00e9ants organis\u00e9 par Moncheaux. Nous avons pass\u00e9 une tr\u00e8s agr\u00e9able journ\u00e9e sous un temps splendide, apr\u00e8s le d\u00e9fil\u00e9 nous avons pris le repas ensemble \u00e0 Moncheaux. Une journ\u00e9e que nous &hellip; <a href=\"https:\/\/www.vivonsbachy.fr\/?page_id=2484\">Continuer la lecture <span class=\"meta-nav\">&rarr;<\/span><\/a><\/p>\n","protected":false},"author":1,"featured_media":0,"parent":2480,"menu_order":0,"comment_status":"open","ping_status":"open","template":"","meta":{"footnotes":""},"_links":{"self":[{"href":"https:\/\/www.vivonsbachy.fr\/index.php?rest_route=\/wp\/v2\/pages\/2484"}],"collection":[{"href":"https:\/\/www.vivonsbachy.fr\/index.php?rest_route=\/wp\/v2\/pages"}],"about":[{"href":"https:\/\/www.vivonsbachy.fr\/index.php?rest_route=\/wp\/v2\/types\/page"}],"author":[{"embeddable":true,"href":"https:\/\/www.vivonsbachy.fr\/index.php?rest_route=\/wp\/v2\/users\/1"}],"replies":[{"embeddable":true,"href":"https:\/\/www.vivonsbachy.fr\/index.php?rest_route=%2Fwp%2Fv2%2Fcomments&post=2484"}],"version-history":[{"count":5,"href":"https:\/\/www.vivonsbachy.fr\/index.php?rest_route=\/wp\/v2\/pages\/2484\/revisions"}],"predecessor-version":[{"id":2607,"href":"https:\/\/www.vivonsbachy.fr\/index.php?rest_route=\/wp\/v2\/pages\/2484\/revisions\/2607"}],"up":[{"embeddable":true,"href":"https:\/\/www.vivonsbachy.fr\/index.php?rest_route=\/wp\/v2\/pages\/2480"}],"wp:attachment":[{"href":"https:\/\/www.vivonsbachy.fr\/index.php?rest_route=%2Fwp%2Fv2%2Fmedia&parent=2484"}],"curies":[{"name":"wp","href":"https:\/\/api.w.org\/{rel}","templated":true}]}}