{"id":2482,"date":"2015-03-25T16:21:18","date_gmt":"2015-03-25T14:21:18","guid":{"rendered":"http:\/\/www.vivonsbachy.fr\/?page_id=2482"},"modified":"2015-04-13T12:36:43","modified_gmt":"2015-04-13T10:36:43","slug":"1-assemblee-generale","status":"publish","type":"page","link":"https:\/\/www.vivonsbachy.fr\/?page_id=2482","title":{"rendered":"1 &#8211; Assembl&eacute;e G&eacute;n&eacute;rale"},"content":{"rendered":"<p align=\"left\">Notre Assembl\u00e9e G\u00e9n\u00e9rale a eu lieu au Foyer Rural le samedi 11 avril 2015 \u00e0 17h. 30 personnes \u00e9taient pr\u00e9sentes, Le nombre d\u2019adh\u00e9rents cette ann\u00e9e est de 50 personnes<\/p>\n<p align=\"left\"><u>les activit\u00e9s de l\u2019ann\u00e9e \u00e9coul\u00e9e:<\/u><\/p>\n<ul>\n<li>\n<div align=\"left\">13 avril participation au Paris-Roubaix<\/div>\n<\/li>\n<li>\n<div align=\"left\">6 juillet participation aux festivit\u00e9s des 800 ans de la bataille de Bouvines<\/div>\n<\/li>\n<li>\n<div align=\"left\">22 juin participation au carnaval de Bachy<\/div>\n<\/li>\n<li>\n<div align=\"left\">31 ao\u00fbt organisation de notre 7\u00e8me ripaille champ\u00eatre<\/div>\n<\/li>\n<li>\n<div align=\"left\">31 d\u00e9cembre&nbsp; organisation du r\u00e9veillon de la St Sylvestre<\/div>\n<\/li>\n<\/ul>\n<p align=\"left\"><u>Les nouveaut\u00e9s de l\u2019ann\u00e9e<\/u>:<\/p>\n<ul>\n<li>\n<div align=\"left\">le 4 mai premi\u00e8re marche du muguet<\/div>\n<\/li>\n<li>\n<div align=\"left\">Cr\u00e9ation d\u2019une section th\u00e9\u00e2tre ( 4 repr\u00e9sentations, 500 spectateurs)<\/div>\n<\/li>\n<li>\n<div align=\"left\">Exposition photo<\/div>\n<\/li>\n<\/ul>\n<p align=\"left\"> nous avons d\u00e9taill\u00e9 nos projets pour 2015:<\/p>\n<ul>\n<li>\n<div align=\"left\">12 avril&nbsp;&nbsp; :participation au d\u00e9fil\u00e9 des g\u00e9ants de Moncheaux<\/div>\n<\/li>\n<li>\n<div align=\"left\">1er mai : marche du muguet<\/div>\n<\/li>\n<li>\n<div align=\"left\">28 juin : carnaval de Bachy<\/div>\n<\/li>\n<li>\n<div align=\"left\">30 ao\u00fbt : ripaille champ\u00eatre<\/div>\n<\/li>\n<li>\n<div align=\"left\">septembre : repr\u00e9sentations th\u00e9\u00e2trales<\/div>\n<\/li>\n<li>\n<div align=\"left\">17 octobre : bal folk<\/div>\n<\/li>\n<li>\n<div align=\"left\">Eventuellement participation aux festivit\u00e9s des 10 ans des g\u00e9ants d\u2019Attiches le 13 septembre<\/div>\n<\/li>\n<\/ul>\n<p align=\"left\"><a href=\"http:\/\/www.vivonsbachy.fr\/wp-content\/uploads\/2015\/04\/AGVIVONSBACHYIMG_825511avril2015Copier.jpg\" class=\"gallery_colorbox\"><img loading=\"lazy\" decoding=\"async\" title=\"AG VIVONS BACHY -  IMG_8255-11 avril 2015 (Copier)\" style=\"border-top: 0px; border-right: 0px; border-bottom: 0px; border-left: 0px; display: inline\" border=\"0\" alt=\"AG VIVONS BACHY -  IMG_8255-11 avril 2015 (Copier)\" src=\"http:\/\/www.vivonsbachy.fr\/wp-content\/uploads\/2015\/04\/AGVIVONSBACHYIMG_825511avril2015Copier_thumb.jpg\"  width=\"304\" height=\"224\"><\/a> <a href=\"http:\/\/www.vivonsbachy.fr\/wp-content\/uploads\/2015\/04\/AGVIVONSBACHYIMG_825711avril2015Copier.jpg\" class=\"gallery_colorbox\"><img loading=\"lazy\" decoding=\"async\" title=\"AG VIVONS BACHY -  IMG_8257-11 avril 2015 (Copier)\" style=\"border-top: 0px; border-right: 0px; border-bottom: 0px; border-left: 0px; display: inline\" border=\"0\" alt=\"AG VIVONS BACHY -  IMG_8257-11 avril 2015 (Copier)\" src=\"http:\/\/www.vivonsbachy.fr\/wp-content\/uploads\/2015\/04\/AGVIVONSBACHYIMG_825711avril2015Copier_thumb.jpg\"  width=\"304\" height=\"204\"><\/a> <a href=\"http:\/\/www.vivonsbachy.fr\/wp-content\/uploads\/2015\/04\/AGVIVONSBACHYIMG_826111avril2015Copier.jpg\" class=\"gallery_colorbox\"><img loading=\"lazy\" decoding=\"async\" title=\"AG VIVONS BACHY -  IMG_8261-11 avril 2015 (Copier)\" style=\"border-top: 0px; border-right: 0px; border-bottom: 0px; border-left: 0px; display: inline\" border=\"0\" alt=\"AG VIVONS BACHY -  IMG_8261-11 avril 2015 (Copier)\" src=\"http:\/\/www.vivonsbachy.fr\/wp-content\/uploads\/2015\/04\/AGVIVONSBACHYIMG_826111avril2015Copier_thumb.jpg\"  width=\"304\" height=\"204\"><\/a> <a href=\"http:\/\/www.vivonsbachy.fr\/wp-content\/uploads\/2015\/04\/AGVIVONSBACHYIMG_826211avril2015Copier.jpg\" class=\"gallery_colorbox\"><img loading=\"lazy\" decoding=\"async\" title=\"AG VIVONS BACHY -  IMG_8262-11 avril 2015 (Copier)\" style=\"border-top: 0px; border-right: 0px; border-bottom: 0px; border-left: 0px; display: inline\" border=\"0\" alt=\"AG VIVONS BACHY -  IMG_8262-11 avril 2015 (Copier)\" src=\"http:\/\/www.vivonsbachy.fr\/wp-content\/uploads\/2015\/04\/AGVIVONSBACHYIMG_826211avril2015Copier_thumb.jpg\"  width=\"304\" height=\"204\"><\/a> <a href=\"http:\/\/www.vivonsbachy.fr\/wp-content\/uploads\/2015\/04\/AGVIVONSBACHYIMG_826411avril2015Copier.jpg\" class=\"gallery_colorbox\"><img loading=\"lazy\" decoding=\"async\" title=\"AG VIVONS BACHY -  IMG_8264-11 avril 2015 (Copier)\" style=\"border-top: 0px; border-right: 0px; border-bottom: 0px; border-left: 0px; display: inline\" border=\"0\" alt=\"AG VIVONS BACHY -  IMG_8264-11 avril 2015 (Copier)\" src=\"http:\/\/www.vivonsbachy.fr\/wp-content\/uploads\/2015\/04\/AGVIVONSBACHYIMG_826411avril2015Copier_thumb.jpg\"  width=\"304\" height=\"204\"><\/a> <a href=\"http:\/\/www.vivonsbachy.fr\/wp-content\/uploads\/2015\/04\/AGVIVONSBACHYIMG_826611avril2015Copier.jpg\" class=\"gallery_colorbox\"><img loading=\"lazy\" decoding=\"async\" title=\"AG VIVONS BACHY -  IMG_8266-11 avril 2015 (Copier)\" style=\"border-top: 0px; border-right: 0px; border-bottom: 0px; border-left: 0px; display: inline\" border=\"0\" alt=\"AG VIVONS BACHY -  IMG_8266-11 avril 2015 (Copier)\" src=\"http:\/\/www.vivonsbachy.fr\/wp-content\/uploads\/2015\/04\/AGVIVONSBACHYIMG_826611avril2015Copier_thumb.jpg\"  width=\"304\" height=\"204\"><\/a> <\/p>\n<p align=\"left\">Cette assembl\u00e9e s\u2019est termin\u00e9e par le traditionnel pot de l\u2019amiti\u00e9<\/p>\n<p align=\"left\"><a href=\"http:\/\/www.vivonsbachy.fr\/wp-content\/uploads\/2015\/04\/AGVIVONSBACHYIMG_827511avril2015Copier.jpg\" class=\"gallery_colorbox\"><img loading=\"lazy\" decoding=\"async\" title=\"AG VIVONS BACHY -  IMG_8275-11 avril 2015 (Copier)\" style=\"border-top: 0px; border-right: 0px; border-bottom: 0px; border-left: 0px; display: inline\" border=\"0\" alt=\"AG VIVONS BACHY -  IMG_8275-11 avril 2015 (Copier)\" src=\"http:\/\/www.vivonsbachy.fr\/wp-content\/uploads\/2015\/04\/AGVIVONSBACHYIMG_827511avril2015Copier_thumb.jpg\"  width=\"304\" height=\"195\"><\/a> <a href=\"http:\/\/www.vivonsbachy.fr\/wp-content\/uploads\/2015\/04\/AGVIVONSBACHYIMG_828411avril2015Copier.jpg\" class=\"gallery_colorbox\"><img loading=\"lazy\" decoding=\"async\" title=\"AG VIVONS BACHY -  IMG_8284-11 avril 2015 (Copier)\" style=\"border-top: 0px; border-right: 0px; border-bottom: 0px; border-left: 0px; display: inline\" border=\"0\" alt=\"AG VIVONS BACHY -  IMG_8284-11 avril 2015 (Copier)\" src=\"http:\/\/www.vivonsbachy.fr\/wp-content\/uploads\/2015\/04\/AGVIVONSBACHYIMG_828411avril2015Copier_thumb.jpg\"  width=\"304\" height=\"180\"><\/a> <a href=\"http:\/\/www.vivonsbachy.fr\/wp-content\/uploads\/2015\/04\/AGVIVONSBACHYIMG_828511avril2015Copier.jpg\" class=\"gallery_colorbox\"><img loading=\"lazy\" decoding=\"async\" title=\"AG VIVONS BACHY -  IMG_8285-11 avril 2015 (Copier)\" style=\"border-top: 0px; border-right: 0px; border-bottom: 0px; border-left: 0px; display: inline\" border=\"0\" alt=\"AG VIVONS BACHY -  IMG_8285-11 avril 2015 (Copier)\" src=\"http:\/\/www.vivonsbachy.fr\/wp-content\/uploads\/2015\/04\/AGVIVONSBACHYIMG_828511avril2015Copier_thumb.jpg\"  width=\"304\" height=\"204\"><\/a> <a href=\"http:\/\/www.vivonsbachy.fr\/wp-content\/uploads\/2015\/04\/AGVIVONSBACHYIMG_829311avril2015Copier.jpg\" class=\"gallery_colorbox\"><img loading=\"lazy\" decoding=\"async\" title=\"AG VIVONS BACHY -  IMG_8293-11 avril 2015 (Copier)\" style=\"border-top: 0px; border-right: 0px; border-bottom: 0px; border-left: 0px; display: inline\" border=\"0\" alt=\"AG VIVONS BACHY -  IMG_8293-11 avril 2015 (Copier)\" src=\"http:\/\/www.vivonsbachy.fr\/wp-content\/uploads\/2015\/04\/AGVIVONSBACHYIMG_829311avril2015Copier_thumb.jpg\"  width=\"304\" height=\"204\"><\/a><\/p>\n","protected":false},"excerpt":{"rendered":"<p>Notre Assembl\u00e9e G\u00e9n\u00e9rale a eu lieu au Foyer Rural le samedi 11 avril 2015 \u00e0 17h. 30 personnes \u00e9taient pr\u00e9sentes, Le nombre d\u2019adh\u00e9rents cette ann\u00e9e est de 50 personnes les activit\u00e9s de l\u2019ann\u00e9e \u00e9coul\u00e9e: 13 avril participation au Paris-Roubaix 6 &hellip; <a href=\"https:\/\/www.vivonsbachy.fr\/?page_id=2482\">Continuer la lecture <span class=\"meta-nav\">&rarr;<\/span><\/a><\/p>\n","protected":false},"author":1,"featured_media":0,"parent":2480,"menu_order":0,"comment_status":"open","ping_status":"open","template":"","meta":{"footnotes":""},"_links":{"self":[{"href":"https:\/\/www.vivonsbachy.fr\/index.php?rest_route=\/wp\/v2\/pages\/2482"}],"collection":[{"href":"https:\/\/www.vivonsbachy.fr\/index.php?rest_route=\/wp\/v2\/pages"}],"about":[{"href":"https:\/\/www.vivonsbachy.fr\/index.php?rest_route=\/wp\/v2\/types\/page"}],"author":[{"embeddable":true,"href":"https:\/\/www.vivonsbachy.fr\/index.php?rest_route=\/wp\/v2\/users\/1"}],"replies":[{"embeddable":true,"href":"https:\/\/www.vivonsbachy.fr\/index.php?rest_route=%2Fwp%2Fv2%2Fcomments&post=2482"}],"version-history":[{"count":3,"href":"https:\/\/www.vivonsbachy.fr\/index.php?rest_route=\/wp\/v2\/pages\/2482\/revisions"}],"predecessor-version":[{"id":2531,"href":"https:\/\/www.vivonsbachy.fr\/index.php?rest_route=\/wp\/v2\/pages\/2482\/revisions\/2531"}],"up":[{"embeddable":true,"href":"https:\/\/www.vivonsbachy.fr\/index.php?rest_route=\/wp\/v2\/pages\/2480"}],"wp:attachment":[{"href":"https:\/\/www.vivonsbachy.fr\/index.php?rest_route=%2Fwp%2Fv2%2Fmedia&parent=2482"}],"curies":[{"name":"wp","href":"https:\/\/api.w.org\/{rel}","templated":true}]}}

<p align="left">Notre Assemblée Générale a eu lieu au Foyer Rural le samedi 11 avril 2015 à 17h. 30 personnes étaient présentes, Le nombre d’adhérents cette année est de 50 personnes</p>
<p align="left"><u>les activités de l’année écoulée:</u></p>
<ul>
<li>
<div align="left">13 avril participation au Paris-Roubaix</div>
</li>
<li>
<div align="left">6 juillet participation aux festivités des 800 ans de la bataille de Bouvines</div>
</li>
<li>
<div align="left">22 juin participation au carnaval de Bachy</div>
</li>
<li>
<div align="left">31 août organisation de notre 7ème ripaille champêtre</div>
</li>
<li>
<div align="left">31 décembre&nbsp; organisation du réveillon de la St Sylvestre</div>
</li>
</ul>
<p align="left"><u>Les nouveautés de l’année</u>:</p>
<ul>
<li>
<div align="left">le 4 mai première marche du muguet</div>
</li>
<li>
<div align="left">Création d’une section théâtre ( 4 représentations, 500 spectateurs)</div>
</li>
<li>
<div align="left">Exposition photo</div>
</li>
</ul>
<p align="left"> nous avons détaillé nos projets pour 2015:</p>
<ul>
<li>
<div align="left">12 avril&nbsp;&nbsp; :participation au défilé des géants de Moncheaux</div>
</li>
<li>
<div align="left">1er mai : marche du muguet</div>
</li>
<li>
<div align="left">28 juin : carnaval de Bachy</div>
</li>
<li>
<div align="left">30 août : ripaille champêtre</div>
</li>
<li>
<div align="left">septembre : représentations théâtrales</div>
</li>
<li>
<div align="left">17 octobre : bal folk</div>
</li>
<li>
<div align="left">Eventuellement participation aux festivités des 10 ans des géants d’Attiches le 13 septembre</div>
</li>
</ul>
<p align="left"><a href="http://www.vivonsbachy.fr/wp-content/uploads/2015/04/AGVIVONSBACHYIMG_825511avril2015Copier.jpg" class="gallery_colorbox"><img loading="lazy" decoding="async" title="AG VIVONS BACHY -  IMG_8255-11 avril 2015 (Copier)" style="border-top: 0px; border-right: 0px; border-bottom: 0px; border-left: 0px; display: inline" border="0" alt="AG VIVONS BACHY -  IMG_8255-11 avril 2015 (Copier)" src="http://www.vivonsbachy.fr/wp-content/uploads/2015/04/AGVIVONSBACHYIMG_825511avril2015Copier_thumb.jpg"  width="304" height="224"></a> <a href="http://www.vivonsbachy.fr/wp-content/uploads/2015/04/AGVIVONSBACHYIMG_825711avril2015Copier.jpg" class="gallery_colorbox"><img loading="lazy" decoding="async" title="AG VIVONS BACHY -  IMG_8257-11 avril 2015 (Copier)" style="border-top: 0px; border-right: 0px; border-bottom: 0px; border-left: 0px; display: inline" border="0" alt="AG VIVONS BACHY -  IMG_8257-11 avril 2015 (Copier)" src="http://www.vivonsbachy.fr/wp-content/uploads/2015/04/AGVIVONSBACHYIMG_825711avril2015Copier_thumb.jpg"  width="304" height="204"></a> <a href="http://www.vivonsbachy.fr/wp-content/uploads/2015/04/AGVIVONSBACHYIMG_826111avril2015Copier.jpg" class="gallery_colorbox"><img loading="lazy" decoding="async" title="AG VIVONS BACHY -  IMG_8261-11 avril 2015 (Copier)" style="border-top: 0px; border-right: 0px; border-bottom: 0px; border-left: 0px; display: inline" border="0" alt="AG VIVONS BACHY -  IMG_8261-11 avril 2015 (Copier)" src="http://www.vivonsbachy.fr/wp-content/uploads/2015/04/AGVIVONSBACHYIMG_826111avril2015Copier_thumb.jpg"  width="304" height="204"></a> <a href="http://www.vivonsbachy.fr/wp-content/uploads/2015/04/AGVIVONSBACHYIMG_826211avril2015Copier.jpg" class="gallery_colorbox"><img loading="lazy" decoding="async" title="AG VIVONS BACHY -  IMG_8262-11 avril 2015 (Copier)" style="border-top: 0px; border-right: 0px; border-bottom: 0px; border-left: 0px; display: inline" border="0" alt="AG VIVONS BACHY -  IMG_8262-11 avril 2015 (Copier)" src="http://www.vivonsbachy.fr/wp-content/uploads/2015/04/AGVIVONSBACHYIMG_826211avril2015Copier_thumb.jpg"  width="304" height="204"></a> <a href="http://www.vivonsbachy.fr/wp-content/uploads/2015/04/AGVIVONSBACHYIMG_826411avril2015Copier.jpg" class="gallery_colorbox"><img loading="lazy" decoding="async" title="AG VIVONS BACHY -  IMG_8264-11 avril 2015 (Copier)" style="border-top: 0px; border-right: 0px; border-bottom: 0px; border-left: 0px; display: inline" border="0" alt="AG VIVONS BACHY -  IMG_8264-11 avril 2015 (Copier)" src="http://www.vivonsbachy.fr/wp-content/uploads/2015/04/AGVIVONSBACHYIMG_826411avril2015Copier_thumb.jpg"  width="304" height="204"></a> <a href="http://www.vivonsbachy.fr/wp-content/uploads/2015/04/AGVIVONSBACHYIMG_826611avril2015Copier.jpg" class="gallery_colorbox"><img loading="lazy" decoding="async" title="AG VIVONS BACHY -  IMG_8266-11 avril 2015 (Copier)" style="border-top: 0px; border-right: 0px; border-bottom: 0px; border-left: 0px; display: inline" border="0" alt="AG VIVONS BACHY -  IMG_8266-11 avril 2015 (Copier)" src="http://www.vivonsbachy.fr/wp-content/uploads/2015/04/AGVIVONSBACHYIMG_826611avril2015Copier_thumb.jpg"  width="304" height="204"></a> </p>
<p align="left">Cette assemblée s’est terminée par le traditionnel pot de l’amitié</p>
<p align="left"><a href="http://www.vivonsbachy.fr/wp-content/uploads/2015/04/AGVIVONSBACHYIMG_827511avril2015Copier.jpg" class="gallery_colorbox"><img loading="lazy" decoding="async" title="AG VIVONS BACHY -  IMG_8275-11 avril 2015 (Copier)" style="border-top: 0px; border-right: 0px; border-bottom: 0px; border-left: 0px; display: inline" border="0" alt="AG VIVONS BACHY -  IMG_8275-11 avril 2015 (Copier)" src="http://www.vivonsbachy.fr/wp-content/uploads/2015/04/AGVIVONSBACHYIMG_827511avril2015Copier_thumb.jpg"  width="304" height="195"></a> <a href="http://www.vivonsbachy.fr/wp-content/uploads/2015/04/AGVIVONSBACHYIMG_828411avril2015Copier.jpg" class="gallery_colorbox"><img loading="lazy" decoding="async" title="AG VIVONS BACHY -  IMG_8284-11 avril 2015 (Copier)" style="border-top: 0px; border-right: 0px; border-bottom: 0px; border-left: 0px; display: inline" border="0" alt="AG VIVONS BACHY -  IMG_8284-11 avril 2015 (Copier)" src="http://www.vivonsbachy.fr/wp-content/uploads/2015/04/AGVIVONSBACHYIMG_828411avril2015Copier_thumb.jpg"  width="304" height="180"></a> <a href="http://www.vivonsbachy.fr/wp-content/uploads/2015/04/AGVIVONSBACHYIMG_828511avril2015Copier.jpg" class="gallery_colorbox"><img loading="lazy" decoding="async" title="AG VIVONS BACHY -  IMG_8285-11 avril 2015 (Copier)" style="border-top: 0px; border-right: 0px; border-bottom: 0px; border-left: 0px; display: inline" border="0" alt="AG VIVONS BACHY -  IMG_8285-11 avril 2015 (Copier)" src="http://www.vivonsbachy.fr/wp-content/uploads/2015/04/AGVIVONSBACHYIMG_828511avril2015Copier_thumb.jpg"  width="304" height="204"></a> <a href="http://www.vivonsbachy.fr/wp-content/uploads/2015/04/AGVIVONSBACHYIMG_829311avril2015Copier.jpg" class="gallery_colorbox"><img loading="lazy" decoding="async" title="AG VIVONS BACHY -  IMG_8293-11 avril 2015 (Copier)" style="border-top: 0px; border-right: 0px; border-bottom: 0px; border-left: 0px; display: inline" border="0" alt="AG VIVONS BACHY -  IMG_8293-11 avril 2015 (Copier)" src="http://www.vivonsbachy.fr/wp-content/uploads/2015/04/AGVIVONSBACHYIMG_829311avril2015Copier_thumb.jpg"  width="304" height="204"></a></p>

<p>Notre Assemblée Générale a eu lieu au Foyer Rural le samedi 11 avril 2015 à 17h. 30 personnes étaient présentes, Le nombre d’adhérents cette année est de 50 personnes les activités de l’année écoulée: 13 avril participation au Paris-Roubaix 6 &hellip; <a href="https://www.vivonsbachy.fr/?page_id=2482">Continuer la lecture <span class="meta-nav">&rarr;</span></a></p>
