{"id":1972,"date":"2014-07-02T15:16:25","date_gmt":"2014-07-02T13:16:25","guid":{"rendered":"http:\/\/www.vivonsbachy.fr\/?page_id=1972"},"modified":"2014-07-02T18:08:28","modified_gmt":"2014-07-02T16:08:28","slug":"6-carnaval","status":"publish","type":"page","link":"https:\/\/www.vivonsbachy.fr\/?page_id=1972","title":{"rendered":"6 &#8211; Carnaval"},"content":{"rendered":"<p>22 juin, Vivons Bachy avec le g\u00e9ant Antoine de Baissy ont particip\u00e9 au d\u00e9fil\u00e9 carnavalesque de Bachy<\/p>\n<p>Tr\u00e8s beau temps pour un grand succ\u00e8s de ce d\u00e9fil\u00e9<\/p>\n<p align=\"center\"><a href=\"http:\/\/www.vivonsbachy.fr\/wp-content\/uploads\/2014\/07\/CarnavalIMG_729622juin20141.jpg\" class=\"gallery_colorbox\"><img loading=\"lazy\" decoding=\"async\" title=\"Carnaval-IMG_7296-22 juin 2014\" style=\"border-top: 0px; border-right: 0px; border-bottom: 0px; border-left: 0px; display: inline\" border=\"0\" alt=\"Carnaval-IMG_7296-22 juin 2014\" src=\"http:\/\/www.vivonsbachy.fr\/wp-content\/uploads\/2014\/07\/CarnavalIMG_729622juin2014_thumb1.jpg\"  width=\"644\" height=\"431\"><\/a> <a href=\"http:\/\/www.vivonsbachy.fr\/wp-content\/uploads\/2014\/07\/CarnavalIMG_729822juin20141.jpg\" class=\"gallery_colorbox\"><img loading=\"lazy\" decoding=\"async\" title=\"Carnaval-IMG_7298-22 juin 2014\" style=\"border-top: 0px; border-right: 0px; border-bottom: 0px; border-left: 0px; display: inline\" border=\"0\" alt=\"Carnaval-IMG_7298-22 juin 2014\" src=\"http:\/\/www.vivonsbachy.fr\/wp-content\/uploads\/2014\/07\/CarnavalIMG_729822juin2014_thumb1.jpg\"  width=\"644\" height=\"364\"><\/a> <a href=\"http:\/\/www.vivonsbachy.fr\/wp-content\/uploads\/2014\/07\/CarnavalIMG_730722juin20141.jpg\" class=\"gallery_colorbox\"><img loading=\"lazy\" decoding=\"async\" title=\"Carnaval-IMG_7307-22 juin 2014\" style=\"border-top: 0px; border-right: 0px; border-bottom: 0px; border-left: 0px; display: inline\" border=\"0\" alt=\"Carnaval-IMG_7307-22 juin 2014\" src=\"http:\/\/www.vivonsbachy.fr\/wp-content\/uploads\/2014\/07\/CarnavalIMG_730722juin2014_thumb1.jpg\"  width=\"644\" height=\"431\"><\/a> <a href=\"http:\/\/www.vivonsbachy.fr\/wp-content\/uploads\/2014\/07\/CarnavalIMG_731422juin20141.jpg\" class=\"gallery_colorbox\"><img loading=\"lazy\" decoding=\"async\" title=\"Carnaval-IMG_7314-22 juin 2014\" style=\"border-top: 0px; border-right: 0px; border-bottom: 0px; border-left: 0px; display: inline\" border=\"0\" alt=\"Carnaval-IMG_7314-22 juin 2014\" src=\"http:\/\/www.vivonsbachy.fr\/wp-content\/uploads\/2014\/07\/CarnavalIMG_731422juin2014_thumb1.jpg\"  width=\"644\" height=\"431\"><\/a> <a href=\"http:\/\/www.vivonsbachy.fr\/wp-content\/uploads\/2014\/07\/CarnavalIMG_731822juin20141.jpg\" class=\"gallery_colorbox\"><img loading=\"lazy\" decoding=\"async\" title=\"Carnaval-IMG_7318-22 juin 2014\" style=\"border-top: 0px; border-right: 0px; border-bottom: 0px; border-left: 0px; display: inline\" border=\"0\" alt=\"Carnaval-IMG_7318-22 juin 2014\" src=\"http:\/\/www.vivonsbachy.fr\/wp-content\/uploads\/2014\/07\/CarnavalIMG_731822juin2014_thumb1.jpg\"  width=\"324\" height=\"484\"><\/a> <a href=\"http:\/\/www.vivonsbachy.fr\/wp-content\/uploads\/2014\/07\/CarnavalIMG_732022juin20141.jpg\" class=\"gallery_colorbox\"><img loading=\"lazy\" decoding=\"async\" title=\"Carnaval-IMG_7320-22 juin 2014\" style=\"border-top: 0px; border-right: 0px; border-bottom: 0px; border-left: 0px; display: inline\" border=\"0\" alt=\"Carnaval-IMG_7320-22 juin 2014\" src=\"http:\/\/www.vivonsbachy.fr\/wp-content\/uploads\/2014\/07\/CarnavalIMG_732022juin2014_thumb1.jpg\"  width=\"324\" height=\"484\"><\/a> <a href=\"http:\/\/www.vivonsbachy.fr\/wp-content\/uploads\/2014\/07\/CarnavalIMG_732522juin20141.jpg\" class=\"gallery_colorbox\"><img loading=\"lazy\" decoding=\"async\" title=\"Carnaval-IMG_7325-22 juin 2014\" style=\"border-top: 0px; border-right: 0px; border-bottom: 0px; border-left: 0px; display: inline\" border=\"0\" alt=\"Carnaval-IMG_7325-22 juin 2014\" src=\"http:\/\/www.vivonsbachy.fr\/wp-content\/uploads\/2014\/07\/CarnavalIMG_732522juin2014_thumb1.jpg\"  width=\"644\" height=\"431\"><\/a> <a href=\"http:\/\/www.vivonsbachy.fr\/wp-content\/uploads\/2014\/07\/CarnavalIMG_733022juin20141.jpg\" class=\"gallery_colorbox\"><img loading=\"lazy\" decoding=\"async\" title=\"Carnaval-IMG_7330-22 juin 2014\" style=\"border-top: 0px; border-right: 0px; border-bottom: 0px; border-left: 0px; display: inline\" border=\"0\" alt=\"Carnaval-IMG_7330-22 juin 2014\" src=\"http:\/\/www.vivonsbachy.fr\/wp-content\/uploads\/2014\/07\/CarnavalIMG_733022juin2014_thumb1.jpg\"  width=\"324\" height=\"484\"><\/a> <a href=\"http:\/\/www.vivonsbachy.fr\/wp-content\/uploads\/2014\/07\/CarnavalIMG_733122juin20141.jpg\" class=\"gallery_colorbox\"><img loading=\"lazy\" decoding=\"async\" title=\"Carnaval-IMG_7331-22 juin 2014\" style=\"border-top: 0px; border-right: 0px; border-bottom: 0px; border-left: 0px; display: inline\" border=\"0\" alt=\"Carnaval-IMG_7331-22 juin 2014\" src=\"http:\/\/www.vivonsbachy.fr\/wp-content\/uploads\/2014\/07\/CarnavalIMG_733122juin2014_thumb1.jpg\"  width=\"644\" height=\"431\"><\/a> <a href=\"http:\/\/www.vivonsbachy.fr\/wp-content\/uploads\/2014\/07\/CarnavalIMG_733522juin20141.jpg\" class=\"gallery_colorbox\"><img loading=\"lazy\" decoding=\"async\" title=\"Carnaval-IMG_7335-22 juin 2014\" style=\"border-top: 0px; border-right: 0px; border-bottom: 0px; border-left: 0px; display: inline\" border=\"0\" alt=\"Carnaval-IMG_7335-22 juin 2014\" src=\"http:\/\/www.vivonsbachy.fr\/wp-content\/uploads\/2014\/07\/CarnavalIMG_733522juin2014_thumb1.jpg\"  width=\"324\" height=\"484\"><\/a> <a href=\"http:\/\/www.vivonsbachy.fr\/wp-content\/uploads\/2014\/07\/CarnavalIMG_733622juin20141.jpg\" class=\"gallery_colorbox\"><img loading=\"lazy\" decoding=\"async\" title=\"Carnaval-IMG_7336-22 juin 2014\" style=\"border-top: 0px; border-right: 0px; border-bottom: 0px; border-left: 0px; display: inline\" border=\"0\" alt=\"Carnaval-IMG_7336-22 juin 2014\" src=\"http:\/\/www.vivonsbachy.fr\/wp-content\/uploads\/2014\/07\/CarnavalIMG_733622juin2014_thumb1.jpg\"  width=\"324\" height=\"484\"><\/a> <a href=\"http:\/\/www.vivonsbachy.fr\/wp-content\/uploads\/2014\/07\/CarnavalIMG_734022juin20141.jpg\" class=\"gallery_colorbox\"><img loading=\"lazy\" decoding=\"async\" title=\"Carnaval-IMG_7340-22 juin 2014\" style=\"border-top: 0px; border-right: 0px; border-bottom: 0px; border-left: 0px; display: inline\" border=\"0\" alt=\"Carnaval-IMG_7340-22 juin 2014\" src=\"http:\/\/www.vivonsbachy.fr\/wp-content\/uploads\/2014\/07\/CarnavalIMG_734022juin2014_thumb1.jpg\"  width=\"324\" height=\"484\"><\/a> <a href=\"http:\/\/www.vivonsbachy.fr\/wp-content\/uploads\/2014\/07\/CarnavalIMG_734422juin20141.jpg\" class=\"gallery_colorbox\"><img loading=\"lazy\" decoding=\"async\" title=\"Carnaval-IMG_7344-22 juin 2014\" style=\"border-top: 0px; border-right: 0px; border-bottom: 0px; border-left: 0px; display: inline\" border=\"0\" alt=\"Carnaval-IMG_7344-22 juin 2014\" src=\"http:\/\/www.vivonsbachy.fr\/wp-content\/uploads\/2014\/07\/CarnavalIMG_734422juin2014_thumb1.jpg\"  width=\"644\" height=\"364\"><\/a> <a href=\"http:\/\/www.vivonsbachy.fr\/wp-content\/uploads\/2014\/07\/CarnavalIMG_734522juin20141.jpg\" class=\"gallery_colorbox\"><img loading=\"lazy\" decoding=\"async\" title=\"Carnaval-IMG_7345-22 juin 2014\" style=\"border-top: 0px; border-right: 0px; border-bottom: 0px; border-left: 0px; display: inline\" border=\"0\" alt=\"Carnaval-IMG_7345-22 juin 2014\" src=\"http:\/\/www.vivonsbachy.fr\/wp-content\/uploads\/2014\/07\/CarnavalIMG_734522juin2014_thumb1.jpg\"  width=\"644\" height=\"431\"><\/a> <a href=\"http:\/\/www.vivonsbachy.fr\/wp-content\/uploads\/2014\/07\/CarnavalIMG_734622juin20141.jpg\" class=\"gallery_colorbox\"><img loading=\"lazy\" decoding=\"async\" title=\"Carnaval-IMG_7346-22 juin 2014\" style=\"border-top: 0px; border-right: 0px; border-bottom: 0px; border-left: 0px; display: inline\" border=\"0\" alt=\"Carnaval-IMG_7346-22 juin 2014\" src=\"http:\/\/www.vivonsbachy.fr\/wp-content\/uploads\/2014\/07\/CarnavalIMG_734622juin2014_thumb1.jpg\"  width=\"644\" height=\"431\"><\/a> <a href=\"http:\/\/www.vivonsbachy.fr\/wp-content\/uploads\/2014\/07\/CarnavalIMG_734822juin20141.jpg\" class=\"gallery_colorbox\"><img loading=\"lazy\" decoding=\"async\" title=\"Carnaval-IMG_7348-22 juin 2014\" style=\"border-top: 0px; border-right: 0px; border-bottom: 0px; border-left: 0px; display: inline\" border=\"0\" alt=\"Carnaval-IMG_7348-22 juin 2014\" src=\"http:\/\/www.vivonsbachy.fr\/wp-content\/uploads\/2014\/07\/CarnavalIMG_734822juin2014_thumb1.jpg\"  width=\"644\" height=\"431\"><\/a> <a href=\"http:\/\/www.vivonsbachy.fr\/wp-content\/uploads\/2014\/07\/CarnavalIMG_734922juin20141.jpg\" class=\"gallery_colorbox\"><img loading=\"lazy\" decoding=\"async\" title=\"Carnaval-IMG_7349-22 juin 2014\" style=\"border-top: 0px; border-right: 0px; border-bottom: 0px; border-left: 0px; display: inline\" border=\"0\" alt=\"Carnaval-IMG_7349-22 juin 2014\" src=\"http:\/\/www.vivonsbachy.fr\/wp-content\/uploads\/2014\/07\/CarnavalIMG_734922juin2014_thumb1.jpg\"  width=\"644\" height=\"431\"><\/a> <a href=\"http:\/\/www.vivonsbachy.fr\/wp-content\/uploads\/2014\/07\/CarnavalIMG_735422juin20141.jpg\" class=\"gallery_colorbox\"><img loading=\"lazy\" decoding=\"async\" title=\"Carnaval-IMG_7354-22 juin 2014\" style=\"border-top: 0px; border-right: 0px; border-bottom: 0px; border-left: 0px; display: inline\" border=\"0\" alt=\"Carnaval-IMG_7354-22 juin 2014\" src=\"http:\/\/www.vivonsbachy.fr\/wp-content\/uploads\/2014\/07\/CarnavalIMG_735422juin2014_thumb1.jpg\"  width=\"644\" height=\"431\"><\/a> <a href=\"http:\/\/www.vivonsbachy.fr\/wp-content\/uploads\/2014\/07\/CarnavalIMG_735522juin20141.jpg\" class=\"gallery_colorbox\"><img loading=\"lazy\" decoding=\"async\" title=\"Carnaval-IMG_7355-22 juin 2014\" style=\"border-top: 0px; border-right: 0px; border-bottom: 0px; border-left: 0px; display: inline\" border=\"0\" alt=\"Carnaval-IMG_7355-22 juin 2014\" src=\"http:\/\/www.vivonsbachy.fr\/wp-content\/uploads\/2014\/07\/CarnavalIMG_735522juin2014_thumb1.jpg\"  width=\"324\" height=\"484\"><\/a> <a href=\"http:\/\/www.vivonsbachy.fr\/wp-content\/uploads\/2014\/07\/CarnavalIMG_735722juin20141.jpg\" class=\"gallery_colorbox\"><img loading=\"lazy\" decoding=\"async\" title=\"Carnaval-IMG_7357-22 juin 2014\" style=\"border-top: 0px; border-right: 0px; border-bottom: 0px; border-left: 0px; display: inline\" border=\"0\" alt=\"Carnaval-IMG_7357-22 juin 2014\" src=\"http:\/\/www.vivonsbachy.fr\/wp-content\/uploads\/2014\/07\/CarnavalIMG_735722juin2014_thumb1.jpg\"  width=\"644\" height=\"431\"><\/a> <a href=\"http:\/\/www.vivonsbachy.fr\/wp-content\/uploads\/2014\/07\/CarnavalIMG_735922juin20141.jpg\" class=\"gallery_colorbox\"><img loading=\"lazy\" decoding=\"async\" title=\"Carnaval-IMG_7359-22 juin 2014\" style=\"border-top: 0px; border-right: 0px; border-bottom: 0px; border-left: 0px; display: inline\" border=\"0\" alt=\"Carnaval-IMG_7359-22 juin 2014\" src=\"http:\/\/www.vivonsbachy.fr\/wp-content\/uploads\/2014\/07\/CarnavalIMG_735922juin2014_thumb1.jpg\"  width=\"644\" height=\"364\"><\/a><\/p>\n","protected":false},"excerpt":{"rendered":"<p>22 juin, Vivons Bachy avec le g\u00e9ant Antoine de Baissy ont particip\u00e9 au d\u00e9fil\u00e9 carnavalesque de Bachy Tr\u00e8s beau temps pour un grand succ\u00e8s de ce d\u00e9fil\u00e9<\/p>\n","protected":false},"author":1,"featured_media":0,"parent":1655,"menu_order":0,"comment_status":"open","ping_status":"open","template":"","meta":{"footnotes":""},"_links":{"self":[{"href":"https:\/\/www.vivonsbachy.fr\/index.php?rest_route=\/wp\/v2\/pages\/1972"}],"collection":[{"href":"https:\/\/www.vivonsbachy.fr\/index.php?rest_route=\/wp\/v2\/pages"}],"about":[{"href":"https:\/\/www.vivonsbachy.fr\/index.php?rest_route=\/wp\/v2\/types\/page"}],"author":[{"embeddable":true,"href":"https:\/\/www.vivonsbachy.fr\/index.php?rest_route=\/wp\/v2\/users\/1"}],"replies":[{"embeddable":true,"href":"https:\/\/www.vivonsbachy.fr\/index.php?rest_route=%2Fwp%2Fv2%2Fcomments&post=1972"}],"version-history":[{"count":3,"href":"https:\/\/www.vivonsbachy.fr\/index.php?rest_route=\/wp\/v2\/pages\/1972\/revisions"}],"predecessor-version":[{"id":2059,"href":"https:\/\/www.vivonsbachy.fr\/index.php?rest_route=\/wp\/v2\/pages\/1972\/revisions\/2059"}],"up":[{"embeddable":true,"href":"https:\/\/www.vivonsbachy.fr\/index.php?rest_route=\/wp\/v2\/pages\/1655"}],"wp:attachment":[{"href":"https:\/\/www.vivonsbachy.fr\/index.php?rest_route=%2Fwp%2Fv2%2Fmedia&parent=1972"}],"curies":[{"name":"wp","href":"https:\/\/api.w.org\/{rel}","templated":true}]}}

<p>22 juin, Vivons Bachy avec le géant Antoine de Baissy ont participé au défilé carnavalesque de Bachy</p>
<p>Très beau temps pour un grand succès de ce défilé</p>
<p align="center"><a href="http://www.vivonsbachy.fr/wp-content/uploads/2014/07/CarnavalIMG_729622juin20141.jpg" class="gallery_colorbox"><img loading="lazy" decoding="async" title="Carnaval-IMG_7296-22 juin 2014" style="border-top: 0px; border-right: 0px; border-bottom: 0px; border-left: 0px; display: inline" border="0" alt="Carnaval-IMG_7296-22 juin 2014" src="http://www.vivonsbachy.fr/wp-content/uploads/2014/07/CarnavalIMG_729622juin2014_thumb1.jpg"  width="644" height="431"></a> <a href="http://www.vivonsbachy.fr/wp-content/uploads/2014/07/CarnavalIMG_729822juin20141.jpg" class="gallery_colorbox"><img loading="lazy" decoding="async" title="Carnaval-IMG_7298-22 juin 2014" style="border-top: 0px; border-right: 0px; border-bottom: 0px; border-left: 0px; display: inline" border="0" alt="Carnaval-IMG_7298-22 juin 2014" src="http://www.vivonsbachy.fr/wp-content/uploads/2014/07/CarnavalIMG_729822juin2014_thumb1.jpg"  width="644" height="364"></a> <a href="http://www.vivonsbachy.fr/wp-content/uploads/2014/07/CarnavalIMG_730722juin20141.jpg" class="gallery_colorbox"><img loading="lazy" decoding="async" title="Carnaval-IMG_7307-22 juin 2014" style="border-top: 0px; border-right: 0px; border-bottom: 0px; border-left: 0px; display: inline" border="0" alt="Carnaval-IMG_7307-22 juin 2014" src="http://www.vivonsbachy.fr/wp-content/uploads/2014/07/CarnavalIMG_730722juin2014_thumb1.jpg"  width="644" height="431"></a> <a href="http://www.vivonsbachy.fr/wp-content/uploads/2014/07/CarnavalIMG_731422juin20141.jpg" class="gallery_colorbox"><img loading="lazy" decoding="async" title="Carnaval-IMG_7314-22 juin 2014" style="border-top: 0px; border-right: 0px; border-bottom: 0px; border-left: 0px; display: inline" border="0" alt="Carnaval-IMG_7314-22 juin 2014" src="http://www.vivonsbachy.fr/wp-content/uploads/2014/07/CarnavalIMG_731422juin2014_thumb1.jpg"  width="644" height="431"></a> <a href="http://www.vivonsbachy.fr/wp-content/uploads/2014/07/CarnavalIMG_731822juin20141.jpg" class="gallery_colorbox"><img loading="lazy" decoding="async" title="Carnaval-IMG_7318-22 juin 2014" style="border-top: 0px; border-right: 0px; border-bottom: 0px; border-left: 0px; display: inline" border="0" alt="Carnaval-IMG_7318-22 juin 2014" src="http://www.vivonsbachy.fr/wp-content/uploads/2014/07/CarnavalIMG_731822juin2014_thumb1.jpg"  width="324" height="484"></a> <a href="http://www.vivonsbachy.fr/wp-content/uploads/2014/07/CarnavalIMG_732022juin20141.jpg" class="gallery_colorbox"><img loading="lazy" decoding="async" title="Carnaval-IMG_7320-22 juin 2014" style="border-top: 0px; border-right: 0px; border-bottom: 0px; border-left: 0px; display: inline" border="0" alt="Carnaval-IMG_7320-22 juin 2014" src="http://www.vivonsbachy.fr/wp-content/uploads/2014/07/CarnavalIMG_732022juin2014_thumb1.jpg"  width="324" height="484"></a> <a href="http://www.vivonsbachy.fr/wp-content/uploads/2014/07/CarnavalIMG_732522juin20141.jpg" class="gallery_colorbox"><img loading="lazy" decoding="async" title="Carnaval-IMG_7325-22 juin 2014" style="border-top: 0px; border-right: 0px; border-bottom: 0px; border-left: 0px; display: inline" border="0" alt="Carnaval-IMG_7325-22 juin 2014" src="http://www.vivonsbachy.fr/wp-content/uploads/2014/07/CarnavalIMG_732522juin2014_thumb1.jpg"  width="644" height="431"></a> <a href="http://www.vivonsbachy.fr/wp-content/uploads/2014/07/CarnavalIMG_733022juin20141.jpg" class="gallery_colorbox"><img loading="lazy" decoding="async" title="Carnaval-IMG_7330-22 juin 2014" style="border-top: 0px; border-right: 0px; border-bottom: 0px; border-left: 0px; display: inline" border="0" alt="Carnaval-IMG_7330-22 juin 2014" src="http://www.vivonsbachy.fr/wp-content/uploads/2014/07/CarnavalIMG_733022juin2014_thumb1.jpg"  width="324" height="484"></a> <a href="http://www.vivonsbachy.fr/wp-content/uploads/2014/07/CarnavalIMG_733122juin20141.jpg" class="gallery_colorbox"><img loading="lazy" decoding="async" title="Carnaval-IMG_7331-22 juin 2014" style="border-top: 0px; border-right: 0px; border-bottom: 0px; border-left: 0px; display: inline" border="0" alt="Carnaval-IMG_7331-22 juin 2014" src="http://www.vivonsbachy.fr/wp-content/uploads/2014/07/CarnavalIMG_733122juin2014_thumb1.jpg"  width="644" height="431"></a> <a href="http://www.vivonsbachy.fr/wp-content/uploads/2014/07/CarnavalIMG_733522juin20141.jpg" class="gallery_colorbox"><img loading="lazy" decoding="async" title="Carnaval-IMG_7335-22 juin 2014" style="border-top: 0px; border-right: 0px; border-bottom: 0px; border-left: 0px; display: inline" border="0" alt="Carnaval-IMG_7335-22 juin 2014" src="http://www.vivonsbachy.fr/wp-content/uploads/2014/07/CarnavalIMG_733522juin2014_thumb1.jpg"  width="324" height="484"></a> <a href="http://www.vivonsbachy.fr/wp-content/uploads/2014/07/CarnavalIMG_733622juin20141.jpg" class="gallery_colorbox"><img loading="lazy" decoding="async" title="Carnaval-IMG_7336-22 juin 2014" style="border-top: 0px; border-right: 0px; border-bottom: 0px; border-left: 0px; display: inline" border="0" alt="Carnaval-IMG_7336-22 juin 2014" src="http://www.vivonsbachy.fr/wp-content/uploads/2014/07/CarnavalIMG_733622juin2014_thumb1.jpg"  width="324" height="484"></a> <a href="http://www.vivonsbachy.fr/wp-content/uploads/2014/07/CarnavalIMG_734022juin20141.jpg" class="gallery_colorbox"><img loading="lazy" decoding="async" title="Carnaval-IMG_7340-22 juin 2014" style="border-top: 0px; border-right: 0px; border-bottom: 0px; border-left: 0px; display: inline" border="0" alt="Carnaval-IMG_7340-22 juin 2014" src="http://www.vivonsbachy.fr/wp-content/uploads/2014/07/CarnavalIMG_734022juin2014_thumb1.jpg"  width="324" height="484"></a> <a href="http://www.vivonsbachy.fr/wp-content/uploads/2014/07/CarnavalIMG_734422juin20141.jpg" class="gallery_colorbox"><img loading="lazy" decoding="async" title="Carnaval-IMG_7344-22 juin 2014" style="border-top: 0px; border-right: 0px; border-bottom: 0px; border-left: 0px; display: inline" border="0" alt="Carnaval-IMG_7344-22 juin 2014" src="http://www.vivonsbachy.fr/wp-content/uploads/2014/07/CarnavalIMG_734422juin2014_thumb1.jpg"  width="644" height="364"></a> <a href="http://www.vivonsbachy.fr/wp-content/uploads/2014/07/CarnavalIMG_734522juin20141.jpg" class="gallery_colorbox"><img loading="lazy" decoding="async" title="Carnaval-IMG_7345-22 juin 2014" style="border-top: 0px; border-right: 0px; border-bottom: 0px; border-left: 0px; display: inline" border="0" alt="Carnaval-IMG_7345-22 juin 2014" src="http://www.vivonsbachy.fr/wp-content/uploads/2014/07/CarnavalIMG_734522juin2014_thumb1.jpg"  width="644" height="431"></a> <a href="http://www.vivonsbachy.fr/wp-content/uploads/2014/07/CarnavalIMG_734622juin20141.jpg" class="gallery_colorbox"><img loading="lazy" decoding="async" title="Carnaval-IMG_7346-22 juin 2014" style="border-top: 0px; border-right: 0px; border-bottom: 0px; border-left: 0px; display: inline" border="0" alt="Carnaval-IMG_7346-22 juin 2014" src="http://www.vivonsbachy.fr/wp-content/uploads/2014/07/CarnavalIMG_734622juin2014_thumb1.jpg"  width="644" height="431"></a> <a href="http://www.vivonsbachy.fr/wp-content/uploads/2014/07/CarnavalIMG_734822juin20141.jpg" class="gallery_colorbox"><img loading="lazy" decoding="async" title="Carnaval-IMG_7348-22 juin 2014" style="border-top: 0px; border-right: 0px; border-bottom: 0px; border-left: 0px; display: inline" border="0" alt="Carnaval-IMG_7348-22 juin 2014" src="http://www.vivonsbachy.fr/wp-content/uploads/2014/07/CarnavalIMG_734822juin2014_thumb1.jpg"  width="644" height="431"></a> <a href="http://www.vivonsbachy.fr/wp-content/uploads/2014/07/CarnavalIMG_734922juin20141.jpg" class="gallery_colorbox"><img loading="lazy" decoding="async" title="Carnaval-IMG_7349-22 juin 2014" style="border-top: 0px; border-right: 0px; border-bottom: 0px; border-left: 0px; display: inline" border="0" alt="Carnaval-IMG_7349-22 juin 2014" src="http://www.vivonsbachy.fr/wp-content/uploads/2014/07/CarnavalIMG_734922juin2014_thumb1.jpg"  width="644" height="431"></a> <a href="http://www.vivonsbachy.fr/wp-content/uploads/2014/07/CarnavalIMG_735422juin20141.jpg" class="gallery_colorbox"><img loading="lazy" decoding="async" title="Carnaval-IMG_7354-22 juin 2014" style="border-top: 0px; border-right: 0px; border-bottom: 0px; border-left: 0px; display: inline" border="0" alt="Carnaval-IMG_7354-22 juin 2014" src="http://www.vivonsbachy.fr/wp-content/uploads/2014/07/CarnavalIMG_735422juin2014_thumb1.jpg"  width="644" height="431"></a> <a href="http://www.vivonsbachy.fr/wp-content/uploads/2014/07/CarnavalIMG_735522juin20141.jpg" class="gallery_colorbox"><img loading="lazy" decoding="async" title="Carnaval-IMG_7355-22 juin 2014" style="border-top: 0px; border-right: 0px; border-bottom: 0px; border-left: 0px; display: inline" border="0" alt="Carnaval-IMG_7355-22 juin 2014" src="http://www.vivonsbachy.fr/wp-content/uploads/2014/07/CarnavalIMG_735522juin2014_thumb1.jpg"  width="324" height="484"></a> <a href="http://www.vivonsbachy.fr/wp-content/uploads/2014/07/CarnavalIMG_735722juin20141.jpg" class="gallery_colorbox"><img loading="lazy" decoding="async" title="Carnaval-IMG_7357-22 juin 2014" style="border-top: 0px; border-right: 0px; border-bottom: 0px; border-left: 0px; display: inline" border="0" alt="Carnaval-IMG_7357-22 juin 2014" src="http://www.vivonsbachy.fr/wp-content/uploads/2014/07/CarnavalIMG_735722juin2014_thumb1.jpg"  width="644" height="431"></a> <a href="http://www.vivonsbachy.fr/wp-content/uploads/2014/07/CarnavalIMG_735922juin20141.jpg" class="gallery_colorbox"><img loading="lazy" decoding="async" title="Carnaval-IMG_7359-22 juin 2014" style="border-top: 0px; border-right: 0px; border-bottom: 0px; border-left: 0px; display: inline" border="0" alt="Carnaval-IMG_7359-22 juin 2014" src="http://www.vivonsbachy.fr/wp-content/uploads/2014/07/CarnavalIMG_735922juin2014_thumb1.jpg"  width="644" height="364"></a></p>

<p>22 juin, Vivons Bachy avec le géant Antoine de Baissy ont participé au défilé carnavalesque de Bachy Très beau temps pour un grand succès de ce défilé</p>
