{"id":1661,"date":"2014-03-10T15:24:22","date_gmt":"2014-03-10T13:24:22","guid":{"rendered":"http:\/\/www.vivonsbachy.fr\/?page_id=1661"},"modified":"2014-05-08T12:08:34","modified_gmt":"2014-05-08T10:08:34","slug":"3-marche-du-muguet","status":"publish","type":"page","link":"https:\/\/www.vivonsbachy.fr\/?page_id=1661","title":{"rendered":"4 &#8211; Marche du muguet"},"content":{"rendered":"<p>Dimanche 4 mai 2014, Vivons Bachy a organis\u00e9 une marche du muguet. C\u2019\u00e9tait une premi\u00e8re pour l\u2019association.<\/p>\n<p>70 personnes ont particip\u00e9 \u00e0 cette marche sur 3 circuits, 4, 6 et 10 km. Le tout dans une ambiance conviviale et o\u00f9 le temps \u00e9tait de la partie.<\/p>\n<p>Tout au long du parcours un quiz \u00e9tait \u00e9galement organis\u00e9 avec des questions sur le village de Bachy. Points au programme: \u00e0 la vierge bleue, rue de le lib\u00e9ration, dans la plaine et \u00e0 la chapelle seigneuriale.<\/p>\n<p align=\"center\"><a href=\"http:\/\/www.vivonsbachy.fr\/wp-content\/uploads\/2014\/05\/1remarchedumuguetIMG_432504052014Copier.jpg\" class=\"gallery_colorbox\"><img loading=\"lazy\" decoding=\"async\" title=\"1&egrave;re marche du muguet-IMG_4325-04052014 (Copier)\" style=\"border-left-width: 0px; border-right-width: 0px; border-bottom-width: 0px; display: inline; border-top-width: 0px\" border=\"0\" alt=\"1&egrave;re marche du muguet-IMG_4325-04052014 (Copier)\" src=\"http:\/\/www.vivonsbachy.fr\/wp-content\/uploads\/2014\/05\/1remarchedumuguetIMG_432504052014Copier_thumb.jpg\"  width=\"244\" height=\"158\"><\/a> <a href=\"http:\/\/www.vivonsbachy.fr\/wp-content\/uploads\/2014\/05\/1remarchedumuguetIMG_432804052014Copier.jpg\" class=\"gallery_colorbox\"><img loading=\"lazy\" decoding=\"async\" title=\"1&egrave;re marche du muguet-IMG_4328-04052014 (Copier)\" style=\"border-left-width: 0px; border-right-width: 0px; border-bottom-width: 0px; display: inline; border-top-width: 0px\" border=\"0\" alt=\"1&egrave;re marche du muguet-IMG_4328-04052014 (Copier)\" src=\"http:\/\/www.vivonsbachy.fr\/wp-content\/uploads\/2014\/05\/1remarchedumuguetIMG_432804052014Copier_thumb.jpg\"  width=\"244\" height=\"157\"><\/a> <a href=\"http:\/\/www.vivonsbachy.fr\/wp-content\/uploads\/2014\/05\/1remarchedumuguetIMG_432904052014Copier.jpg\" class=\"gallery_colorbox\"><img loading=\"lazy\" decoding=\"async\" title=\"1&egrave;re marche du muguet-IMG_4329-04052014 (Copier)\" style=\"border-left-width: 0px; border-right-width: 0px; border-bottom-width: 0px; display: inline; border-top-width: 0px\" border=\"0\" alt=\"1&egrave;re marche du muguet-IMG_4329-04052014 (Copier)\" src=\"http:\/\/www.vivonsbachy.fr\/wp-content\/uploads\/2014\/05\/1remarchedumuguetIMG_432904052014Copier_thumb.jpg\"  width=\"244\" height=\"164\"><\/a> <a href=\"http:\/\/www.vivonsbachy.fr\/wp-content\/uploads\/2014\/05\/1remarchedumuguetIMG_433004052014Copier.jpg\" class=\"gallery_colorbox\"><img loading=\"lazy\" decoding=\"async\" title=\"1&egrave;re marche du muguet-IMG_4330-04052014 (Copier)\" style=\"border-left-width: 0px; border-right-width: 0px; border-bottom-width: 0px; display: inline; border-top-width: 0px\" border=\"0\" alt=\"1&egrave;re marche du muguet-IMG_4330-04052014 (Copier)\" src=\"http:\/\/www.vivonsbachy.fr\/wp-content\/uploads\/2014\/05\/1remarchedumuguetIMG_433004052014Copier_thumb.jpg\"  width=\"244\" height=\"164\"><\/a> <a href=\"http:\/\/www.vivonsbachy.fr\/wp-content\/uploads\/2014\/05\/1remarchedumuguetIMG_433104052014Copier.jpg\" class=\"gallery_colorbox\"><img loading=\"lazy\" decoding=\"async\" title=\"1&egrave;re marche du muguet-IMG_4331-04052014 (Copier)\" style=\"border-left-width: 0px; border-right-width: 0px; border-bottom-width: 0px; display: inline; border-top-width: 0px\" border=\"0\" alt=\"1&egrave;re marche du muguet-IMG_4331-04052014 (Copier)\" src=\"http:\/\/www.vivonsbachy.fr\/wp-content\/uploads\/2014\/05\/1remarchedumuguetIMG_433104052014Copier_thumb.jpg\"  width=\"244\" height=\"118\"><\/a> <a href=\"http:\/\/www.vivonsbachy.fr\/wp-content\/uploads\/2014\/05\/1remarchedumuguetIMG_433804052014Copier.jpg\" class=\"gallery_colorbox\"><img loading=\"lazy\" decoding=\"async\" title=\"1&egrave;re marche du muguet-IMG_4338-04052014 (Copier)\" style=\"border-left-width: 0px; border-right-width: 0px; border-bottom-width: 0px; display: inline; border-top-width: 0px\" border=\"0\" alt=\"1&egrave;re marche du muguet-IMG_4338-04052014 (Copier)\" src=\"http:\/\/www.vivonsbachy.fr\/wp-content\/uploads\/2014\/05\/1remarchedumuguetIMG_433804052014Copier_thumb.jpg\"  width=\"244\" height=\"164\"><\/a> <a href=\"http:\/\/www.vivonsbachy.fr\/wp-content\/uploads\/2014\/05\/1remarchedumuguetIMG_434004052014Copier.jpg\" class=\"gallery_colorbox\"><img loading=\"lazy\" decoding=\"async\" title=\"1&egrave;re marche du muguet-IMG_4340-04052014 (Copier)\" style=\"border-left-width: 0px; border-right-width: 0px; border-bottom-width: 0px; display: inline; border-top-width: 0px\" border=\"0\" alt=\"1&egrave;re marche du muguet-IMG_4340-04052014 (Copier)\" src=\"http:\/\/www.vivonsbachy.fr\/wp-content\/uploads\/2014\/05\/1remarchedumuguetIMG_434004052014Copier_thumb.jpg\"  width=\"244\" height=\"164\"><\/a> <a href=\"http:\/\/www.vivonsbachy.fr\/wp-content\/uploads\/2014\/05\/1remarchedumuguetIMG_434104052014Copier.jpg\" class=\"gallery_colorbox\"><img loading=\"lazy\" decoding=\"async\" title=\"1&egrave;re marche du muguet-IMG_4341-04052014 (Copier)\" style=\"border-left-width: 0px; border-right-width: 0px; border-bottom-width: 0px; display: inline; border-top-width: 0px\" border=\"0\" alt=\"1&egrave;re marche du muguet-IMG_4341-04052014 (Copier)\" src=\"http:\/\/www.vivonsbachy.fr\/wp-content\/uploads\/2014\/05\/1remarchedumuguetIMG_434104052014Copier_thumb.jpg\"  width=\"244\" height=\"155\"><\/a> <a href=\"http:\/\/www.vivonsbachy.fr\/wp-content\/uploads\/2014\/05\/1remarchedumuguetIMG_434504052014Copier.jpg\" class=\"gallery_colorbox\"><img loading=\"lazy\" decoding=\"async\" title=\"1&egrave;re marche du muguet-IMG_4345-04052014 (Copier)\" style=\"border-left-width: 0px; border-right-width: 0px; border-bottom-width: 0px; display: inline; border-top-width: 0px\" border=\"0\" alt=\"1&egrave;re marche du muguet-IMG_4345-04052014 (Copier)\" src=\"http:\/\/www.vivonsbachy.fr\/wp-content\/uploads\/2014\/05\/1remarchedumuguetIMG_434504052014Copier_thumb.jpg\"  width=\"244\" height=\"164\"><\/a> <a href=\"http:\/\/www.vivonsbachy.fr\/wp-content\/uploads\/2014\/05\/1remarchedumuguetIMG_434704052014Copier.jpg\" class=\"gallery_colorbox\"><img loading=\"lazy\" decoding=\"async\" title=\"1&egrave;re marche du muguet-IMG_4347-04052014 (Copier)\" style=\"border-left-width: 0px; border-right-width: 0px; border-bottom-width: 0px; display: inline; border-top-width: 0px\" border=\"0\" alt=\"1&egrave;re marche du muguet-IMG_4347-04052014 (Copier)\" src=\"http:\/\/www.vivonsbachy.fr\/wp-content\/uploads\/2014\/05\/1remarchedumuguetIMG_434704052014Copier_thumb.jpg\"  width=\"244\" height=\"164\"><\/a> <a href=\"http:\/\/www.vivonsbachy.fr\/wp-content\/uploads\/2014\/05\/1remarchedumuguetIMG_434804052014Copier.jpg\" class=\"gallery_colorbox\"><img loading=\"lazy\" decoding=\"async\" title=\"1&egrave;re marche du muguet-IMG_4348-04052014 (Copier)\" style=\"border-left-width: 0px; border-right-width: 0px; border-bottom-width: 0px; display: inline; border-top-width: 0px\" border=\"0\" alt=\"1&egrave;re marche du muguet-IMG_4348-04052014 (Copier)\" src=\"http:\/\/www.vivonsbachy.fr\/wp-content\/uploads\/2014\/05\/1remarchedumuguetIMG_434804052014Copier_thumb.jpg\"  width=\"244\" height=\"164\"><\/a> <a href=\"http:\/\/www.vivonsbachy.fr\/wp-content\/uploads\/2014\/05\/1remarchedumuguetIMG_434904052014Copier.jpg\" class=\"gallery_colorbox\"><img loading=\"lazy\" decoding=\"async\" title=\"1&egrave;re marche du muguet-IMG_4349-04052014 (Copier)\" style=\"border-left-width: 0px; border-right-width: 0px; border-bottom-width: 0px; display: inline; border-top-width: 0px\" border=\"0\" alt=\"1&egrave;re marche du muguet-IMG_4349-04052014 (Copier)\" src=\"http:\/\/www.vivonsbachy.fr\/wp-content\/uploads\/2014\/05\/1remarchedumuguetIMG_434904052014Copier_thumb.jpg\"  width=\"244\" height=\"140\"><\/a> <a href=\"http:\/\/www.vivonsbachy.fr\/wp-content\/uploads\/2014\/05\/1remarchedumuguetIMG_435104052014Copier.jpg\" class=\"gallery_colorbox\"><img loading=\"lazy\" decoding=\"async\" title=\"1&egrave;re marche du muguet-IMG_4351-04052014 (Copier)\" style=\"border-left-width: 0px; border-right-width: 0px; border-bottom-width: 0px; display: inline; border-top-width: 0px\" border=\"0\" alt=\"1&egrave;re marche du muguet-IMG_4351-04052014 (Copier)\" src=\"http:\/\/www.vivonsbachy.fr\/wp-content\/uploads\/2014\/05\/1remarchedumuguetIMG_435104052014Copier_thumb.jpg\"  width=\"244\" height=\"164\"><\/a> <a href=\"http:\/\/www.vivonsbachy.fr\/wp-content\/uploads\/2014\/05\/1remarchedumuguetIMG_435304052014Copier.jpg\" class=\"gallery_colorbox\"><img loading=\"lazy\" decoding=\"async\" title=\"1&egrave;re marche du muguet-IMG_4353-04052014 (Copier)\" style=\"border-left-width: 0px; border-right-width: 0px; border-bottom-width: 0px; display: inline; border-top-width: 0px\" border=\"0\" alt=\"1&egrave;re marche du muguet-IMG_4353-04052014 (Copier)\" src=\"http:\/\/www.vivonsbachy.fr\/wp-content\/uploads\/2014\/05\/1remarchedumuguetIMG_435304052014Copier_thumb.jpg\"  width=\"244\" height=\"164\"><\/a> <a href=\"http:\/\/www.vivonsbachy.fr\/wp-content\/uploads\/2014\/05\/1remarchedumuguetIMG_435704052014Copier.jpg\" class=\"gallery_colorbox\"><img loading=\"lazy\" decoding=\"async\" title=\"1&egrave;re marche du muguet-IMG_4357-04052014 (Copier)\" style=\"border-left-width: 0px; border-right-width: 0px; border-bottom-width: 0px; display: inline; border-top-width: 0px\" border=\"0\" alt=\"1&egrave;re marche du muguet-IMG_4357-04052014 (Copier)\" src=\"http:\/\/www.vivonsbachy.fr\/wp-content\/uploads\/2014\/05\/1remarchedumuguetIMG_435704052014Copier_thumb.jpg\"  width=\"164\" height=\"244\"><\/a> <a href=\"http:\/\/www.vivonsbachy.fr\/wp-content\/uploads\/2014\/05\/1remarchedumuguetIMG_436004052014Copier.jpg\" class=\"gallery_colorbox\"><img loading=\"lazy\" decoding=\"async\" title=\"1&egrave;re marche du muguet-IMG_4360-04052014 (Copier)\" style=\"border-left-width: 0px; border-right-width: 0px; border-bottom-width: 0px; display: inline; border-top-width: 0px\" border=\"0\" alt=\"1&egrave;re marche du muguet-IMG_4360-04052014 (Copier)\" src=\"http:\/\/www.vivonsbachy.fr\/wp-content\/uploads\/2014\/05\/1remarchedumuguetIMG_436004052014Copier_thumb.jpg\"  width=\"164\" height=\"244\"><\/a> <a href=\"http:\/\/www.vivonsbachy.fr\/wp-content\/uploads\/2014\/05\/1remarchedumuguetIMG_436304052014Copier.jpg\" class=\"gallery_colorbox\"><img loading=\"lazy\" decoding=\"async\" title=\"1&egrave;re marche du muguet-IMG_4363-04052014 (Copier)\" style=\"border-left-width: 0px; border-right-width: 0px; border-bottom-width: 0px; display: inline; border-top-width: 0px\" border=\"0\" alt=\"1&egrave;re marche du muguet-IMG_4363-04052014 (Copier)\" src=\"http:\/\/www.vivonsbachy.fr\/wp-content\/uploads\/2014\/05\/1remarchedumuguetIMG_436304052014Copier_thumb.jpg\"  width=\"164\" height=\"244\"><\/a> <a href=\"http:\/\/www.vivonsbachy.fr\/wp-content\/uploads\/2014\/05\/1remarchedumuguetIMG_436904052014Copier.jpg\" class=\"gallery_colorbox\"><img loading=\"lazy\" decoding=\"async\" title=\"1&egrave;re marche du muguet-IMG_4369-04052014 (Copier)\" style=\"border-left-width: 0px; border-right-width: 0px; border-bottom-width: 0px; display: inline; border-top-width: 0px\" border=\"0\" alt=\"1&egrave;re marche du muguet-IMG_4369-04052014 (Copier)\" src=\"http:\/\/www.vivonsbachy.fr\/wp-content\/uploads\/2014\/05\/1remarchedumuguetIMG_436904052014Copier_thumb.jpg\"  width=\"164\" height=\"244\"><\/a> <a href=\"http:\/\/www.vivonsbachy.fr\/wp-content\/uploads\/2014\/05\/1remarchedumuguetIMG_437004052014Copier.jpg\" class=\"gallery_colorbox\"><img loading=\"lazy\" decoding=\"async\" title=\"1&egrave;re marche du muguet-IMG_4370-04052014 (Copier)\" style=\"border-left-width: 0px; border-right-width: 0px; border-bottom-width: 0px; display: inline; border-top-width: 0px\" border=\"0\" alt=\"1&egrave;re marche du muguet-IMG_4370-04052014 (Copier)\" src=\"http:\/\/www.vivonsbachy.fr\/wp-content\/uploads\/2014\/05\/1remarchedumuguetIMG_437004052014Copier_thumb.jpg\"  width=\"244\" height=\"164\"><\/a> <a href=\"http:\/\/www.vivonsbachy.fr\/wp-content\/uploads\/2014\/05\/1remarchedumuguetIMG_437104052014Copier.jpg\" class=\"gallery_colorbox\"><img loading=\"lazy\" decoding=\"async\" title=\"1&egrave;re marche du muguet-IMG_4371-04052014 (Copier)\" style=\"border-left-width: 0px; border-right-width: 0px; border-bottom-width: 0px; display: inline; border-top-width: 0px\" border=\"0\" alt=\"1&egrave;re marche du muguet-IMG_4371-04052014 (Copier)\" src=\"http:\/\/www.vivonsbachy.fr\/wp-content\/uploads\/2014\/05\/1remarchedumuguetIMG_437104052014Copier_thumb.jpg\"  width=\"244\" height=\"164\"><\/a> <a href=\"http:\/\/www.vivonsbachy.fr\/wp-content\/uploads\/2014\/05\/1remarchedumuguetIMG_437604052014Copier.jpg\" class=\"gallery_colorbox\"><img loading=\"lazy\" decoding=\"async\" title=\"1&egrave;re marche du muguet-IMG_4376-04052014 (Copier)\" style=\"border-left-width: 0px; border-right-width: 0px; border-bottom-width: 0px; display: inline; border-top-width: 0px\" border=\"0\" alt=\"1&egrave;re marche du muguet-IMG_4376-04052014 (Copier)\" src=\"http:\/\/www.vivonsbachy.fr\/wp-content\/uploads\/2014\/05\/1remarchedumuguetIMG_437604052014Copier_thumb.jpg\"  width=\"244\" height=\"164\"><\/a> <a href=\"http:\/\/www.vivonsbachy.fr\/wp-content\/uploads\/2014\/05\/1remarchedumuguetIMG_437904052014Copier.jpg\" class=\"gallery_colorbox\"><img loading=\"lazy\" decoding=\"async\" title=\"1&egrave;re marche du muguet-IMG_4379-04052014 (Copier)\" style=\"border-left-width: 0px; border-right-width: 0px; border-bottom-width: 0px; display: inline; border-top-width: 0px\" border=\"0\" alt=\"1&egrave;re marche du muguet-IMG_4379-04052014 (Copier)\" src=\"http:\/\/www.vivonsbachy.fr\/wp-content\/uploads\/2014\/05\/1remarchedumuguetIMG_437904052014Copier_thumb.jpg\"  width=\"244\" height=\"164\"><\/a> <a href=\"http:\/\/www.vivonsbachy.fr\/wp-content\/uploads\/2014\/05\/1remarchedumuguetIMG_438504052014Copier.jpg\" class=\"gallery_colorbox\"><img loading=\"lazy\" decoding=\"async\" title=\"1&egrave;re marche du muguet-IMG_4385-04052014 (Copier)\" style=\"border-left-width: 0px; border-right-width: 0px; border-bottom-width: 0px; display: inline; border-top-width: 0px\" border=\"0\" alt=\"1&egrave;re marche du muguet-IMG_4385-04052014 (Copier)\" src=\"http:\/\/www.vivonsbachy.fr\/wp-content\/uploads\/2014\/05\/1remarchedumuguetIMG_438504052014Copier_thumb.jpg\"  width=\"244\" height=\"164\"><\/a> <a href=\"http:\/\/www.vivonsbachy.fr\/wp-content\/uploads\/2014\/05\/1remarchedumuguetIMG_439204052014Copier.jpg\" class=\"gallery_colorbox\"><img loading=\"lazy\" decoding=\"async\" title=\"1&egrave;re marche du muguet-IMG_4392-04052014 (Copier)\" style=\"border-left-width: 0px; border-right-width: 0px; border-bottom-width: 0px; display: inline; border-top-width: 0px\" border=\"0\" alt=\"1&egrave;re marche du muguet-IMG_4392-04052014 (Copier)\" src=\"http:\/\/www.vivonsbachy.fr\/wp-content\/uploads\/2014\/05\/1remarchedumuguetIMG_439204052014Copier_thumb.jpg\"  width=\"244\" height=\"164\"><\/a> <a href=\"http:\/\/www.vivonsbachy.fr\/wp-content\/uploads\/2014\/05\/1remarchedumuguetIMG_439904052014Copier.jpg\" class=\"gallery_colorbox\"><img loading=\"lazy\" decoding=\"async\" title=\"1&egrave;re marche du muguet-IMG_4399-04052014 (Copier)\" style=\"border-left-width: 0px; border-right-width: 0px; border-bottom-width: 0px; display: inline; border-top-width: 0px\" border=\"0\" alt=\"1&egrave;re marche du muguet-IMG_4399-04052014 (Copier)\" src=\"http:\/\/www.vivonsbachy.fr\/wp-content\/uploads\/2014\/05\/1remarchedumuguetIMG_439904052014Copier_thumb.jpg\"  width=\"244\" height=\"164\"><\/a> <a href=\"http:\/\/www.vivonsbachy.fr\/wp-content\/uploads\/2014\/05\/1remarchedumuguetIMG_440604052014Copier.jpg\" class=\"gallery_colorbox\"><img loading=\"lazy\" decoding=\"async\" title=\"1&egrave;re marche du muguet-IMG_4406-04052014 (Copier)\" style=\"border-left-width: 0px; border-right-width: 0px; border-bottom-width: 0px; display: inline; border-top-width: 0px\" border=\"0\" alt=\"1&egrave;re marche du muguet-IMG_4406-04052014 (Copier)\" src=\"http:\/\/www.vivonsbachy.fr\/wp-content\/uploads\/2014\/05\/1remarchedumuguetIMG_440604052014Copier_thumb.jpg\"  width=\"244\" height=\"164\"><\/a> <a href=\"http:\/\/www.vivonsbachy.fr\/wp-content\/uploads\/2014\/05\/1remarchedumuguetIMG_440804052014Copier.jpg\" class=\"gallery_colorbox\"><img loading=\"lazy\" decoding=\"async\" title=\"1&egrave;re marche du muguet-IMG_4408-04052014 (Copier)\" style=\"border-left-width: 0px; border-right-width: 0px; border-bottom-width: 0px; display: inline; border-top-width: 0px\" border=\"0\" alt=\"1&egrave;re marche du muguet-IMG_4408-04052014 (Copier)\" src=\"http:\/\/www.vivonsbachy.fr\/wp-content\/uploads\/2014\/05\/1remarchedumuguetIMG_440804052014Copier_thumb.jpg\"  width=\"244\" height=\"175\"><\/a><a href=\"http:\/\/www.vivonsbachy.fr\/wp-content\/uploads\/2014\/05\/1remarchedumuguetIMG_441104052014Copier.jpg\" class=\"gallery_colorbox\"><img loading=\"lazy\" decoding=\"async\" title=\"1&egrave;re marche du muguet-IMG_4411-04052014 (Copier)\" style=\"border-top: 0px; border-right: 0px; border-bottom: 0px; border-left: 0px; display: inline\" border=\"0\" alt=\"1&egrave;re marche du muguet-IMG_4411-04052014 (Copier)\" src=\"http:\/\/www.vivonsbachy.fr\/wp-content\/uploads\/2014\/05\/1remarchedumuguetIMG_441104052014Copier_thumb.jpg\"  width=\"244\" height=\"166\"><\/a> <a href=\"http:\/\/www.vivonsbachy.fr\/wp-content\/uploads\/2014\/05\/1remarchedumuguetIMG_441204052014Copier.jpg\" class=\"gallery_colorbox\"><img loading=\"lazy\" decoding=\"async\" title=\"1&egrave;re marche du muguet-IMG_4412-04052014 (Copier)\" style=\"border-top: 0px; border-right: 0px; border-bottom: 0px; border-left: 0px; display: inline\" border=\"0\" alt=\"1&egrave;re marche du muguet-IMG_4412-04052014 (Copier)\" src=\"http:\/\/www.vivonsbachy.fr\/wp-content\/uploads\/2014\/05\/1remarchedumuguetIMG_441204052014Copier_thumb.jpg\"  width=\"244\" height=\"164\"><\/a> <a href=\"http:\/\/www.vivonsbachy.fr\/wp-content\/uploads\/2014\/05\/1remarchedumuguetIMG_441304052014Copier.jpg\" class=\"gallery_colorbox\"><img loading=\"lazy\" decoding=\"async\" title=\"1&egrave;re marche du muguet-IMG_4413-04052014 (Copier)\" style=\"border-top: 0px; border-right: 0px; border-bottom: 0px; border-left: 0px; display: inline\" border=\"0\" alt=\"1&egrave;re marche du muguet-IMG_4413-04052014 (Copier)\" src=\"http:\/\/www.vivonsbachy.fr\/wp-content\/uploads\/2014\/05\/1remarchedumuguetIMG_441304052014Copier_thumb.jpg\"  width=\"244\" height=\"164\"><\/a> <a href=\"http:\/\/www.vivonsbachy.fr\/wp-content\/uploads\/2014\/05\/1remarchedumuguetIMG_441404052014Copier.jpg\" class=\"gallery_colorbox\"><img loading=\"lazy\" decoding=\"async\" title=\"1&egrave;re marche du muguet-IMG_4414-04052014 (Copier)\" style=\"border-top: 0px; border-right: 0px; border-bottom: 0px; border-left: 0px; display: inline\" border=\"0\" alt=\"1&egrave;re marche du muguet-IMG_4414-04052014 (Copier)\" src=\"http:\/\/www.vivonsbachy.fr\/wp-content\/uploads\/2014\/05\/1remarchedumuguetIMG_441404052014Copier_thumb.jpg\"  width=\"244\" height=\"178\"><\/a>&nbsp; <a href=\"http:\/\/www.vivonsbachy.fr\/wp-content\/uploads\/2014\/05\/1remarchedumuguetIMG_442004052014Copier.jpg\" class=\"gallery_colorbox\"><img loading=\"lazy\" decoding=\"async\" title=\"1&egrave;re marche du muguet-IMG_4420-04052014 (Copier)\" style=\"border-top: 0px; border-right: 0px; border-bottom: 0px; border-left: 0px; display: inline\" border=\"0\" alt=\"1&egrave;re marche du muguet-IMG_4420-04052014 (Copier)\" src=\"http:\/\/www.vivonsbachy.fr\/wp-content\/uploads\/2014\/05\/1remarchedumuguetIMG_442004052014Copier_thumb.jpg\"  width=\"244\" height=\"165\"><\/a> <\/p>\n<p align=\"center\">C\u2019est Claude Vanpouille qui a gagn\u00e9 le panier garni<\/p>\n<p align=\"center\"><a href=\"http:\/\/www.vivonsbachy.fr\/wp-content\/uploads\/2014\/05\/1remarchedumuguetIMG_441704052014Copier.jpg\" class=\"gallery_colorbox\"><img loading=\"lazy\" decoding=\"async\" title=\"1&egrave;re marche du muguet-IMG_4417-04052014 (Copier)\" style=\"border-top: 0px; border-right: 0px; border-bottom: 0px; border-left: 0px; display: inline\" border=\"0\" alt=\"1&egrave;re marche du muguet-IMG_4417-04052014 (Copier)\" src=\"http:\/\/www.vivonsbachy.fr\/wp-content\/uploads\/2014\/05\/1remarchedumuguetIMG_441704052014Copier_thumb.jpg\"  width=\"244\" height=\"164\"><\/a><\/p>\n","protected":false},"excerpt":{"rendered":"<p>Dimanche 4 mai 2014, Vivons Bachy a organis\u00e9 une marche du muguet. C\u2019\u00e9tait une premi\u00e8re pour l\u2019association. 70 personnes ont particip\u00e9 \u00e0 cette marche sur 3 circuits, 4, 6 et 10 km. Le tout dans une ambiance conviviale et o\u00f9 &hellip; <a href=\"https:\/\/www.vivonsbachy.fr\/?page_id=1661\">Continuer la lecture <span class=\"meta-nav\">&rarr;<\/span><\/a><\/p>\n","protected":false},"author":1,"featured_media":0,"parent":1655,"menu_order":0,"comment_status":"open","ping_status":"open","template":"","meta":{"footnotes":""},"_links":{"self":[{"href":"https:\/\/www.vivonsbachy.fr\/index.php?rest_route=\/wp\/v2\/pages\/1661"}],"collection":[{"href":"https:\/\/www.vivonsbachy.fr\/index.php?rest_route=\/wp\/v2\/pages"}],"about":[{"href":"https:\/\/www.vivonsbachy.fr\/index.php?rest_route=\/wp\/v2\/types\/page"}],"author":[{"embeddable":true,"href":"https:\/\/www.vivonsbachy.fr\/index.php?rest_route=\/wp\/v2\/users\/1"}],"replies":[{"embeddable":true,"href":"https:\/\/www.vivonsbachy.fr\/index.php?rest_route=%2Fwp%2Fv2%2Fcomments&post=1661"}],"version-history":[{"count":9,"href":"https:\/\/www.vivonsbachy.fr\/index.php?rest_route=\/wp\/v2\/pages\/1661\/revisions"}],"predecessor-version":[{"id":1969,"href":"https:\/\/www.vivonsbachy.fr\/index.php?rest_route=\/wp\/v2\/pages\/1661\/revisions\/1969"}],"up":[{"embeddable":true,"href":"https:\/\/www.vivonsbachy.fr\/index.php?rest_route=\/wp\/v2\/pages\/1655"}],"wp:attachment":[{"href":"https:\/\/www.vivonsbachy.fr\/index.php?rest_route=%2Fwp%2Fv2%2Fmedia&parent=1661"}],"curies":[{"name":"wp","href":"https:\/\/api.w.org\/{rel}","templated":true}]}}