{"id":143,"date":"2011-06-16T09:08:17","date_gmt":"2011-06-16T07:08:17","guid":{"rendered":"http:\/\/www.vivonsbachy.fr\/blog\/?page_id=143"},"modified":"2013-06-12T14:46:44","modified_gmt":"2013-06-12T12:46:44","slug":"le-geant","status":"publish","type":"page","link":"https:\/\/www.vivonsbachy.fr\/?page_id=143","title":{"rendered":"LE GEANT"},"content":{"rendered":"<h1 style=\"text-align: center\"><strong><span style=\"color: #ff0000\">ANTOINE DE BAISSY<\/span><\/strong><\/h1>\n<address style=\"text-align: center\"><span style=\"color: #000000\">est n\u00e9 en juin 2004 lors de la cr\u00e9ation du spectacle musical historique<\/span><\/address>\n<address style=\"text-align: center\"><strong><span style=\"color: #0000ff\"><em>\u00ab\u00a0LE PAIN DE LA REVOLTE\u00a0\u00bb<\/em><\/span><\/strong><\/address>\n<address style=\"text-align: center\"><span style=\"color: #000000\">spectacle son et lumi\u00e8re qui a eu lieu \u00e0 Bachy en 2004 &amp; 2005<\/span><\/address>\n<address style=\"text-align: center\"><span style=\"color: #000000\">depuis notre g\u00e9ant participe \u00e0 de nombreuses sorties et festivit\u00e9s<\/span><\/address>\n<address style=\"text-align: center\"><span style=\"color: #000000\"><a href=\"http:\/\/www.vivonsbachy.fr\/wp-content\/uploads\/2011\/06\/100_9702.jpg\" class=\"gallery_colorbox\"><img loading=\"lazy\" decoding=\"async\" title=\"100_9702\" class=\"aligncenter size-large wp-image-147\" alt=\"\" src=\"http:\/\/www.vivonsbachy.fr\/wp-content\/uploads\/2011\/06\/100_9702-682x1024.jpg\"  width=\"384\" height=\"576\" srcset=\"https:\/\/www.vivonsbachy.fr\/wp-content\/uploads\/2011\/06\/100_9702-682x1024.jpg 682w, https:\/\/www.vivonsbachy.fr\/wp-content\/uploads\/2011\/06\/100_9702-200x300.jpg 200w, https:\/\/www.vivonsbachy.fr\/wp-content\/uploads\/2011\/06\/100_9702.jpg 1536w\" sizes=\"(max-width: 384px) 100vw, 384px\" \/><\/a><\/span><\/address>\n<address>Antoine de Baissy fut inspir\u00e9 par le gisant Pierre de Tenremonde qui est situ\u00e9 dans la chapelle de l&rsquo;\u00e9glise Saint Eloi \u00e0 Bachy.<\/address>\n<address>Il mesure 4 m\u00e9tres 20 pour un poid de 157,5Kg<\/address>\n<address><\/address>\n<address><a href=\"http:\/\/www.vivonsbachy.fr\/wp-content\/uploads\/2011\/06\/DESSIN-05-21.jpg\" class=\"gallery_colorbox\"><img loading=\"lazy\" decoding=\"async\" title=\"DESSIN 05-2\" class=\"alignleft size-medium wp-image-156\" alt=\"\" src=\"http:\/\/www.vivonsbachy.fr\/wp-content\/uploads\/2011\/06\/DESSIN-05-21-231x300.jpg\"  width=\"231\" height=\"300\" srcset=\"https:\/\/www.vivonsbachy.fr\/wp-content\/uploads\/2011\/06\/DESSIN-05-21-231x300.jpg 231w, https:\/\/www.vivonsbachy.fr\/wp-content\/uploads\/2011\/06\/DESSIN-05-21-791x1024.jpg 791w, https:\/\/www.vivonsbachy.fr\/wp-content\/uploads\/2011\/06\/DESSIN-05-21.jpg 1639w\" sizes=\"(max-width: 231px) 100vw, 231px\" \/><\/a><\/address>\n<address><img loading=\"lazy\" decoding=\"async\" title=\"DESSIN 03\" class=\"size-medium wp-image-157 alignright\" alt=\"\" src=\"http:\/\/www.vivonsbachy.fr\/wp-content\/uploads\/2011\/06\/DESSIN-031-224x300.jpg\" width=\"224\" height=\"300\" srcset=\"https:\/\/www.vivonsbachy.fr\/wp-content\/uploads\/2011\/06\/DESSIN-031-224x300.jpg 224w, https:\/\/www.vivonsbachy.fr\/wp-content\/uploads\/2011\/06\/DESSIN-031-765x1024.jpg 765w, https:\/\/www.vivonsbachy.fr\/wp-content\/uploads\/2011\/06\/DESSIN-031.jpg 897w\" sizes=\"(max-width: 224px) 100vw, 224px\" \/><\/address>\n<address><a href=\"http:\/\/www.vivonsbachy.fr\/wp-content\/uploads\/2011\/06\/DESSIN-041.jpg\" class=\"gallery_colorbox\"><img loading=\"lazy\" decoding=\"async\" title=\"DESSIN 04\" class=\"alignright size-medium wp-image-158\" alt=\"\" src=\"http:\/\/www.vivonsbachy.fr\/wp-content\/uploads\/2011\/06\/DESSIN-041-212x300.jpg\"  width=\"212\" height=\"300\" srcset=\"https:\/\/www.vivonsbachy.fr\/wp-content\/uploads\/2011\/06\/DESSIN-041-212x300.jpg 212w, https:\/\/www.vivonsbachy.fr\/wp-content\/uploads\/2011\/06\/DESSIN-041-726x1024.jpg 726w, https:\/\/www.vivonsbachy.fr\/wp-content\/uploads\/2011\/06\/DESSIN-041.jpg 851w\" sizes=\"(max-width: 212px) 100vw, 212px\" \/><\/a><\/address>\n<address><\/address>\n<address><\/address>\n<address><\/address>\n<address><\/address>\n<address><\/address>\n<address><\/address>\n<address><\/address>\n<address><\/address>\n<address><\/address>\n<address><\/address>\n<address><\/address>\n<address><\/address>\n<address><\/address>\n<address><\/address>\n<address><\/address>\n<address><\/address>\n<address><a href=\"http:\/\/www.vivonsbachy.fr\/wp-content\/uploads\/2011\/06\/DESSIN-011.jpg\" class=\"gallery_colorbox\"><img loading=\"lazy\" decoding=\"async\" title=\"DESSIN 01\" class=\"alignleft size-medium wp-image-159\" alt=\"\" src=\"http:\/\/www.vivonsbachy.fr\/wp-content\/uploads\/2011\/06\/DESSIN-011-227x300.jpg\"  width=\"227\" height=\"300\" srcset=\"https:\/\/www.vivonsbachy.fr\/wp-content\/uploads\/2011\/06\/DESSIN-011-227x300.jpg 227w, https:\/\/www.vivonsbachy.fr\/wp-content\/uploads\/2011\/06\/DESSIN-011-776x1024.jpg 776w, https:\/\/www.vivonsbachy.fr\/wp-content\/uploads\/2011\/06\/DESSIN-011.jpg 910w\" sizes=\"(max-width: 227px) 100vw, 227px\" \/><\/a><\/address>\n<address><\/address>\n<address><\/address>\n<address><\/address>\n<address><\/address>\n<address><\/address>\n<address><\/address>\n<address><\/address>\n<address><\/address>\n<address><\/address>\n<address><\/address>\n<address><\/address>\n<address><\/address>\n<address><\/address>\n<address><\/address>\n<address><\/address>\n<address><\/address>\n<address><a href=\"http:\/\/www.vivonsbachy.fr\/wp-content\/uploads\/2011\/06\/DESSIN-021.jpg\" class=\"gallery_colorbox\"><img loading=\"lazy\" decoding=\"async\" title=\"DESSIN 02\" class=\"alignleft size-medium wp-image-160\" alt=\"\" src=\"http:\/\/www.vivonsbachy.fr\/wp-content\/uploads\/2011\/06\/DESSIN-021-229x300.jpg\"  width=\"229\" height=\"300\" srcset=\"https:\/\/www.vivonsbachy.fr\/wp-content\/uploads\/2011\/06\/DESSIN-021-229x300.jpg 229w, https:\/\/www.vivonsbachy.fr\/wp-content\/uploads\/2011\/06\/DESSIN-021-784x1024.jpg 784w, https:\/\/www.vivonsbachy.fr\/wp-content\/uploads\/2011\/06\/DESSIN-021.jpg 919w\" sizes=\"(max-width: 229px) 100vw, 229px\" \/><\/a><\/address>\n<address><\/address>\n<address><\/address>\n<address><\/address>\n<address><\/address>\n<address><\/address>\n<address><\/address>\n<address><\/address>\n<address><\/address>\n<address><\/address>\n<address><\/address>\n<address><\/address>\n<address><\/address>\n<address><\/address>\n<address><\/address>\n<address><\/address>\n<address><\/address>\n<address><a href=\"http:\/\/www.vivonsbachy.fr\/wp-content\/uploads\/2011\/06\/DESSIN-071.jpg\" class=\"gallery_colorbox\"><img loading=\"lazy\" decoding=\"async\" title=\"DESSIN 07\" class=\"alignright size-medium wp-image-161\" alt=\"\" src=\"http:\/\/www.vivonsbachy.fr\/wp-content\/uploads\/2011\/06\/DESSIN-071-232x300.jpg\"  width=\"232\" height=\"300\" srcset=\"https:\/\/www.vivonsbachy.fr\/wp-content\/uploads\/2011\/06\/DESSIN-071-232x300.jpg 232w, https:\/\/www.vivonsbachy.fr\/wp-content\/uploads\/2011\/06\/DESSIN-071-792x1024.jpg 792w, https:\/\/www.vivonsbachy.fr\/wp-content\/uploads\/2011\/06\/DESSIN-071.jpg 929w\" sizes=\"(max-width: 232px) 100vw, 232px\" \/><\/a><\/address>\n<address><\/address>\n<address><\/address>\n<address><\/address>\n<address><\/address>\n<address><\/address>\n<address><\/address>\n<address><\/address>\n<address><\/address>\n<address><\/address>\n<address><\/address>\n<address><\/address>\n<address><\/address>\n<address><\/address>\n<address><\/address>\n<address><\/address>\n<address><\/address>\n<address><a href=\"http:\/\/www.vivonsbachy.fr\/wp-content\/uploads\/2011\/06\/GEANT-COULEUR1.jpg\" class=\"gallery_colorbox\"><img loading=\"lazy\" decoding=\"async\" title=\"GEANT COULEUR\" class=\"aligncenter size-medium wp-image-162\" alt=\"\" src=\"http:\/\/www.vivonsbachy.fr\/wp-content\/uploads\/2011\/06\/GEANT-COULEUR1-209x300.jpg\"  width=\"209\" height=\"300\" srcset=\"https:\/\/www.vivonsbachy.fr\/wp-content\/uploads\/2011\/06\/GEANT-COULEUR1-209x300.jpg 209w, https:\/\/www.vivonsbachy.fr\/wp-content\/uploads\/2011\/06\/GEANT-COULEUR1-715x1024.jpg 715w, https:\/\/www.vivonsbachy.fr\/wp-content\/uploads\/2011\/06\/GEANT-COULEUR1.jpg 839w\" sizes=\"(max-width: 209px) 100vw, 209px\" \/><\/a><\/address>\n<p style=\"text-align: justify\"><em>Il se d\u00e9place sur des roulettes, la structure est en tubes m\u00e9talliques, habill\u00e9e de feuilles de plastique. La t\u00eate sculpt\u00e9e par de multiples facettes de grillage \u00e0 voli\u00e8res ligatur\u00e9es qui donnent le volume et les formes. <\/em><em>Le visage est model\u00e9 avec des m\u00e8ches de fibre de verre noy\u00e9es dans de la r\u00e9sine teint\u00e9e. La structure des bras et des mains est en grillage.<\/em><\/p>\n<p style=\"text-align: justify\"><em>Comme il se doit et suivant la tradition, Antoine de Baissy a \u00e9t\u00e9 baptis\u00e9 le 26 juin 2005, en pr\u00e9sence de son parrain <span style=\"color: #0000ff\">\u00ab\u00a0Hyppolite Hyacinthe de Mouchin\u00a0\u00bb<\/span> et sa marraine <span style=\"color: #0000ff\">\u00ab\u00a0Eleyne d&rsquo;Attiches\u00a0\u00bb<\/span><\/em><\/p>\n<p style=\"text-align: justify\"><em><a href=\"http:\/\/www.vivonsbachy.fr\/wp-content\/uploads\/2011\/06\/100B9733.jpg\" class=\"gallery_colorbox\"><img loading=\"lazy\" decoding=\"async\" title=\"100B9733\" class=\"size-medium wp-image-165 alignleft\" alt=\"\" src=\"http:\/\/www.vivonsbachy.fr\/wp-content\/uploads\/2011\/06\/100B9733-300x227.jpg\"  width=\"300\" height=\"227\" srcset=\"https:\/\/www.vivonsbachy.fr\/wp-content\/uploads\/2011\/06\/100B9733-300x227.jpg 300w, https:\/\/www.vivonsbachy.fr\/wp-content\/uploads\/2011\/06\/100B9733-1024x776.jpg 1024w, https:\/\/www.vivonsbachy.fr\/wp-content\/uploads\/2011\/06\/100B9733.jpg 1482w\" sizes=\"(max-width: 300px) 100vw, 300px\" \/><\/a><\/em><\/p>\n<p style=\"text-align: justify\"><em>Les cr\u00e9ateurs du g\u00e9ant, de gauche \u00e0 droite<\/em><\/p>\n<ul>\n<li>\n<address style=\"text-align: justify\"><em>Marc Delpouve<\/em><\/address>\n<li>\n<address style=\"text-align: justify\">Jacques Van Butsele<\/address>\n<li>\n<address style=\"text-align: justify\">S\u00e9bastien Sansonne<\/address>\n<li>\n<address style=\"text-align: justify\">Chantal Doucy<\/address>\n<li>\n<address style=\"text-align: justify\">Dany Hot<\/address>\n<\/li>\n<\/ul>\n<address style=\"text-align: justify\"><\/address>\n<address style=\"text-align: justify\"><\/address>\n<address style=\"text-align: justify\"><\/address>\n<address style=\"text-align: justify\"><a href=\"http:\/\/www.vivonsbachy.fr\/wp-content\/uploads\/2011\/06\/100_9863.jpg\" class=\"gallery_colorbox\"><img loading=\"lazy\" decoding=\"async\" title=\"100_9863\" class=\"alignleft size-medium wp-image-167\" alt=\"\" src=\"http:\/\/www.vivonsbachy.fr\/wp-content\/uploads\/2011\/06\/100_9863-300x243.jpg\"  width=\"300\" height=\"243\" srcset=\"https:\/\/www.vivonsbachy.fr\/wp-content\/uploads\/2011\/06\/100_9863-300x243.jpg 300w, https:\/\/www.vivonsbachy.fr\/wp-content\/uploads\/2011\/06\/100_9863-1024x830.jpg 1024w, https:\/\/www.vivonsbachy.fr\/wp-content\/uploads\/2011\/06\/100_9863.jpg 1893w\" sizes=\"(max-width: 300px) 100vw, 300px\" \/><\/a><\/address>\n<address style=\"text-align: justify\"><\/address>\n<address style=\"text-align: justify\"><\/address>\n<address style=\"text-align: justify\"><\/address>\n<address style=\"text-align: justify\"><\/address>\n<address style=\"text-align: justify\"><\/address>\n<address style=\"text-align: justify\"><\/address>\n<address style=\"text-align: justify\"><\/address>\n<address style=\"text-align: justify\"><\/address>\n<address style=\"text-align: justify\"><\/address>\n<address style=\"text-align: justify\"><\/address>\n<address style=\"text-align: justify\"><\/address>\n<address style=\"text-align: justify\"><\/address>\n<address style=\"text-align: justify\"><\/address>\n<address style=\"text-align: justify\"><\/address>\n<address style=\"text-align: justify\"><span style=\"font-size: small\"><a href=\"http:\/\/www.vivonsbachy.fr\/wp-content\/uploads\/2011\/06\/100_9868.jpg\" class=\"gallery_colorbox\"><img loading=\"lazy\" decoding=\"async\" title=\"100_9868\" class=\"alignright size-medium wp-image-168\" alt=\"\" src=\"http:\/\/www.vivonsbachy.fr\/wp-content\/uploads\/2011\/06\/100_9868-300x200.jpg\"  width=\"300\" height=\"200\" srcset=\"https:\/\/www.vivonsbachy.fr\/wp-content\/uploads\/2011\/06\/100_9868-300x200.jpg 300w, https:\/\/www.vivonsbachy.fr\/wp-content\/uploads\/2011\/06\/100_9868-1024x682.jpg 1024w\" sizes=\"(max-width: 300px) 100vw, 300px\" \/><\/a><\/span><\/address>\n<address style=\"text-align: justify\"><\/address>\n<address style=\"text-align: justify\"><span style=\"font-size: small\">Ses parrain et marraine civils <strong>Bernard Blondelle <\/strong>pr\u00e9sident de l&rsquo;association \u00ab\u00a0Vivons Bachy\u00a0\u00bb et <strong>Chantal Doucy <\/strong>cr\u00e9atrice des costumes s&rsquo;engagent \u00e0 le placer au coeur de la P\u00e9v\u00e8le sous la protection de notre village et ses habitants en la pr\u00e9sence de <strong>Thierry Lempereur <\/strong>Maire de Bachy<\/span><\/address>\n<address style=\"text-align: justify\"><\/address>\n<address style=\"text-align: justify\"><\/address>\n<address style=\"text-align: justify\"><\/address>\n<address style=\"text-align: justify\"><\/address>\n<address style=\"text-align: justify\"><\/address>\n<address style=\"text-align: justify\"><\/address>\n<address style=\"text-align: justify\"><\/address>\n<address style=\"text-align: justify\"><\/address>\n<address style=\"text-align: justify\"><\/address>\n<address style=\"text-align: justify\"><\/address>\n<address style=\"text-align: justify\"><\/address>\n<address style=\"text-align: justify\"><\/address>\n<address style=\"text-align: justify\"><\/address>\n<address style=\"text-align: justify\"><\/address>\n<address style=\"text-align: justify\"><\/address>\n<address style=\"text-align: justify\"><\/address>\n<address style=\"text-align: justify\"><\/address>\n<address style=\"text-align: justify\"><\/address>\n<address style=\"text-align: justify\"><\/address>\n<address style=\"text-align: justify\">(Photos Gilbert Vanbiervliet)<\/address>\n","protected":false},"excerpt":{"rendered":"<p>ANTOINE DE BAISSY est n\u00e9 en juin 2004 lors de la cr\u00e9ation du spectacle musical historique \u00ab\u00a0LE PAIN DE LA REVOLTE\u00a0\u00bb spectacle son et lumi\u00e8re qui a eu lieu \u00e0 Bachy en 2004 &amp; 2005 depuis notre g\u00e9ant participe \u00e0 &hellip; <a href=\"https:\/\/www.vivonsbachy.fr\/?page_id=143\">Continuer la lecture <span class=\"meta-nav\">&rarr;<\/span><\/a><\/p>\n","protected":false},"author":1,"featured_media":0,"parent":0,"menu_order":0,"comment_status":"open","ping_status":"open","template":"","meta":{"footnotes":""},"_links":{"self":[{"href":"https:\/\/www.vivonsbachy.fr\/index.php?rest_route=\/wp\/v2\/pages\/143"}],"collection":[{"href":"https:\/\/www.vivonsbachy.fr\/index.php?rest_route=\/wp\/v2\/pages"}],"about":[{"href":"https:\/\/www.vivonsbachy.fr\/index.php?rest_route=\/wp\/v2\/types\/page"}],"author":[{"embeddable":true,"href":"https:\/\/www.vivonsbachy.fr\/index.php?rest_route=\/wp\/v2\/users\/1"}],"replies":[{"embeddable":true,"href":"https:\/\/www.vivonsbachy.fr\/index.php?rest_route=%2Fwp%2Fv2%2Fcomments&post=143"}],"version-history":[{"count":13,"href":"https:\/\/www.vivonsbachy.fr\/index.php?rest_route=\/wp\/v2\/pages\/143\/revisions"}],"predecessor-version":[{"id":1115,"href":"https:\/\/www.vivonsbachy.fr\/index.php?rest_route=\/wp\/v2\/pages\/143\/revisions\/1115"}],"wp:attachment":[{"href":"https:\/\/www.vivonsbachy.fr\/index.php?rest_route=%2Fwp%2Fv2%2Fmedia&parent=143"}],"curies":[{"name":"wp","href":"https:\/\/api.w.org\/{rel}","templated":true}]}}