{"id":10,"date":"2011-06-11T16:14:42","date_gmt":"2011-06-11T14:14:42","guid":{"rendered":"http:\/\/www.vivonsbachy.fr\/blog\/?page_id=10"},"modified":"2021-04-23T18:37:02","modified_gmt":"2021-04-23T16:37:02","slug":"lassociation","status":"publish","type":"page","link":"https:\/\/www.vivonsbachy.fr\/?page_id=10","title":{"rendered":"L&rsquo;ASSOCIATION"},"content":{"rendered":"<p style=\"text-align: center;\">Cr\u00e9\u00e9e en mars 2003 dans le cadre du Spectacle Musical Historique:<\/p>\n<h2 style=\"text-align: center;\"><strong>&nbsp;<\/strong><strong><span style=\"color: #0000ff;\">\u00ab Le Pain de la R\u00e9volte \u00bb<\/span><\/strong><\/h2>\n<p style=\"text-align: center;\"><strong>&nbsp;<\/strong> Ce spectacle s\u2019est d\u00e9roul\u00e9 en Ao\u00fbt 2004 &amp; 2005 en notre village de Bachy<\/p>\n<address style=\"padding-left: 120px;\">&nbsp;&nbsp;&nbsp;&nbsp;&nbsp;&nbsp;&nbsp;&nbsp;&nbsp;&nbsp;&nbsp;&nbsp;&nbsp;&nbsp;&nbsp;&nbsp;&nbsp;&nbsp;&nbsp;&nbsp;&nbsp;&nbsp;&nbsp;&nbsp;&nbsp;&nbsp;&nbsp;&nbsp;&nbsp; Si\u00e8ge social<\/address>\n<address style=\"padding-left: 120px;\">&nbsp; 235 rue Roger Salengro&nbsp; &#8211;&nbsp; 59830 BACHY<\/address>\n<address style=\"padding-left: 120px;\">&nbsp;&nbsp;&nbsp;&nbsp;&nbsp;&nbsp;&nbsp;&nbsp;&nbsp; Association \u00e0 but non lucratif<\/address>\n<address style=\"padding-left: 120px;\">&nbsp;&nbsp;&nbsp;&nbsp;&nbsp;&nbsp;&nbsp;&nbsp; r\u00e9gie par la loi du 11 juillet 1901<\/address>\n<address style=\"padding-left: 120px;\">N\u00b0 d&rsquo;agr\u00e9ment 20030013 du 29 mars 2003<\/address>\n<address style=\"padding-left: 120px;\">&nbsp;<\/address>\n<address style=\"padding-left: 120px;\"><em>A ce jour, l&rsquo;association compte&nbsp;25 membres<\/em><\/address>\n<address style=\"text-align: center;\"><em>Elle est repr\u00e9sent\u00e9e par un conseil d&rsquo;administration de 13 personnes<\/em><\/address>\n<address>&nbsp;<\/address>\n<address>&nbsp;<\/address>\n<div id='gallery-1' class='gallery galleryid-10 gallery-columns-3 gallery-size-full'><dl class='gallery-item'>\n\t\t\t<dt class='gallery-icon portrait'>\n\t\t\t\t<a href=\"https:\/\/www.vivonsbachy.fr\/wp-content\/uploads\/2021\/04\/Chloe\u0301-Lemaire-7144.jpg\" class=\"gallery_colorbox\"><img loading=\"lazy\" decoding=\"async\" width=\"1000\" height=\"1500\" src=\"https:\/\/www.vivonsbachy.fr\/wp-content\/uploads\/2021\/04\/Chloe\u0301-Lemaire-7144.jpg\"  class=\"attachment-full size-full\" alt=\"\" srcset=\"https:\/\/www.vivonsbachy.fr\/wp-content\/uploads\/2021\/04\/Chloe\u0301-Lemaire-7144.jpg 1000w, https:\/\/www.vivonsbachy.fr\/wp-content\/uploads\/2021\/04\/Chloe\u0301-Lemaire-7144-200x300.jpg 200w, https:\/\/www.vivonsbachy.fr\/wp-content\/uploads\/2021\/04\/Chloe\u0301-Lemaire-7144-683x1024.jpg 683w, https:\/\/www.vivonsbachy.fr\/wp-content\/uploads\/2021\/04\/Chloe\u0301-Lemaire-7144-768x1152.jpg 768w\" sizes=\"(max-width: 1000px) 100vw, 1000px\" \/><\/a>\n\t\t\t<\/dt><\/dl><dl class='gallery-item'>\n\t\t\t<dt class='gallery-icon portrait'>\n\t\t\t\t<a href=\"https:\/\/www.vivonsbachy.fr\/wp-content\/uploads\/2021\/04\/Annick-Blondelle.jpg\" class=\"gallery_colorbox\"><img loading=\"lazy\" decoding=\"async\" width=\"999\" height=\"1500\" src=\"https:\/\/www.vivonsbachy.fr\/wp-content\/uploads\/2021\/04\/Annick-Blondelle.jpg\"  class=\"attachment-full size-full\" alt=\"\" srcset=\"https:\/\/www.vivonsbachy.fr\/wp-content\/uploads\/2021\/04\/Annick-Blondelle.jpg 999w, https:\/\/www.vivonsbachy.fr\/wp-content\/uploads\/2021\/04\/Annick-Blondelle-200x300.jpg 200w, https:\/\/www.vivonsbachy.fr\/wp-content\/uploads\/2021\/04\/Annick-Blondelle-682x1024.jpg 682w, https:\/\/www.vivonsbachy.fr\/wp-content\/uploads\/2021\/04\/Annick-Blondelle-768x1153.jpg 768w\" sizes=\"(max-width: 999px) 100vw, 999px\" \/><\/a>\n\t\t\t<\/dt><\/dl><dl class='gallery-item'>\n\t\t\t<dt class='gallery-icon portrait'>\n\t\t\t\t<a href=\"https:\/\/www.vivonsbachy.fr\/wp-content\/uploads\/2021\/04\/Gilbert-03_pp.jpg\" class=\"gallery_colorbox\"><img loading=\"lazy\" decoding=\"async\" width=\"1000\" height=\"1500\" src=\"https:\/\/www.vivonsbachy.fr\/wp-content\/uploads\/2021\/04\/Gilbert-03_pp.jpg\"  class=\"attachment-full size-full\" alt=\"\" srcset=\"https:\/\/www.vivonsbachy.fr\/wp-content\/uploads\/2021\/04\/Gilbert-03_pp.jpg 1000w, https:\/\/www.vivonsbachy.fr\/wp-content\/uploads\/2021\/04\/Gilbert-03_pp-200x300.jpg 200w, https:\/\/www.vivonsbachy.fr\/wp-content\/uploads\/2021\/04\/Gilbert-03_pp-683x1024.jpg 683w, https:\/\/www.vivonsbachy.fr\/wp-content\/uploads\/2021\/04\/Gilbert-03_pp-768x1152.jpg 768w\" sizes=\"(max-width: 1000px) 100vw, 1000px\" \/><\/a>\n\t\t\t<\/dt><\/dl><br style=\"clear: both\" \/><dl class='gallery-item'>\n\t\t\t<dt class='gallery-icon portrait'>\n\t\t\t\t<a href=\"https:\/\/www.vivonsbachy.fr\/wp-content\/uploads\/2021\/04\/Jacques-Desrousseaux.jpg\" class=\"gallery_colorbox\"><img loading=\"lazy\" decoding=\"async\" width=\"438\" height=\"657\" src=\"https:\/\/www.vivonsbachy.fr\/wp-content\/uploads\/2021\/04\/Jacques-Desrousseaux.jpg\"  class=\"attachment-full size-full\" alt=\"\" srcset=\"https:\/\/www.vivonsbachy.fr\/wp-content\/uploads\/2021\/04\/Jacques-Desrousseaux.jpg 438w, https:\/\/www.vivonsbachy.fr\/wp-content\/uploads\/2021\/04\/Jacques-Desrousseaux-200x300.jpg 200w\" sizes=\"(max-width: 438px) 100vw, 438px\" \/><\/a>\n\t\t\t<\/dt><\/dl><dl class='gallery-item'>\n\t\t\t<dt class='gallery-icon portrait'>\n\t\t\t\t<a href=\"https:\/\/www.vivonsbachy.fr\/wp-content\/uploads\/2021\/04\/Jaqueline-Vanbiervliet-IMG_2003.jpg\" class=\"gallery_colorbox\"><img loading=\"lazy\" decoding=\"async\" width=\"1000\" height=\"1500\" src=\"https:\/\/www.vivonsbachy.fr\/wp-content\/uploads\/2021\/04\/Jaqueline-Vanbiervliet-IMG_2003.jpg\"  class=\"attachment-full size-full\" alt=\"\" srcset=\"https:\/\/www.vivonsbachy.fr\/wp-content\/uploads\/2021\/04\/Jaqueline-Vanbiervliet-IMG_2003.jpg 1000w, https:\/\/www.vivonsbachy.fr\/wp-content\/uploads\/2021\/04\/Jaqueline-Vanbiervliet-IMG_2003-200x300.jpg 200w, https:\/\/www.vivonsbachy.fr\/wp-content\/uploads\/2021\/04\/Jaqueline-Vanbiervliet-IMG_2003-683x1024.jpg 683w, https:\/\/www.vivonsbachy.fr\/wp-content\/uploads\/2021\/04\/Jaqueline-Vanbiervliet-IMG_2003-768x1152.jpg 768w\" sizes=\"(max-width: 1000px) 100vw, 1000px\" \/><\/a>\n\t\t\t<\/dt><\/dl><dl class='gallery-item'>\n\t\t\t<dt class='gallery-icon portrait'>\n\t\t\t\t<a href=\"https:\/\/www.vivonsbachy.fr\/wp-content\/uploads\/2021\/04\/Patricia-BoschiIMG_4495.jpg\" class=\"gallery_colorbox\"><img loading=\"lazy\" decoding=\"async\" width=\"1000\" height=\"1500\" src=\"https:\/\/www.vivonsbachy.fr\/wp-content\/uploads\/2021\/04\/Patricia-BoschiIMG_4495.jpg\"  class=\"attachment-full size-full\" alt=\"\" srcset=\"https:\/\/www.vivonsbachy.fr\/wp-content\/uploads\/2021\/04\/Patricia-BoschiIMG_4495.jpg 1000w, https:\/\/www.vivonsbachy.fr\/wp-content\/uploads\/2021\/04\/Patricia-BoschiIMG_4495-200x300.jpg 200w, https:\/\/www.vivonsbachy.fr\/wp-content\/uploads\/2021\/04\/Patricia-BoschiIMG_4495-683x1024.jpg 683w, https:\/\/www.vivonsbachy.fr\/wp-content\/uploads\/2021\/04\/Patricia-BoschiIMG_4495-768x1152.jpg 768w\" sizes=\"(max-width: 1000px) 100vw, 1000px\" \/><\/a>\n\t\t\t<\/dt><\/dl><br style=\"clear: both\" \/><dl class='gallery-item'>\n\t\t\t<dt class='gallery-icon portrait'>\n\t\t\t\t<a href=\"https:\/\/www.vivonsbachy.fr\/wp-content\/uploads\/2021\/04\/Be\u0301range\u0300re-MarquetteIMG_8722.jpg\" class=\"gallery_colorbox\"><img loading=\"lazy\" decoding=\"async\" width=\"1000\" height=\"1500\" src=\"https:\/\/www.vivonsbachy.fr\/wp-content\/uploads\/2021\/04\/Be\u0301range\u0300re-MarquetteIMG_8722.jpg\"  class=\"attachment-full size-full\" alt=\"\" srcset=\"https:\/\/www.vivonsbachy.fr\/wp-content\/uploads\/2021\/04\/Be\u0301range\u0300re-MarquetteIMG_8722.jpg 1000w, https:\/\/www.vivonsbachy.fr\/wp-content\/uploads\/2021\/04\/Be\u0301range\u0300re-MarquetteIMG_8722-200x300.jpg 200w, https:\/\/www.vivonsbachy.fr\/wp-content\/uploads\/2021\/04\/Be\u0301range\u0300re-MarquetteIMG_8722-683x1024.jpg 683w, https:\/\/www.vivonsbachy.fr\/wp-content\/uploads\/2021\/04\/Be\u0301range\u0300re-MarquetteIMG_8722-768x1152.jpg 768w\" sizes=\"(max-width: 1000px) 100vw, 1000px\" \/><\/a>\n\t\t\t<\/dt><\/dl><dl class='gallery-item'>\n\t\t\t<dt class='gallery-icon portrait'>\n\t\t\t\t<a href=\"https:\/\/www.vivonsbachy.fr\/wp-content\/uploads\/2021\/04\/Bruno-Boschi-4496.jpg\" class=\"gallery_colorbox\"><img loading=\"lazy\" decoding=\"async\" width=\"1000\" height=\"1500\" src=\"https:\/\/www.vivonsbachy.fr\/wp-content\/uploads\/2021\/04\/Bruno-Boschi-4496.jpg\"  class=\"attachment-full size-full\" alt=\"\" srcset=\"https:\/\/www.vivonsbachy.fr\/wp-content\/uploads\/2021\/04\/Bruno-Boschi-4496.jpg 1000w, https:\/\/www.vivonsbachy.fr\/wp-content\/uploads\/2021\/04\/Bruno-Boschi-4496-200x300.jpg 200w, https:\/\/www.vivonsbachy.fr\/wp-content\/uploads\/2021\/04\/Bruno-Boschi-4496-683x1024.jpg 683w, https:\/\/www.vivonsbachy.fr\/wp-content\/uploads\/2021\/04\/Bruno-Boschi-4496-768x1152.jpg 768w\" sizes=\"(max-width: 1000px) 100vw, 1000px\" \/><\/a>\n\t\t\t<\/dt><\/dl><dl class='gallery-item'>\n\t\t\t<dt class='gallery-icon portrait'>\n\t\t\t\t<a href=\"https:\/\/www.vivonsbachy.fr\/wp-content\/uploads\/2021\/04\/Michel-Diana.jpg\" class=\"gallery_colorbox\"><img loading=\"lazy\" decoding=\"async\" width=\"1000\" height=\"1500\" src=\"https:\/\/www.vivonsbachy.fr\/wp-content\/uploads\/2021\/04\/Michel-Diana.jpg\"  class=\"attachment-full size-full\" alt=\"\" srcset=\"https:\/\/www.vivonsbachy.fr\/wp-content\/uploads\/2021\/04\/Michel-Diana.jpg 1000w, https:\/\/www.vivonsbachy.fr\/wp-content\/uploads\/2021\/04\/Michel-Diana-200x300.jpg 200w, https:\/\/www.vivonsbachy.fr\/wp-content\/uploads\/2021\/04\/Michel-Diana-683x1024.jpg 683w, https:\/\/www.vivonsbachy.fr\/wp-content\/uploads\/2021\/04\/Michel-Diana-768x1152.jpg 768w\" sizes=\"(max-width: 1000px) 100vw, 1000px\" \/><\/a>\n\t\t\t<\/dt><\/dl><br style=\"clear: both\" \/><dl class='gallery-item'>\n\t\t\t<dt class='gallery-icon portrait'>\n\t\t\t\t<a href=\"https:\/\/www.vivonsbachy.fr\/wp-content\/uploads\/2021\/04\/Bernard-Blondelle-IMG_5998.jpg\" class=\"gallery_colorbox\"><img loading=\"lazy\" decoding=\"async\" width=\"1000\" height=\"1500\" src=\"https:\/\/www.vivonsbachy.fr\/wp-content\/uploads\/2021\/04\/Bernard-Blondelle-IMG_5998.jpg\"  class=\"attachment-full size-full\" alt=\"\" srcset=\"https:\/\/www.vivonsbachy.fr\/wp-content\/uploads\/2021\/04\/Bernard-Blondelle-IMG_5998.jpg 1000w, https:\/\/www.vivonsbachy.fr\/wp-content\/uploads\/2021\/04\/Bernard-Blondelle-IMG_5998-200x300.jpg 200w, https:\/\/www.vivonsbachy.fr\/wp-content\/uploads\/2021\/04\/Bernard-Blondelle-IMG_5998-683x1024.jpg 683w, https:\/\/www.vivonsbachy.fr\/wp-content\/uploads\/2021\/04\/Bernard-Blondelle-IMG_5998-768x1152.jpg 768w\" sizes=\"(max-width: 1000px) 100vw, 1000px\" \/><\/a>\n\t\t\t<\/dt><\/dl>\n\t\t\t<br style='clear: both' \/>\n\t\t<\/div>\n\n<p style=\"text-align: left;\" align=\"center\">&nbsp;<\/p>\n<p style=\"text-align: left;\" align=\"center\">&nbsp;<\/p>\n<p style=\"text-align: left;\">&nbsp;<\/p>\n<div style=\"text-align: left;\">\n<div><strong>&nbsp;<\/strong><\/div>\n<p><strong>&nbsp;<\/strong><\/p>\n<\/div>\n<div style=\"text-align: left;\"><strong>&nbsp;<\/strong><\/div>\n<div style=\"text-align: left;\"><strong>&nbsp;<\/strong><\/div>\n<div style=\"text-align: left;\"><strong>&nbsp;<\/strong><\/div>\n<div style=\"text-align: left;\"><strong>&nbsp;<\/strong><\/div>\n<div style=\"text-align: left;\"><strong>&nbsp;<\/strong><\/div>\n<div style=\"text-align: left;\"><strong>&nbsp;<\/strong><\/div>\n<div style=\"text-align: left;\"><strong>&nbsp;<\/strong><\/div>\n<div style=\"text-align: left;\"><strong>&nbsp;<\/strong><\/div>\n<div style=\"text-align: left;\"><strong>&nbsp;<\/strong><\/div>\n<div style=\"text-align: left;\">&nbsp;<\/div>\n<p style=\"text-align: left;\">&nbsp;<\/p>\n<div style=\"text-align: left;\"><strong>&nbsp;<\/strong><\/div>\n<div style=\"text-align: left;\"><strong>&nbsp;<\/strong><\/div>\n<div style=\"text-align: left;\"><strong>&nbsp;<\/strong><\/div>\n<div style=\"text-align: left;\"><strong>&nbsp;<\/strong><\/div>\n<div style=\"text-align: left;\"><strong>&nbsp;<\/strong><\/div>\n<div style=\"text-align: left;\"><strong>&nbsp;<\/strong><\/div>\n<div style=\"text-align: left;\"><strong>&nbsp;<\/strong><\/div>\n<div style=\"text-align: left;\"><strong>&nbsp;<\/strong><\/div>\n<div style=\"text-align: left;\"><strong>&nbsp;<\/strong><\/div>\n<div style=\"text-align: left;\"><strong>&nbsp;<\/strong><\/div>\n<div style=\"text-align: left;\"><strong>&nbsp;<\/strong><\/div>\n<div style=\"text-align: left;\"><strong>&nbsp;<\/strong><\/div>\n<div style=\"text-align: left;\"><strong>&nbsp;<\/strong><\/div>\n<div style=\"text-align: left;\"><strong>&nbsp;<\/strong><\/div>\n<p style=\"text-align: left;\">&nbsp;<\/p>\n<p style=\"text-align: left;\">&nbsp;<\/p>\n<div style=\"text-align: left;\"><strong><strong>&nbsp;<\/strong><strong>&nbsp;<\/strong><strong>&nbsp;<\/strong><\/strong><\/div>\n<div style=\"text-align: left;\"><strong>&nbsp;<\/strong><\/div>\n<div style=\"text-align: left;\"><strong>&nbsp;<\/strong><\/div>\n<div style=\"text-align: left;\"><strong>&nbsp;<\/strong><\/div>\n<div style=\"text-align: left;\"><strong>&nbsp;<\/strong><\/div>\n<div style=\"text-align: left;\"><strong>&nbsp;<\/strong><\/div>\n<div style=\"text-align: left;\"><strong>&nbsp;<\/strong><\/div>\n<div style=\"text-align: left;\"><strong>&nbsp;<\/strong><\/div>\n<div style=\"text-align: left;\"><strong>&nbsp;<\/strong><\/div>\n<div style=\"text-align: left;\"><strong>&nbsp;<\/strong><\/div>\n<div style=\"text-align: left;\"><strong>&nbsp;<\/strong><\/div>\n<div style=\"text-align: left;\"><strong>&nbsp;<\/strong><\/div>\n<div style=\"text-align: left;\"><strong>&nbsp;<\/strong><\/div>\n<div style=\"text-align: left;\"><strong>&nbsp;<\/strong><\/div>\n<div style=\"text-align: left;\"><strong>&nbsp;<\/strong><\/div>\n<p style=\"text-align: left;\">&nbsp;<\/p>\n<p style=\"text-align: left;\">&nbsp;<\/p>\n<p style=\"text-align: center;\"><strong>&nbsp;<\/strong><\/p>\n<div style=\"text-align: left;\"><strong>&nbsp;<\/strong><\/div>\n<div style=\"text-align: left;\"><strong>&nbsp;<\/strong><\/div>\n<div style=\"text-align: left;\"><strong>&nbsp;<\/strong><\/div>\n<div style=\"text-align: left;\"><strong>&nbsp;<\/strong><\/div>\n<div style=\"text-align: left;\"><strong>&nbsp;<\/strong><\/div>\n<div style=\"text-align: left;\"><strong>&nbsp;<\/strong><\/div>\n<div style=\"text-align: left;\"><strong>&nbsp;<\/strong><\/div>\n<div style=\"text-align: left;\"><strong>&nbsp;<\/strong><\/div>\n<div style=\"text-align: left;\"><strong>&nbsp;<\/strong><\/div>\n<div style=\"text-align: left;\"><strong>&nbsp;<\/strong><\/div>\n<div style=\"text-align: left;\"><strong>&nbsp;<\/strong><\/div>\n<div style=\"text-align: left;\"><strong>&nbsp;<\/strong><\/div>\n<div style=\"text-align: left;\"><strong>&nbsp;<\/strong><\/div>\n<div style=\"text-align: left;\"><strong>&nbsp;<\/strong><\/div>\n<div style=\"text-align: left;\"><strong>&nbsp;<\/strong><\/div>\n<div style=\"text-align: center;\"><strong>&nbsp;<\/strong><\/div>\n","protected":false},"excerpt":{"rendered":"<p>Cr\u00e9\u00e9e en mars 2003 dans le cadre du Spectacle Musical Historique: &nbsp;\u00ab Le Pain de la R\u00e9volte \u00bb &nbsp; Ce spectacle s\u2019est d\u00e9roul\u00e9 en Ao\u00fbt 2004 &amp; 2005 en notre village de Bachy &nbsp;&nbsp;&nbsp;&nbsp;&nbsp;&nbsp;&nbsp;&nbsp;&nbsp;&nbsp;&nbsp;&nbsp;&nbsp;&nbsp;&nbsp;&nbsp;&nbsp;&nbsp;&nbsp;&nbsp;&nbsp;&nbsp;&nbsp;&nbsp;&nbsp;&nbsp;&nbsp;&nbsp;&nbsp; Si\u00e8ge social &nbsp; 235 rue Roger &hellip; <a href=\"https:\/\/www.vivonsbachy.fr\/?page_id=10\">Continuer la lecture <span class=\"meta-nav\">&rarr;<\/span><\/a><\/p>\n","protected":false},"author":1,"featured_media":0,"parent":0,"menu_order":0,"comment_status":"open","ping_status":"open","template":"","meta":{"footnotes":""},"_links":{"self":[{"href":"https:\/\/www.vivonsbachy.fr\/index.php?rest_route=\/wp\/v2\/pages\/10"}],"collection":[{"href":"https:\/\/www.vivonsbachy.fr\/index.php?rest_route=\/wp\/v2\/pages"}],"about":[{"href":"https:\/\/www.vivonsbachy.fr\/index.php?rest_route=\/wp\/v2\/types\/page"}],"author":[{"embeddable":true,"href":"https:\/\/www.vivonsbachy.fr\/index.php?rest_route=\/wp\/v2\/users\/1"}],"replies":[{"embeddable":true,"href":"https:\/\/www.vivonsbachy.fr\/index.php?rest_route=%2Fwp%2Fv2%2Fcomments&post=10"}],"version-history":[{"count":27,"href":"https:\/\/www.vivonsbachy.fr\/index.php?rest_route=\/wp\/v2\/pages\/10\/revisions"}],"predecessor-version":[{"id":6148,"href":"https:\/\/www.vivonsbachy.fr\/index.php?rest_route=\/wp\/v2\/pages\/10\/revisions\/6148"}],"wp:attachment":[{"href":"https:\/\/www.vivonsbachy.fr\/index.php?rest_route=%2Fwp%2Fv2%2Fmedia&parent=10"}],"curies":[{"name":"wp","href":"https:\/\/api.w.org\/{rel}","templated":true}]}}